157.90.177.215 - - [21/Sep/2022:15:32:51 -0700] "GET /M.html HTTP/1.1" 200 3539 "-" "Mozilla/5.0 (compatible; BLEXBot/1.0; +http://webmeup-crawler.com/)" "michelleapplebaum.com"
157.90.177.215 - - [21/Sep/2022:15:33:05 -0700] "GET /N.html HTTP/1.1" 200 2764 "-" "Mozilla/5.0 (compatible; BLEXBot/1.0; +http://webmeup-crawler.com/)" "michelleapplebaum.com"
157.90.177.215 - - [21/Sep/2022:15:33:19 -0700] "GET /O.html HTTP/1.1" 200 2885 "-" "Mozilla/5.0 (compatible; BLEXBot/1.0; +http://webmeup-crawler.com/)" "michelleapplebaum.com"
157.90.177.215 - - [21/Sep/2022:15:33:36 -0700] "GET /P.html HTTP/1.1" 200 3692 "-" "Mozilla/5.0 (compatible; BLEXBot/1.0; +http://webmeup-crawler.com/)" "michelleapplebaum.com"
157.90.177.215 - - [21/Sep/2022:15:33:51 -0700] "GET /Q.html HTTP/1.1" 200 2470 "-" "Mozilla/5.0 (compatible; BLEXBot/1.0; +http://webmeup-crawler.com/)" "michelleapplebaum.com"
157.90.177.215 - - [21/Sep/2022:15:34:07 -0700] "GET /R.html HTTP/1.1" 200 3732 "-" "Mozilla/5.0 (compatible; BLEXBot/1.0; +http://webmeup-crawler.com/)" "michelleapplebaum.com"
157.90.177.215 - - [21/Sep/2022:15:34:24 -0700] "GET /S.html HTTP/1.1" 200 8213 "-" "Mozilla/5.0 (compatible; BLEXBot/1.0; +http://webmeup-crawler.com/)" "michelleapplebaum.com"
157.90.177.215 - - [21/Sep/2022:15:34:41 -0700] "GET /Survey/ HTTP/1.1" 200 2015 "-" "Mozilla/5.0 (compatible; BLEXBot/1.0; +http://webmeup-crawler.com/)" "michelleapplebaum.com"
157.90.177.215 - - [21/Sep/2022:15:34:58 -0700] "GET /T.html HTTP/1.1" 200 4525 "-" "Mozilla/5.0 (compatible; BLEXBot/1.0; +http://webmeup-crawler.com/)" "michelleapplebaum.com"
157.90.177.215 - - [21/Sep/2022:15:35:14 -0700] "GET /U.html HTTP/1.1" 200 2128 "-" "Mozilla/5.0 (compatible; BLEXBot/1.0; +http://webmeup-crawler.com/)" "michelleapplebaum.com"
157.90.177.215 - - [21/Sep/2022:15:35:30 -0700] "GET /V.html HTTP/1.1" 200 2667 "-" "Mozilla/5.0 (compatible; BLEXBot/1.0; +http://webmeup-crawler.com/)" "michelleapplebaum.com"
157.90.177.215 - - [21/Sep/2022:15:35:47 -0700] "GET /W.html HTTP/1.1" 200 2282 "-" "Mozilla/5.0 (compatible; BLEXBot/1.0; +http://webmeup-crawler.com/)" "michelleapplebaum.com"
157.90.177.215 - - [21/Sep/2022:15:36:02 -0700] "GET /Y.html HTTP/1.1" 200 1986 "-" "Mozilla/5.0 (compatible; BLEXBot/1.0; +http://webmeup-crawler.com/)" "michelleapplebaum.com"
157.90.177.215 - - [21/Sep/2022:15:36:16 -0700] "GET /applets/ HTTP/1.1" 200 368 "-" "Mozilla/5.0 (compatible; BLEXBot/1.0; +http://webmeup-crawler.com/)" "michelleapplebaum.com"
157.90.177.215 - - [21/Sep/2022:15:36:31 -0700] "GET /calendar/ HTTP/1.1" 302 319 "-" "Mozilla/5.0 (compatible; BLEXBot/1.0; +http://webmeup-crawler.com/)" "michelleapplebaum.com"
157.90.177.215 - - [21/Sep/2022:15:36:32 -0700] "GET /calendar/login.php HTTP/1.1" 200 17179 "-" "Mozilla/5.0 (compatible; BLEXBot/1.0; +http://webmeup-crawler.com/)" "michelleapplebaum.com"
114.119.153.118 - - [21/Sep/2022:15:36:39 -0700] "GET /clipart/pageHeaders/ HTTP/1.1" 200 426 "http://www.michelleapplebaum.com/clipart/?C=S%3BO%3DA" "Mozilla/5.0 (Linux; Android 7.0;) AppleWebKit/537.36 (KHTML, like Gecko) Mobile Safari/537.36 (compatible; PetalBot;+https://webmaster.petalsearch.com/site/petalbot)" "www.michelleapplebaum.com"
157.90.177.215 - - [21/Sep/2022:15:36:47 -0700] "GET /clipart/ HTTP/1.1" 200 406 "-" "Mozilla/5.0 (compatible; BLEXBot/1.0; +http://webmeup-crawler.com/)" "michelleapplebaum.com"
157.90.177.215 - - [21/Sep/2022:15:37:01 -0700] "GET /images/ HTTP/1.1" 200 520 "-" "Mozilla/5.0 (compatible; BLEXBot/1.0; +http://webmeup-crawler.com/)" "michelleapplebaum.com"
157.90.177.215 - - [21/Sep/2022:15:37:15 -0700] "GET /navigation_bars/ HTTP/1.1" 200 497 "-" "Mozilla/5.0 (compatible; BLEXBot/1.0; +http://webmeup-crawler.com/)" "michelleapplebaum.com"
157.90.177.215 - - [21/Sep/2022:15:37:29 -0700] "GET /robots.txt HTTP/1.1" 200 64 "-" "Mozilla/5.0 (compatible; BLEXBot/1.0; +http://webmeup-crawler.com/)" "michelleapplebaum.com"
157.90.177.215 - - [21/Sep/2022:15:37:43 -0700] "GET /sitebuilder/ HTTP/1.1" 302 319 "-" "Mozilla/5.0 (compatible; BLEXBot/1.0; +http://webmeup-crawler.com/)" "michelleapplebaum.com"
157.90.177.215 - - [21/Sep/2022:15:37:44 -0700] "GET /sitebuilder/login.php HTTP/1.1" 200 17193 "-" "Mozilla/5.0 (compatible; BLEXBot/1.0; +http://webmeup-crawler.com/)" "michelleapplebaum.com"
216.244.66.242 - - [21/Sep/2022:15:37:58 -0700] "GET /robots.txt HTTP/1.1" 200 48 "-" "Mozilla/5.0 (compatible; DotBot/1.2; +https://opensiteexplorer.org/dotbot; help@moz.com)" "michelleapplebaum.com"
216.244.66.242 - - [21/Sep/2022:15:37:58 -0700] "GET /robots.txt HTTP/1.1" 200 48 "-" "Mozilla/5.0 (compatible; DotBot/1.2; +https://opensiteexplorer.org/dotbot; help@moz.com)" "www.michelleapplebaum.com"
157.90.177.215 - - [21/Sep/2022:15:38:00 -0700] "GET /steelglossary.html HTTP/1.1" 200 5438 "-" "Mozilla/5.0 (compatible; BLEXBot/1.0; +http://webmeup-crawler.com/)" "michelleapplebaum.com"
3.88.186.12 - - [21/Sep/2022:15:58:53 -0700] "HEAD / HTTP/1.1" 200 - "-" "Mozilla/5.0 (Windows NT 10.0; WOW64) AppleWebKit/537.36 (KHTML, like Gecko) Chrome/83.0.4103.106 Safari/537.36" "michelleapplebaum.com"
18.204.18.107 - - [21/Sep/2022:15:58:56 -0700] "GET / HTTP/1.1" 200 782 "-" "Mozilla/5.0 (Windows NT 10.0; WOW64) AppleWebKit/537.36 (KHTML, like Gecko) Chrome/83.0.4103.106 Safari/537.36" "michelleapplebaum.com"
114.119.153.131 - - [21/Sep/2022:16:01:58 -0700] "GET /clipart?S=D HTTP/1.1" 301 1418 "https://michelleapplebaum.com/clipart?S=A" "Mozilla/5.0 (Linux; Android 7.0;) AppleWebKit/537.36 (KHTML, like Gecko) Mobile Safari/537.36 (compatible; PetalBot;+https://webmaster.petalsearch.com/site/petalbot)" "michelleapplebaum.com"
114.119.153.131 - - [21/Sep/2022:16:01:59 -0700] "GET /clipart/?S=D HTTP/1.1" 200 406 "https://michelleapplebaum.com/clipart?S=A" "Mozilla/5.0 (Linux; Android 7.0;) AppleWebKit/537.36 (KHTML, like Gecko) Mobile Safari/537.36 (compatible; PetalBot;+https://webmaster.petalsearch.com/site/petalbot)" "michelleapplebaum.com"
3.80.111.38 - - [21/Sep/2022:16:04:45 -0700] "GET /favicon.ico HTTP/1.1" 404 88 "-" "Mozilla/5.0 (Windows NT 10.0; Win64; x64) AppleWebKit/537.36 (KHTML, like Gecko) Chrome/95.0.4638.69 Safari/537.36" "michelleapplebaum.com"
3.86.231.245 - - [21/Sep/2022:16:05:26 -0700] "GET / HTTP/1.1" 200 782 "-" "Mozilla/5.0 (Macintosh; Intel Mac OS X 10_15_7) AppleWebKit/537.36 (KHTML, like Gecko) Chrome/96.0.4664.55 Safari/537.36" "michelleapplebaum.com"
114.119.153.11 - - [21/Sep/2022:16:07:19 -0700] "GET /clipart?C=S%3BO%3DA HTTP/1.1" 301 1423 "https://michelleapplebaum.com/clipart?N=A" "Mozilla/5.0 (Linux; Android 7.0;) AppleWebKit/537.36 (KHTML, like Gecko) Mobile Safari/537.36 (compatible; PetalBot;+https://webmaster.petalsearch.com/site/petalbot)" "michelleapplebaum.com"
114.119.153.11 - - [21/Sep/2022:16:07:19 -0700] "GET /clipart/?C=S%3BO%3DA HTTP/1.1" 200 406 "https://michelleapplebaum.com/clipart?N=A" "Mozilla/5.0 (Linux; Android 7.0;) AppleWebKit/537.36 (KHTML, like Gecko) Mobile Safari/537.36 (compatible; PetalBot;+https://webmaster.petalsearch.com/site/petalbot)" "michelleapplebaum.com"
114.119.153.118 - - [21/Sep/2022:16:12:45 -0700] "GET /clipart/?C=M%3BO%3DA HTTP/1.1" 200 406 "http://www.michelleapplebaum.com/clipart/?C=S%3BO%3DA" "Mozilla/5.0 (Linux; Android 7.0;) AppleWebKit/537.36 (KHTML, like Gecko) Mobile Safari/537.36 (compatible; PetalBot;+https://webmaster.petalsearch.com/site/petalbot)" "www.michelleapplebaum.com"
114.119.153.11 - - [21/Sep/2022:16:23:25 -0700] "GET /clipart/buttons/themes/sleek?S=D HTTP/1.1" 301 1433 "https://michelleapplebaum.com/clipart/buttons/themes/sleek?S=A" "Mozilla/5.0 (Linux; Android 7.0;) AppleWebKit/537.36 (KHTML, like Gecko) Mobile Safari/537.36 (compatible; PetalBot;+https://webmaster.petalsearch.com/site/petalbot)" "michelleapplebaum.com"
114.119.153.11 - - [21/Sep/2022:16:23:27 -0700] "GET /clipart/buttons/themes/sleek/?S=D HTTP/1.1" 200 413 "https://michelleapplebaum.com/clipart/buttons/themes/sleek?S=A" "Mozilla/5.0 (Linux; Android 7.0;) AppleWebKit/537.36 (KHTML, like Gecko) Mobile Safari/537.36 (compatible; PetalBot;+https://webmaster.petalsearch.com/site/petalbot)" "michelleapplebaum.com"
216.244.66.242 - - [21/Sep/2022:16:32:38 -0700] "GET /robots.txt HTTP/1.1" 200 48 "-" "Mozilla/5.0 (compatible; DotBot/1.2; +https://opensiteexplorer.org/dotbot; help@moz.com)" "michelleapplebaum.com"
216.244.66.242 - - [21/Sep/2022:16:32:38 -0700] "GET /robots.txt HTTP/1.1" 200 48 "-" "Mozilla/5.0 (compatible; DotBot/1.2; +https://opensiteexplorer.org/dotbot; help@moz.com)" "www.michelleapplebaum.com"
50.202.38.3 - - [21/Sep/2022:16:55:04 -0700] "GET / HTTP/1.1" 200 4956 "-" "Mozilla/5.0 (X11; Linux x86_64; rv:30.0) Gecko/20100101 Firefox/30.0 Iceweasel/30.0" "www.michelleapplebaum.com"
216.244.66.242 - - [21/Sep/2022:17:24:15 -0700] "GET /robots.txt HTTP/1.1" 200 48 "-" "Mozilla/5.0 (compatible; DotBot/1.2; +https://opensiteexplorer.org/dotbot; help@moz.com)" "www.michelleapplebaum.com"
51.222.253.16 - - [21/Sep/2022:17:26:33 -0700] "GET /Careers.html HTTP/1.1" 404 88 "-" "Mozilla/5.0 (compatible; AhrefsBot/7.0; +http://ahrefs.com/robot/)" "www.michelleapplebaum.com"
3.83.92.50 - - [21/Sep/2022:17:37:38 -0700] "HEAD / HTTP/1.1" 200 - "-" "Mozilla/5.0 (Windows NT 10.0; WOW64) AppleWebKit/537.36 (KHTML, like Gecko) Chrome/83.0.4103.106 Safari/537.36" "michelleapplebaum.com"
54.211.202.116 - - [21/Sep/2022:17:37:41 -0700] "GET / HTTP/1.1" 200 782 "-" "Mozilla/5.0 (Windows NT 10.0; WOW64) AppleWebKit/537.36 (KHTML, like Gecko) Chrome/83.0.4103.106 Safari/537.36" "michelleapplebaum.com"
3.95.182.110 - - [21/Sep/2022:17:56:09 -0700] "GET /favicon.ico HTTP/1.1" 404 88 "-" "Mozilla/5.0 (Windows NT 10.0; Win64; x64) AppleWebKit/537.36 (KHTML, like Gecko) Chrome/96.0.4664.45 Safari/537.36 Edg/96.0.1054.29" "michelleapplebaum.com"
3.89.100.121 - - [21/Sep/2022:17:56:39 -0700] "GET / HTTP/1.1" 200 782 "-" "Mozilla/5.0 (Windows NT 10.0; Win64; x64) AppleWebKit/537.36 (KHTML, like Gecko) Chrome/96.0.4664.45 Safari/537.36 Edg/96.0.1054.29" "michelleapplebaum.com"
216.244.66.242 - - [21/Sep/2022:18:16:52 -0700] "GET /robots.txt HTTP/1.1" 200 48 "-" "Mozilla/5.0 (compatible; DotBot/1.2; +https://opensiteexplorer.org/dotbot; help@moz.com)" "www.michelleapplebaum.com"
216.244.66.242 - - [21/Sep/2022:18:16:52 -0700] "GET /robots.txt HTTP/1.1" 200 48 "-" "Mozilla/5.0 (compatible; DotBot/1.2; +https://opensiteexplorer.org/dotbot; help@moz.com)" "michelleapplebaum.com"
77.75.79.31 - - [21/Sep/2022:18:26:50 -0700] "GET /Y.html HTTP/1.1" 304 - "-" "Mozilla/5.0 (compatible; SeznamBot/4.0-RC1; +http://napoveda.seznam.cz/seznambot-intro/)" "michelleapplebaum.com"
54.36.148.214 - - [21/Sep/2022:19:05:40 -0700] "GET / HTTP/1.1" 200 782 "-" "Mozilla/5.0 (compatible; AhrefsBot/7.0; +http://ahrefs.com/robot/)" "michelleapplebaum.com"
216.244.66.242 - - [21/Sep/2022:19:11:32 -0700] "GET /robots.txt HTTP/1.1" 200 48 "-" "Mozilla/5.0 (compatible; DotBot/1.2; +https://opensiteexplorer.org/dotbot; help@moz.com)" "www.michelleapplebaum.com"
54.234.93.167 - - [21/Sep/2022:19:13:06 -0700] "HEAD / HTTP/1.1" 200 - "-" "Mozilla/5.0 (Windows NT 10.0; WOW64) AppleWebKit/537.36 (KHTML, like Gecko) Chrome/83.0.4103.106 Safari/537.36" "michelleapplebaum.com"
153.214.222.90 - - [21/Sep/2022:19:13:07 -0700] "GET / HTTP/1.1" 200 782 "-" "Mozilla/5.0 (Windows NT 10.0; WOW64) AppleWebKit/537.36 (KHTML, like Gecko) Chrome/83.0.4103.106 Safari/D649AE" "michelleapplebaum.com"
114.119.153.131 - - [21/Sep/2022:19:33:17 -0700] "GET /navigation_bars?C=N%3BO%3DD HTTP/1.1" 301 1431 "http://www.michelleapplebaum.com/navigation_bars?C=D%3BO%3DA" "Mozilla/5.0 (Linux; Android 7.0;) AppleWebKit/537.36 (KHTML, like Gecko) Mobile Safari/537.36 (compatible; PetalBot;+https://webmaster.petalsearch.com/site/petalbot)" "www.michelleapplebaum.com"
114.119.153.131 - - [21/Sep/2022:19:33:17 -0700] "GET /navigation_bars/?C=N%3BO%3DD HTTP/1.1" 200 497 "http://www.michelleapplebaum.com/navigation_bars?C=D%3BO%3DA" "Mozilla/5.0 (Linux; Android 7.0;) AppleWebKit/537.36 (KHTML, like Gecko) Mobile Safari/537.36 (compatible; PetalBot;+https://webmaster.petalsearch.com/site/petalbot)" "www.michelleapplebaum.com"
114.119.153.113 - - [21/Sep/2022:19:38:26 -0700] "GET /clipart/?C=N%3BO%3DD HTTP/1.1" 200 406 "http://www.michelleapplebaum.com/clipart/?C=S%3BO%3DA" "Mozilla/5.0 (Linux; Android 7.0;) AppleWebKit/537.36 (KHTML, like Gecko) Mobile Safari/537.36 (compatible; PetalBot;+https://webmaster.petalsearch.com/site/petalbot)" "www.michelleapplebaum.com"
136.243.228.195 - - [21/Sep/2022:19:43:23 -0700] "GET / HTTP/1.1" 200 782 "-" "Mozilla/5.0 (compatible; DataForSeoBot/1.0; +https://dataforseo.com/dataforseo-bot)" "michelleapplebaum.com"
114.119.153.118 - - [21/Sep/2022:19:46:27 -0700] "GET /navigation_bars/?C=S%3BO%3DA HTTP/1.1" 200 497 "-" "Mozilla/5.0 (compatible;PetalBot;+https://webmaster.petalsearch.com/site/petalbot)" "www.michelleapplebaum.com"
114.119.153.11 - - [21/Sep/2022:19:48:47 -0700] "GET /images/Thumbs.db HTTP/1.1" 200 22528 "http://www.michelleapplebaum.com/images/?C=N%3BO%3DD" "Mozilla/5.0 (Linux; Android 7.0;) AppleWebKit/537.36 (KHTML, like Gecko) Mobile Safari/537.36 (compatible; PetalBot;+https://webmaster.petalsearch.com/site/petalbot)" "www.michelleapplebaum.com"
114.119.153.11 - - [21/Sep/2022:19:53:57 -0700] "GET /navigation_bars?N=A HTTP/1.1" 301 1420 "http://michelleapplebaum.com/navigation_bars?S=D" "Mozilla/5.0 (Linux; Android 7.0;) AppleWebKit/537.36 (KHTML, like Gecko) Mobile Safari/537.36 (compatible; PetalBot;+https://webmaster.petalsearch.com/site/petalbot)" "michelleapplebaum.com"
114.119.153.11 - - [21/Sep/2022:19:53:57 -0700] "GET /navigation_bars/?N=A HTTP/1.1" 200 497 "http://michelleapplebaum.com/navigation_bars?S=D" "Mozilla/5.0 (Linux; Android 7.0;) AppleWebKit/537.36 (KHTML, like Gecko) Mobile Safari/537.36 (compatible; PetalBot;+https://webmaster.petalsearch.com/site/petalbot)" "michelleapplebaum.com"
51.222.253.13 - - [21/Sep/2022:19:54:22 -0700] "GET /clientservices.html HTTP/1.1" 404 88 "-" "Mozilla/5.0 (compatible; AhrefsBot/7.0; +http://ahrefs.com/robot/)" "www.michelleapplebaum.com"
114.119.153.118 - - [21/Sep/2022:19:59:07 -0700] "GET /clipart/buttons?C=S%3BO%3DA HTTP/1.1" 301 1428 "https://michelleapplebaum.com/clipart/buttons?C=M%3BO%3DA" "Mozilla/5.0 (Linux; Android 7.0;) AppleWebKit/537.36 (KHTML, like Gecko) Mobile Safari/537.36 (compatible; PetalBot;+https://webmaster.petalsearch.com/site/petalbot)" "michelleapplebaum.com"
114.119.153.118 - - [21/Sep/2022:19:59:07 -0700] "GET /clipart/buttons/?C=S%3BO%3DA HTTP/1.1" 200 356 "https://michelleapplebaum.com/clipart/buttons?C=M%3BO%3DA" "Mozilla/5.0 (Linux; Android 7.0;) AppleWebKit/537.36 (KHTML, like Gecko) Mobile Safari/537.36 (compatible; PetalBot;+https://webmaster.petalsearch.com/site/petalbot)" "michelleapplebaum.com"
222.186.180.213 - - [21/Sep/2022:20:03:14 -0700] "GET /blog/?p=1739 HTTP/1.1" 500 251 "http://www.michelleapplebaum.com/blog/?p=1739" "Mozilla/4.0 (compatible; MSIE 6.0; Windows NT 5.1; SV1; .NET CLR 2.0.50727)" "www.michelleapplebaum.com"
114.119.153.11 - - [21/Sep/2022:20:04:16 -0700] "GET /logs HTTP/1.1" 403 170 "https://michelleapplebaum.com/" "Mozilla/5.0 (Linux; Android 7.0;) AppleWebKit/537.36 (KHTML, like Gecko) Mobile Safari/537.36 (compatible; PetalBot;+https://webmaster.petalsearch.com/site/petalbot)" "michelleapplebaum.com"
114.119.153.118 - - [21/Sep/2022:20:09:29 -0700] "GET /P.html HTTP/1.1" 200 3692 "https://www.michelleapplebaum.com/M.html" "Mozilla/5.0 (Linux; Android 7.0;) AppleWebKit/537.36 (KHTML, like Gecko) Mobile Safari/537.36 (compatible; PetalBot;+https://webmaster.petalsearch.com/site/petalbot)" "www.michelleapplebaum.com"
123.183.224.71 - - [21/Sep/2022:20:10:27 -0700] "GET / HTTP/1.1" 200 782 "-" "Sogou web spider/4.0(+http://www.sogou.com/docs/help/webmasters.htm#07)" "michelleapplebaum.com"
114.119.153.118 - - [21/Sep/2022:20:14:36 -0700] "GET /clipart/pageHeaders/?C=S%3BO%3DA HTTP/1.1" 200 426 "http://michelleapplebaum.com/clipart/pageHeaders?C=S%3BO%3DA" "Mozilla/5.0 (Linux; Android 7.0;) AppleWebKit/537.36 (KHTML, like Gecko) Mobile Safari/537.36 (compatible; PetalBot;+https://webmaster.petalsearch.com/site/petalbot)" "michelleapplebaum.com"
114.119.153.11 - - [21/Sep/2022:20:19:47 -0700] "GET /clipart/buttons/themes/?C=N%3BO%3DD HTTP/1.1" 200 361 "https://michelleapplebaum.com/clipart/buttons/themes/?C=D%3BO%3DA" "Mozilla/5.0 (Linux; Android 7.0;) AppleWebKit/537.36 (KHTML, like Gecko) Mobile Safari/537.36 (compatible; PetalBot;+https://webmaster.petalsearch.com/site/petalbot)" "michelleapplebaum.com"
114.119.153.11 - - [21/Sep/2022:20:24:55 -0700] "GET /clipart/buttons?M=D HTTP/1.1" 301 1419 "http://michelleapplebaum.com/clipart/buttons?M=A" "Mozilla/5.0 (Linux; Android 7.0;) AppleWebKit/537.36 (KHTML, like Gecko) Mobile Safari/537.36 (compatible; PetalBot;+https://webmaster.petalsearch.com/site/petalbot)" "michelleapplebaum.com"
114.119.153.11 - - [21/Sep/2022:20:24:55 -0700] "GET /clipart/buttons/?M=D HTTP/1.1" 200 356 "http://michelleapplebaum.com/clipart/buttons?M=A" "Mozilla/5.0 (Linux; Android 7.0;) AppleWebKit/537.36 (KHTML, like Gecko) Mobile Safari/537.36 (compatible; PetalBot;+https://webmaster.petalsearch.com/site/petalbot)" "michelleapplebaum.com"
114.119.153.118 - - [21/Sep/2022:20:30:06 -0700] "GET / HTTP/1.1" 200 782 "http://michelleapplebaum.com/navigation_bars?C=M%3BO%3DA" "Mozilla/5.0 (Linux; Android 7.0;) AppleWebKit/537.36 (KHTML, like Gecko) Mobile Safari/537.36 (compatible; PetalBot;+https://webmaster.petalsearch.com/site/petalbot)" "michelleapplebaum.com"
114.119.153.11 - - [21/Sep/2022:20:35:17 -0700] "GET /clipart/images?C=M%3BO%3DA HTTP/1.1" 301 1430 "http://www.michelleapplebaum.com/clipart/images?C=S%3BO%3DA" "Mozilla/5.0 (Linux; Android 7.0;) AppleWebKit/537.36 (KHTML, like Gecko) Mobile Safari/537.36 (compatible; PetalBot;+https://webmaster.petalsearch.com/site/petalbot)" "www.michelleapplebaum.com"
114.119.153.11 - - [21/Sep/2022:20:35:17 -0700] "GET /clipart/images/?C=M%3BO%3DA HTTP/1.1" 200 413 "http://www.michelleapplebaum.com/clipart/images?C=S%3BO%3DA" "Mozilla/5.0 (Linux; Android 7.0;) AppleWebKit/537.36 (KHTML, like Gecko) Mobile Safari/537.36 (compatible; PetalBot;+https://webmaster.petalsearch.com/site/petalbot)" "www.michelleapplebaum.com"
51.222.253.10 - - [21/Sep/2022:20:38:16 -0700] "GET /index.html HTTP/1.1" 404 88 "-" "Mozilla/5.0 (compatible; AhrefsBot/7.0; +http://ahrefs.com/robot/)" "www.michelleapplebaum.com"
114.119.153.131 - - [21/Sep/2022:20:40:27 -0700] "GET /images/?C=D%3BO%3DA HTTP/1.1" 200 520 "http://www.michelleapplebaum.com/images/?C=N%3BO%3DD" "Mozilla/5.0 (Linux; Android 7.0;) AppleWebKit/537.36 (KHTML, like Gecko) Mobile Safari/537.36 (compatible; PetalBot;+https://webmaster.petalsearch.com/site/petalbot)" "www.michelleapplebaum.com"
114.119.153.11 - - [21/Sep/2022:20:48:24 -0700] "GET /navigation_bars/FeePage.nav HTTP/1.1" 200 1441 "-" "Mozilla/5.0 (compatible;PetalBot;+https://webmaster.petalsearch.com/site/petalbot)" "www.michelleapplebaum.com"
114.119.153.131 - - [21/Sep/2022:20:50:45 -0700] "GET /clipart/pageHeaders/ HTTP/1.1" 200 426 "http://www.michelleapplebaum.com/clipart/?C=S%3BO%3DA" "Mozilla/5.0 (Linux; Android 7.0;) AppleWebKit/537.36 (KHTML, like Gecko) Mobile Safari/537.36 (compatible; PetalBot;+https://webmaster.petalsearch.com/site/petalbot)" "www.michelleapplebaum.com"
121.157.125.83 - - [21/Sep/2022:20:55:09 -0700] "HEAD / HTTP/1.1" 200 - "-" "Mozilla/5.0 (Windows NT 10.0; WOW64) AppleWebKit/537.36 (KHTML, like Gecko) Chrome/83.0.4103.106 Safari/92F6AE" "www.michelleapplebaum.com"
23.22.177.147 - - [21/Sep/2022:20:55:09 -0700] "GET / HTTP/1.1" 200 782 "-" "Mozilla/5.0 (Windows NT 10.0; WOW64) AppleWebKit/537.36 (KHTML, like Gecko) Chrome/83.0.4103.106 Safari/537.36" "www.michelleapplebaum.com"
184.73.137.127 - - [21/Sep/2022:20:55:13 -0700] "GET /favicon.ico HTTP/1.1" 404 88 "-" "Mozilla/5.0 (Windows NT 10.0; WOW64) AppleWebKit/537.36 (KHTML, like Gecko) Chrome/83.0.4103.106 Safari/537.36" "www.michelleapplebaum.com"
54.160.172.48 - - [21/Sep/2022:20:55:13 -0700] "GET /favicon.ico HTTP/1.1" 404 88 "-" "Mozilla/5.0 (Windows NT 10.0; WOW64) AppleWebKit/537.36 (KHTML, like Gecko) Chrome/83.0.4103.106 Safari/537.36" "www.michelleapplebaum.com"
114.119.153.11 - - [21/Sep/2022:20:55:54 -0700] "GET /applets?C=S%3BO%3DA HTTP/1.1" 301 1423 "http://www.michelleapplebaum.com/applets?C=M%3BO%3DA" "Mozilla/5.0 (Linux; Android 7.0;) AppleWebKit/537.36 (KHTML, like Gecko) Mobile Safari/537.36 (compatible; PetalBot;+https://webmaster.petalsearch.com/site/petalbot)" "www.michelleapplebaum.com"
114.119.153.11 - - [21/Sep/2022:20:55:54 -0700] "GET /applets/?C=S%3BO%3DA HTTP/1.1" 200 368 "http://www.michelleapplebaum.com/applets?C=M%3BO%3DA" "Mozilla/5.0 (Linux; Android 7.0;) AppleWebKit/537.36 (KHTML, like Gecko) Mobile Safari/537.36 (compatible; PetalBot;+https://webmaster.petalsearch.com/site/petalbot)" "www.michelleapplebaum.com"
51.222.253.12 - - [21/Sep/2022:20:58:57 -0700] "GET /Survey/help/edit-questions.php HTTP/1.1" 200 9534 "-" "Mozilla/5.0 (compatible; AhrefsBot/7.0; +http://ahrefs.com/robot/)" "www.michelleapplebaum.com"
51.222.253.18 - - [21/Sep/2022:20:58:58 -0700] "GET /Survey/images/dn.gif HTTP/1.1" 200 96 "-" "Mozilla/5.0 (compatible; AhrefsBot/7.0; +http://ahrefs.com/robot/)" "www.michelleapplebaum.com"
51.222.253.12 - - [21/Sep/2022:20:58:59 -0700] "GET /Survey/images/up.gif HTTP/1.1" 200 93 "-" "Mozilla/5.0 (compatible; AhrefsBot/7.0; +http://ahrefs.com/robot/)" "www.michelleapplebaum.com"
51.222.253.14 - - [21/Sep/2022:20:58:59 -0700] "GET /Survey/css/main.css HTTP/1.1" 200 388 "-" "Mozilla/5.0 (compatible; AhrefsBot/7.0; +http://ahrefs.com/robot/)" "www.michelleapplebaum.com"
216.244.66.242 - - [21/Sep/2022:20:59:44 -0700] "GET /robots.txt HTTP/1.1" 200 48 "-" "Mozilla/5.0 (compatible; DotBot/1.2; +https://opensiteexplorer.org/dotbot; help@moz.com)" "michelleapplebaum.com"
216.244.66.242 - - [21/Sep/2022:20:59:44 -0700] "GET /robots.txt HTTP/1.1" 200 48 "-" "Mozilla/5.0 (compatible; DotBot/1.2; +https://opensiteexplorer.org/dotbot; help@moz.com)" "www.michelleapplebaum.com"
114.119.153.11 - - [21/Sep/2022:21:01:03 -0700] "GET /images?C=N%3BO%3DD HTTP/1.1" 301 1424 "http://www.michelleapplebaum.com/images?C=S%3BO%3DA" "Mozilla/5.0 (Linux; Android 7.0;) AppleWebKit/537.36 (KHTML, like Gecko) Mobile Safari/537.36 (compatible; PetalBot;+https://webmaster.petalsearch.com/site/petalbot)" "www.michelleapplebaum.com"
114.119.153.11 - - [21/Sep/2022:21:01:04 -0700] "GET /images/?C=N%3BO%3DD HTTP/1.1" 200 520 "http://www.michelleapplebaum.com/images?C=S%3BO%3DA" "Mozilla/5.0 (Linux; Android 7.0;) AppleWebKit/537.36 (KHTML, like Gecko) Mobile Safari/537.36 (compatible; PetalBot;+https://webmaster.petalsearch.com/site/petalbot)" "www.michelleapplebaum.com"
114.119.153.11 - - [21/Sep/2022:21:06:13 -0700] "GET /I.html HTTP/1.1" 200 3461 "http://michelleapplebaum.com/P.html" "Mozilla/5.0 (Linux; Android 7.0;) AppleWebKit/537.36 (KHTML, like Gecko) Mobile Safari/537.36 (compatible; PetalBot;+https://webmaster.petalsearch.com/site/petalbot)" "michelleapplebaum.com"
114.119.153.131 - - [21/Sep/2022:21:11:22 -0700] "GET /clipart/buttons?C=S%3BO%3DA HTTP/1.1" 301 1431 "http://www.michelleapplebaum.com/clipart/buttons?C=N%3BO%3DD" "Mozilla/5.0 (Linux; Android 7.0;) AppleWebKit/537.36 (KHTML, like Gecko) Mobile Safari/537.36 (compatible; PetalBot;+https://webmaster.petalsearch.com/site/petalbot)" "www.michelleapplebaum.com"
114.119.153.131 - - [21/Sep/2022:21:11:23 -0700] "GET /clipart/buttons/?C=S%3BO%3DA HTTP/1.1" 200 356 "http://www.michelleapplebaum.com/clipart/buttons?C=N%3BO%3DD" "Mozilla/5.0 (Linux; Android 7.0;) AppleWebKit/537.36 (KHTML, like Gecko) Mobile Safari/537.36 (compatible; PetalBot;+https://webmaster.petalsearch.com/site/petalbot)" "www.michelleapplebaum.com"
114.119.153.131 - - [21/Sep/2022:21:16:33 -0700] "GET /clipart/buttons/themes/sleek?C=S%3BO%3DA HTTP/1.1" 301 1440 "http://www.michelleapplebaum.com/clipart/buttons/themes/sleek?C=M%3BO%3DA" "Mozilla/5.0 (Linux; Android 7.0;) AppleWebKit/537.36 (KHTML, like Gecko) Mobile Safari/537.36 (compatible; PetalBot;+https://webmaster.petalsearch.com/site/petalbot)" "www.michelleapplebaum.com"
114.119.153.131 - - [21/Sep/2022:21:16:33 -0700] "GET /clipart/buttons/themes/sleek/?C=S%3BO%3DA HTTP/1.1" 200 413 "http://www.michelleapplebaum.com/clipart/buttons/themes/sleek?C=M%3BO%3DA" "Mozilla/5.0 (Linux; Android 7.0;) AppleWebKit/537.36 (KHTML, like Gecko) Mobile Safari/537.36 (compatible; PetalBot;+https://webmaster.petalsearch.com/site/petalbot)" "www.michelleapplebaum.com"
54.36.148.163 - - [21/Sep/2022:21:20:48 -0700] "GET /?C=N;O=A HTTP/1.1" 200 782 "-" "Mozilla/5.0 (compatible; AhrefsBot/7.0; +http://ahrefs.com/robot/)" "www.michelleapplebaum.com"
95.217.109.26 - - [21/Sep/2022:21:21:09 -0700] "GET /robots.txt HTTP/1.1" 200 48 "-" "Mozilla/5.0 (compatible; MJ12bot/v1.4.8; http://mj12bot.com/)" "www.michelleapplebaum.com"
95.217.109.26 - - [21/Sep/2022:21:21:12 -0700] "GET /clipart/backgrounds/fullpage/?C=D;O=D HTTP/1.1" 200 384 "-" "Mozilla/5.0 (compatible; MJ12bot/v1.4.8; http://mj12bot.com/)" "www.michelleapplebaum.com"
95.217.109.26 - - [21/Sep/2022:21:21:14 -0700] "GET /clipart/backgrounds/fullpage/?C=M;O=D HTTP/1.1" 200 384 "-" "Mozilla/5.0 (compatible; MJ12bot/v1.4.8; http://mj12bot.com/)" "www.michelleapplebaum.com"
95.217.109.26 - - [21/Sep/2022:21:21:16 -0700] "GET /clipart/backgrounds/fullpage/?C=N;O=A HTTP/1.1" 200 386 "-" "Mozilla/5.0 (compatible; MJ12bot/v1.4.8; http://mj12bot.com/)" "www.michelleapplebaum.com"
95.217.109.26 - - [21/Sep/2022:21:21:18 -0700] "GET /clipart/backgrounds/fullpage/?C=S;O=D HTTP/1.1" 200 384 "-" "Mozilla/5.0 (compatible; MJ12bot/v1.4.8; http://mj12bot.com/)" "www.michelleapplebaum.com"
95.217.109.26 - - [21/Sep/2022:21:21:20 -0700] "GET /clipart/backgrounds/sidebar/?C=D;O=D HTTP/1.1" 200 397 "-" "Mozilla/5.0 (compatible; MJ12bot/v1.4.8; http://mj12bot.com/)" "www.michelleapplebaum.com"
95.217.109.26 - - [21/Sep/2022:21:21:22 -0700] "GET /clipart/backgrounds/sidebar/?C=M;O=D HTTP/1.1" 200 397 "-" "Mozilla/5.0 (compatible; MJ12bot/v1.4.8; http://mj12bot.com/)" "www.michelleapplebaum.com"
95.217.109.26 - - [21/Sep/2022:21:21:24 -0700] "GET /clipart/backgrounds/sidebar/?C=N;O=A HTTP/1.1" 200 398 "-" "Mozilla/5.0 (compatible; MJ12bot/v1.4.8; http://mj12bot.com/)" "www.michelleapplebaum.com"
95.217.109.26 - - [21/Sep/2022:21:21:26 -0700] "GET /clipart/backgrounds/sidebar/?C=S;O=D HTTP/1.1" 200 397 "-" "Mozilla/5.0 (compatible; MJ12bot/v1.4.8; http://mj12bot.com/)" "www.michelleapplebaum.com"
95.217.109.26 - - [21/Sep/2022:21:21:28 -0700] "GET /clipart/backgrounds/tile/?C=D;O=D HTTP/1.1" 200 385 "-" "Mozilla/5.0 (compatible; MJ12bot/v1.4.8; http://mj12bot.com/)" "www.michelleapplebaum.com"
95.217.109.26 - - [21/Sep/2022:21:21:30 -0700] "GET /clipart/backgrounds/tile/?C=M;O=D HTTP/1.1" 200 385 "-" "Mozilla/5.0 (compatible; MJ12bot/v1.4.8; http://mj12bot.com/)" "www.michelleapplebaum.com"
95.217.109.26 - - [21/Sep/2022:21:21:32 -0700] "GET /clipart/backgrounds/tile/?C=N;O=A HTTP/1.1" 200 384 "-" "Mozilla/5.0 (compatible; MJ12bot/v1.4.8; http://mj12bot.com/)" "www.michelleapplebaum.com"
95.217.109.26 - - [21/Sep/2022:21:21:34 -0700] "GET /clipart/backgrounds/tile/?C=S;O=D HTTP/1.1" 200 385 "-" "Mozilla/5.0 (compatible; MJ12bot/v1.4.8; http://mj12bot.com/)" "www.michelleapplebaum.com"
95.217.109.26 - - [21/Sep/2022:21:21:36 -0700] "GET /clipart/buttons/themes/?C=D;O=D HTTP/1.1" 200 359 "-" "Mozilla/5.0 (compatible; MJ12bot/v1.4.8; http://mj12bot.com/)" "www.michelleapplebaum.com"
95.217.109.26 - - [21/Sep/2022:21:21:38 -0700] "GET /clipart/buttons/themes/?C=M;O=D HTTP/1.1" 200 359 "-" "Mozilla/5.0 (compatible; MJ12bot/v1.4.8; http://mj12bot.com/)" "www.michelleapplebaum.com"
95.217.109.26 - - [21/Sep/2022:21:21:41 -0700] "GET /clipart/buttons/themes/?C=N;O=A HTTP/1.1" 200 361 "-" "Mozilla/5.0 (compatible; MJ12bot/v1.4.8; http://mj12bot.com/)" "www.michelleapplebaum.com"
95.217.109.26 - - [21/Sep/2022:21:21:43 -0700] "GET /clipart/buttons/themes/?C=S;O=D HTTP/1.1" 200 359 "-" "Mozilla/5.0 (compatible; MJ12bot/v1.4.8; http://mj12bot.com/)" "www.michelleapplebaum.com"
114.119.153.131 - - [21/Sep/2022:21:21:43 -0700] "GET /clipart/backgrounds/sidebar/ HTTP/1.1" 200 398 "http://michelleapplebaum.com/clipart/backgrounds?C=M%3BO%3DA" "Mozilla/5.0 (Linux; Android 7.0;) AppleWebKit/537.36 (KHTML, like Gecko) Mobile Safari/537.36 (compatible; PetalBot;+https://webmaster.petalsearch.com/site/petalbot)" "michelleapplebaum.com"
95.217.109.26 - - [21/Sep/2022:21:21:45 -0700] "GET /clipart/buttons/themes/sleek/?C=D;O=A HTTP/1.1" 200 413 "-" "Mozilla/5.0 (compatible; MJ12bot/v1.4.8; http://mj12bot.com/)" "www.michelleapplebaum.com"
95.217.109.26 - - [21/Sep/2022:21:21:47 -0700] "GET /clipart/buttons/themes/sleek/?C=D;O=D HTTP/1.1" 200 408 "-" "Mozilla/5.0 (compatible; MJ12bot/v1.4.8; http://mj12bot.com/)" "www.michelleapplebaum.com"
95.217.109.26 - - [21/Sep/2022:21:21:49 -0700] "GET /clipart/buttons/themes/sleek/?C=M;O=A HTTP/1.1" 200 410 "-" "Mozilla/5.0 (compatible; MJ12bot/v1.4.8; http://mj12bot.com/)" "www.michelleapplebaum.com"
95.217.109.26 - - [21/Sep/2022:21:21:52 -0700] "GET /clipart/buttons/themes/sleek/?C=M;O=D HTTP/1.1" 200 411 "-" "Mozilla/5.0 (compatible; MJ12bot/v1.4.8; http://mj12bot.com/)" "www.michelleapplebaum.com"
95.217.109.26 - - [21/Sep/2022:21:21:54 -0700] "GET /clipart/buttons/themes/sleek/?C=N;O=A HTTP/1.1" 200 413 "-" "Mozilla/5.0 (compatible; MJ12bot/v1.4.8; http://mj12bot.com/)" "www.michelleapplebaum.com"
95.217.109.26 - - [21/Sep/2022:21:21:56 -0700] "GET /clipart/buttons/themes/sleek/?C=N;O=D HTTP/1.1" 200 408 "-" "Mozilla/5.0 (compatible; MJ12bot/v1.4.8; http://mj12bot.com/)" "www.michelleapplebaum.com"
95.217.109.26 - - [21/Sep/2022:21:21:58 -0700] "GET /clipart/buttons/themes/sleek/?C=S;O=A HTTP/1.1" 200 412 "-" "Mozilla/5.0 (compatible; MJ12bot/v1.4.8; http://mj12bot.com/)" "www.michelleapplebaum.com"
95.217.109.26 - - [21/Sep/2022:21:22:00 -0700] "GET /clipart/buttons/themes/sleek/?C=S;O=D HTTP/1.1" 200 408 "-" "Mozilla/5.0 (compatible; MJ12bot/v1.4.8; http://mj12bot.com/)" "www.michelleapplebaum.com"
95.217.109.26 - - [21/Sep/2022:21:22:02 -0700] "GET /clipart/images/sidebars/?C=D;O=D HTTP/1.1" 200 387 "-" "Mozilla/5.0 (compatible; MJ12bot/v1.4.8; http://mj12bot.com/)" "www.michelleapplebaum.com"
95.217.109.26 - - [21/Sep/2022:21:22:05 -0700] "GET /clipart/images/sidebars/?C=M;O=D HTTP/1.1" 200 387 "-" "Mozilla/5.0 (compatible; MJ12bot/v1.4.8; http://mj12bot.com/)" "www.michelleapplebaum.com"
95.217.109.26 - - [21/Sep/2022:21:22:07 -0700] "GET /clipart/images/sidebars/?C=N;O=A HTTP/1.1" 200 389 "-" "Mozilla/5.0 (compatible; MJ12bot/v1.4.8; http://mj12bot.com/)" "www.michelleapplebaum.com"
95.217.109.26 - - [21/Sep/2022:21:22:09 -0700] "GET /clipart/images/sidebars/?C=S;O=D HTTP/1.1" 200 387 "-" "Mozilla/5.0 (compatible; MJ12bot/v1.4.8; http://mj12bot.com/)" "www.michelleapplebaum.com"
114.119.153.118 - - [21/Sep/2022:21:26:57 -0700] "GET /Survey/help/edit-template.php HTTP/1.1" 200 7363 "https://michelleapplebaum.com/Survey/help/edit-survey.php" "Mozilla/5.0 (Linux; Android 7.0;) AppleWebKit/537.36 (KHTML, like Gecko) Mobile Safari/537.36 (compatible; PetalBot;+https://webmaster.petalsearch.com/site/petalbot)" "michelleapplebaum.com"
114.119.153.131 - - [21/Sep/2022:21:32:03 -0700] "GET /clipart?C=M%3BO%3DA HTTP/1.1" 301 1425 "http://www.michelleapplebaum.com/clipart?C=N%3BO%3DD" "Mozilla/5.0 (Linux; Android 7.0;) AppleWebKit/537.36 (KHTML, like Gecko) Mobile Safari/537.36 (compatible; PetalBot;+https://webmaster.petalsearch.com/site/petalbot)" "www.michelleapplebaum.com"
114.119.153.131 - - [21/Sep/2022:21:32:03 -0700] "GET /clipart/?C=M%3BO%3DA HTTP/1.1" 200 406 "http://www.michelleapplebaum.com/clipart?C=N%3BO%3DD" "Mozilla/5.0 (Linux; Android 7.0;) AppleWebKit/537.36 (KHTML, like Gecko) Mobile Safari/537.36 (compatible; PetalBot;+https://webmaster.petalsearch.com/site/petalbot)" "www.michelleapplebaum.com"
54.161.204.72 - - [21/Sep/2022:21:33:51 -0700] "GET / HTTP/1.1" 200 782 "-" "Mozilla/5.0 (Windows NT 10.0; Win64; x64) AppleWebKit/537.36 (KHTML, like Gecko) Chrome/95.0.4638.69 Safari/537.36" "www.michelleapplebaum.com"
114.119.153.131 - - [21/Sep/2022:21:54:27 -0700] "GET /navigation_bars/Staff.nav HTTP/1.1" 200 834 "-" "Mozilla/5.0 (compatible;PetalBot;+https://webmaster.petalsearch.com/site/petalbot)" "www.michelleapplebaum.com"
61.52.110.200 - - [21/Sep/2022:22:01:09 -0700] "GET /robots.txt HTTP/1.1" 200 64 "-" "Mozilla/5.0 (Windows NT 10.0; Win64; x64) AppleWebKit/537.36 (KHTML, like Gecko) Chrome/92.0.4515.159 Safari/537.36" "michelleapplebaum.com"
207.46.13.237 - - [21/Sep/2022:22:13:45 -0700] "GET /robots.txt HTTP/1.1" 200 64 "-" "Mozilla/5.0 AppleWebKit/537.36 (KHTML, like Gecko; compatible; bingbot/2.0; +http://www.bing.com/bingbot.htm) Chrome/103.0.5060.134 Safari/537.36" "www.michelleapplebaum.com"
157.55.39.86 - - [21/Sep/2022:22:13:55 -0700] "GET /clipart/ HTTP/1.1" 200 406 "-" "Mozilla/5.0 (compatible; bingbot/2.0; +http://www.bing.com/bingbot.htm)" "www.michelleapplebaum.com"
207.46.13.43 - - [21/Sep/2022:22:29:15 -0700] "GET /AdvisoryBoard.html HTTP/1.1" 404 88 "-" "Mozilla/5.0 (compatible; bingbot/2.0; +http://www.bing.com/bingbot.htm)" "www.michelleapplebaum.com"
137.226.113.44 - - [21/Sep/2022:22:42:05 -0700] "GET / HTTP/1.1" 200 782 "-" "Mozilla/5.0 zgrab/0.x (compatible; Researchscan/http; +http://researchscan.comsys.rwth-aachen.de)" "www.michelleapplebaum.com"
213.180.203.76 - - [21/Sep/2022:22:50:31 -0700] "GET /robots.txt HTTP/1.1" 200 48 "-" "Mozilla/5.0 (compatible; YandexBot/3.0; +http://yandex.com/bots)" "www.michelleapplebaum.com"
5.255.253.126 - - [21/Sep/2022:22:50:35 -0700] "GET /clipart/backgrounds/tile/ HTTP/1.1" 200 384 "-" "Mozilla/5.0 (compatible; YandexBot/3.0; +http://yandex.com/bots)" "www.michelleapplebaum.com"
114.119.153.118 - - [21/Sep/2022:22:52:55 -0700] "GET /clipart/buttons/themes/sleek?M=D HTTP/1.1" 301 1433 "https://michelleapplebaum.com/clipart/buttons/themes/sleek?M=A" "Mozilla/5.0 (Linux; Android 7.0;) AppleWebKit/537.36 (KHTML, like Gecko) Mobile Safari/537.36 (compatible; PetalBot;+https://webmaster.petalsearch.com/site/petalbot)" "michelleapplebaum.com"
114.119.153.118 - - [21/Sep/2022:22:52:56 -0700] "GET /clipart/buttons/themes/sleek/?M=D HTTP/1.1" 200 413 "https://michelleapplebaum.com/clipart/buttons/themes/sleek?M=A" "Mozilla/5.0 (Linux; Android 7.0;) AppleWebKit/537.36 (KHTML, like Gecko) Mobile Safari/537.36 (compatible; PetalBot;+https://webmaster.petalsearch.com/site/petalbot)" "michelleapplebaum.com"
157.90.177.215 - - [21/Sep/2022:23:10:29 -0700] "GET /robots.txt HTTP/1.1" 200 64 "-" "Mozilla/5.0 (compatible; BLEXBot/1.0; +http://webmeup-crawler.com/)" "michelleapplebaum.com"
157.90.177.215 - - [21/Sep/2022:23:10:29 -0700] "GET /?C=D;O=D HTTP/1.1" 200 787 "-" "Mozilla/5.0 (compatible; BLEXBot/1.0; +http://webmeup-crawler.com/)" "michelleapplebaum.com"
157.90.177.215 - - [21/Sep/2022:23:10:36 -0700] "GET /?C=M;O=D HTTP/1.1" 200 776 "-" "Mozilla/5.0 (compatible; BLEXBot/1.0; +http://webmeup-crawler.com/)" "michelleapplebaum.com"
157.90.177.215 - - [21/Sep/2022:23:10:39 -0700] "GET /?C=N;O=A HTTP/1.1" 200 782 "-" "Mozilla/5.0 (compatible; BLEXBot/1.0; +http://webmeup-crawler.com/)" "michelleapplebaum.com"
157.90.177.215 - - [21/Sep/2022:23:10:42 -0700] "GET /?C=S;O=D HTTP/1.1" 200 766 "-" "Mozilla/5.0 (compatible; BLEXBot/1.0; +http://webmeup-crawler.com/)" "michelleapplebaum.com"
157.90.177.215 - - [21/Sep/2022:23:10:50 -0700] "GET /AdvisoryBoard.html HTTP/1.1" 404 88 "-" "Mozilla/5.0 (compatible; BLEXBot/1.0; +http://webmeup-crawler.com/)" "michelleapplebaum.com"
157.90.177.215 - - [21/Sep/2022:23:10:52 -0700] "GET /Careers.html HTTP/1.1" 404 88 "-" "Mozilla/5.0 (compatible; BLEXBot/1.0; +http://webmeup-crawler.com/)" "michelleapplebaum.com"
157.90.177.215 - - [21/Sep/2022:23:10:56 -0700] "GET /Survey/help/index.php HTTP/1.1" 200 5800 "-" "Mozilla/5.0 (compatible; BLEXBot/1.0; +http://webmeup-crawler.com/)" "michelleapplebaum.com"
157.90.177.215 - - [21/Sep/2022:23:10:59 -0700] "GET /applets/?C=D;O=A HTTP/1.1" 200 368 "-" "Mozilla/5.0 (compatible; BLEXBot/1.0; +http://webmeup-crawler.com/)" "michelleapplebaum.com"
157.90.177.215 - - [21/Sep/2022:23:11:00 -0700] "GET /applets/?C=M;O=A HTTP/1.1" 200 368 "-" "Mozilla/5.0 (compatible; BLEXBot/1.0; +http://webmeup-crawler.com/)" "michelleapplebaum.com"
157.90.177.215 - - [21/Sep/2022:23:11:03 -0700] "GET /applets/?C=N;O=D HTTP/1.1" 200 366 "-" "Mozilla/5.0 (compatible; BLEXBot/1.0; +http://webmeup-crawler.com/)" "michelleapplebaum.com"
157.90.177.215 - - [21/Sep/2022:23:11:09 -0700] "GET /applets/?C=S;O=A HTTP/1.1" 200 368 "-" "Mozilla/5.0 (compatible; BLEXBot/1.0; +http://webmeup-crawler.com/)" "michelleapplebaum.com"
157.90.177.215 - - [21/Sep/2022:23:11:11 -0700] "GET /clientservices.html HTTP/1.1" 404 88 "-" "Mozilla/5.0 (compatible; BLEXBot/1.0; +http://webmeup-crawler.com/)" "michelleapplebaum.com"
157.90.177.215 - - [21/Sep/2022:23:11:15 -0700] "GET /clipart/?C=D;O=A HTTP/1.1" 200 406 "-" "Mozilla/5.0 (compatible; BLEXBot/1.0; +http://webmeup-crawler.com/)" "michelleapplebaum.com"
157.90.177.215 - - [21/Sep/2022:23:11:18 -0700] "GET /clipart/?C=M;O=A HTTP/1.1" 200 406 "-" "Mozilla/5.0 (compatible; BLEXBot/1.0; +http://webmeup-crawler.com/)" "michelleapplebaum.com"
157.90.177.215 - - [21/Sep/2022:23:11:20 -0700] "GET /clipart/?C=N;O=D HTTP/1.1" 200 408 "-" "Mozilla/5.0 (compatible; BLEXBot/1.0; +http://webmeup-crawler.com/)" "michelleapplebaum.com"
157.90.177.215 - - [21/Sep/2022:23:11:23 -0700] "GET /clipart/?C=S;O=A HTTP/1.1" 200 406 "-" "Mozilla/5.0 (compatible; BLEXBot/1.0; +http://webmeup-crawler.com/)" "michelleapplebaum.com"
157.90.177.215 - - [21/Sep/2022:23:11:29 -0700] "GET /clipart/backgrounds/ HTTP/1.1" 200 402 "-" "Mozilla/5.0 (compatible; BLEXBot/1.0; +http://webmeup-crawler.com/)" "michelleapplebaum.com"
157.90.177.215 - - [21/Sep/2022:23:11:31 -0700] "GET /clipart/buttons/ HTTP/1.1" 200 356 "-" "Mozilla/5.0 (compatible; BLEXBot/1.0; +http://webmeup-crawler.com/)" "michelleapplebaum.com"
157.90.177.215 - - [21/Sep/2022:23:11:34 -0700] "GET /clipart/images/ HTTP/1.1" 200 413 "-" "Mozilla/5.0 (compatible; BLEXBot/1.0; +http://webmeup-crawler.com/)" "michelleapplebaum.com"
157.90.177.215 - - [21/Sep/2022:23:11:37 -0700] "GET /clipart/pageHeaders/ HTTP/1.1" 200 426 "-" "Mozilla/5.0 (compatible; BLEXBot/1.0; +http://webmeup-crawler.com/)" "michelleapplebaum.com"
157.90.177.215 - - [21/Sep/2022:23:11:40 -0700] "GET /images/?C=D;O=A HTTP/1.1" 200 520 "-" "Mozilla/5.0 (compatible; BLEXBot/1.0; +http://webmeup-crawler.com/)" "michelleapplebaum.com"
157.90.177.215 - - [21/Sep/2022:23:11:46 -0700] "GET /images/?C=M;O=A HTTP/1.1" 200 521 "-" "Mozilla/5.0 (compatible; BLEXBot/1.0; +http://webmeup-crawler.com/)" "michelleapplebaum.com"
157.90.177.215 - - [21/Sep/2022:23:11:51 -0700] "GET /images/?C=N;O=D HTTP/1.1" 200 517 "-" "Mozilla/5.0 (compatible; BLEXBot/1.0; +http://webmeup-crawler.com/)" "michelleapplebaum.com"
157.90.177.215 - - [21/Sep/2022:23:11:58 -0700] "GET /images/?C=S;O=A HTTP/1.1" 200 519 "-" "Mozilla/5.0 (compatible; BLEXBot/1.0; +http://webmeup-crawler.com/)" "michelleapplebaum.com"
157.90.177.215 - - [21/Sep/2022:23:12:03 -0700] "GET /index.html HTTP/1.1" 404 88 "-" "Mozilla/5.0 (compatible; BLEXBot/1.0; +http://webmeup-crawler.com/)" "michelleapplebaum.com"
157.90.177.215 - - [21/Sep/2022:23:12:06 -0700] "GET /navigation_bars/?C=D;O=A HTTP/1.1" 200 497 "-" "Mozilla/5.0 (compatible; BLEXBot/1.0; +http://webmeup-crawler.com/)" "michelleapplebaum.com"
157.90.177.215 - - [21/Sep/2022:23:12:09 -0700] "GET /navigation_bars/?C=M;O=A HTTP/1.1" 200 501 "-" "Mozilla/5.0 (compatible; BLEXBot/1.0; +http://webmeup-crawler.com/)" "michelleapplebaum.com"
157.90.177.215 - - [21/Sep/2022:23:12:13 -0700] "GET /navigation_bars/?C=N;O=D HTTP/1.1" 200 493 "-" "Mozilla/5.0 (compatible; BLEXBot/1.0; +http://webmeup-crawler.com/)" "michelleapplebaum.com"
157.90.177.215 - - [21/Sep/2022:23:12:18 -0700] "GET /navigation_bars/?C=S;O=A HTTP/1.1" 200 501 "-" "Mozilla/5.0 (compatible; BLEXBot/1.0; +http://webmeup-crawler.com/)" "michelleapplebaum.com"
40.77.88.252 - - [21/Sep/2022:23:17:30 -0700] "GET / HTTP/1.1" 200 782 "-" "Mozilla/5.0 (Macintosh; Intel Mac OS X 10_13_6) AppleWebKit/537.36(KHTML, like Gecko) Chrome/105.0.0.0 Safari/537.366" "www.michelleapplebaum.com"
181.93.186.153 - - [21/Sep/2022:23:18:35 -0700] "HEAD / HTTP/1.1" 200 - "-" "Mozilla/5.0 (Windows NT 10.0; WOW64) AppleWebKit/537.36 (KHTML, like Gecko) Chrome/83.0.4103.106 Safari/ACB0B7" "www.michelleapplebaum.com"
106.247.65.138 - - [21/Sep/2022:23:18:45 -0700] "GET / HTTP/1.1" 200 782 "-" "Mozilla/5.0 (Windows NT 10.0; WOW64) AppleWebKit/537.36 (KHTML, like Gecko) Chrome/83.0.4103.106 Safari/CFF262" "michelleapplebaum.com"
121.179.186.45 - - [21/Sep/2022:23:18:48 -0700] "GET / HTTP/1.1" 200 782 "-" "Mozilla/5.0 (Windows NT 10.0; WOW64) AppleWebKit/537.36 (KHTML, like Gecko) Chrome/83.0.4103.106 Safari/AA33DF" "michelleapplebaum.com"
118.9.246.58 - - [21/Sep/2022:23:19:06 -0700] "GET /favicon.ico HTTP/1.1" 404 88 "-" "Mozilla/5.0 (Windows NT 10.0; WOW64) AppleWebKit/537.36 (KHTML, like Gecko) Chrome/83.0.4103.106 Safari/4D8598" "michelleapplebaum.com"
216.244.66.242 - - [21/Sep/2022:23:45:47 -0700] "GET /robots.txt HTTP/1.1" 200 48 "-" "Mozilla/5.0 (compatible; DotBot/1.2; +https://opensiteexplorer.org/dotbot; help@moz.com)" "www.michelleapplebaum.com"
216.244.66.242 - - [21/Sep/2022:23:45:47 -0700] "GET /robots.txt HTTP/1.1" 200 48 "-" "Mozilla/5.0 (compatible; DotBot/1.2; +https://opensiteexplorer.org/dotbot; help@moz.com)" "michelleapplebaum.com"
195.191.219.133 - - [21/Sep/2022:23:52:05 -0700] "GET /robots.txt HTTP/1.1" 200 48 "-" "Mozilla/5.0 (compatible; MJ12bot/v1.4.8; http://mj12bot.com/)" "michelleapplebaum.com"
195.191.219.133 - - [21/Sep/2022:23:52:06 -0700] "GET / HTTP/1.1" 200 782 "-" "Mozilla/5.0 (compatible; MJ12bot/v1.4.8; http://mj12bot.com/)" "michelleapplebaum.com"
195.191.219.133 - - [21/Sep/2022:23:52:08 -0700] "GET /robots.txt HTTP/1.1" 200 48 "-" "Mozilla/5.0 (compatible; MJ12bot/v1.4.8; http://mj12bot.com/)" "www.michelleapplebaum.com"
195.191.219.133 - - [21/Sep/2022:23:52:10 -0700] "GET / HTTP/1.1" 200 782 "-" "Mozilla/5.0 (compatible; MJ12bot/v1.4.8; http://mj12bot.com/)" "www.michelleapplebaum.com"
52.91.184.247 - - [21/Sep/2022:23:54:29 -0700] "GET / HTTP/1.1" 200 782 "-" "Mozilla/5.0 (Windows NT 10.0; Win64; x64) AppleWebKit/537.36 (KHTML, like Gecko) Chrome/94.0.4606.81 Safari/537.36 OPR/80.0.4170.63" "michelleapplebaum.com"
114.119.144.15 - - [22/Sep/2022:00:39:22 -0700] "GET /robots.txt HTTP/1.1" 200 64 "-" "Mozilla/5.0 (compatible;PetalBot;+https://webmaster.petalsearch.com/site/petalbot)" "michelleapplebaum.com"
216.244.66.242 - - [22/Sep/2022:00:51:31 -0700] "GET /robots.txt HTTP/1.1" 200 48 "-" "Mozilla/5.0 (compatible; DotBot/1.2; +https://opensiteexplorer.org/dotbot; help@moz.com)" "www.michelleapplebaum.com"
216.244.66.242 - - [22/Sep/2022:00:51:31 -0700] "GET /robots.txt HTTP/1.1" 200 48 "-" "Mozilla/5.0 (compatible; DotBot/1.2; +https://opensiteexplorer.org/dotbot; help@moz.com)" "michelleapplebaum.com"
123.125.109.88 - - [22/Sep/2022:00:56:30 -0700] "GET / HTTP/1.1" 200 782 "-" "Sogou web spider/4.0(+http://www.sogou.com/docs/help/webmasters.htm#07)" "michelleapplebaum.com"
123.183.224.71 - - [22/Sep/2022:01:06:33 -0700] "GET / HTTP/1.1" 200 782 "-" "Sogou web spider/4.0(+http://www.sogou.com/docs/help/webmasters.htm#07)" "www.michelleapplebaum.com"
213.180.203.82 - - [22/Sep/2022:01:16:18 -0700] "GET /robots.txt HTTP/1.1" 200 48 "-" "Mozilla/5.0 (compatible; YandexBot/3.0; +http://yandex.com/bots)" "www.michelleapplebaum.com"
95.108.213.3 - - [22/Sep/2022:01:16:22 -0700] "GET / HTTP/1.1" 200 782 "-" "Mozilla/5.0 (compatible; YandexBot/3.0; +http://yandex.com/bots)" "www.michelleapplebaum.com"
216.244.66.242 - - [22/Sep/2022:01:52:06 -0700] "GET /robots.txt HTTP/1.1" 200 48 "-" "Mozilla/5.0 (compatible; DotBot/1.2; +https://opensiteexplorer.org/dotbot; help@moz.com)" "michelleapplebaum.com"
216.244.66.242 - - [22/Sep/2022:01:52:06 -0700] "GET /robots.txt HTTP/1.1" 200 48 "-" "Mozilla/5.0 (compatible; DotBot/1.2; +https://opensiteexplorer.org/dotbot; help@moz.com)" "www.michelleapplebaum.com"
114.119.153.11 - - [22/Sep/2022:02:08:49 -0700] "GET /clipart/images?C=D%3BO%3DA HTTP/1.1" 301 1430 "http://www.michelleapplebaum.com/clipart/images?C=S%3BO%3DA" "Mozilla/5.0 (Linux; Android 7.0;) AppleWebKit/537.36 (KHTML, like Gecko) Mobile Safari/537.36 (compatible; PetalBot;+https://webmaster.petalsearch.com/site/petalbot)" "www.michelleapplebaum.com"
114.119.153.11 - - [22/Sep/2022:02:08:51 -0700] "GET /clipart/images/?C=D%3BO%3DA HTTP/1.1" 200 413 "http://www.michelleapplebaum.com/clipart/images?C=S%3BO%3DA" "Mozilla/5.0 (Linux; Android 7.0;) AppleWebKit/537.36 (KHTML, like Gecko) Mobile Safari/537.36 (compatible; PetalBot;+https://webmaster.petalsearch.com/site/petalbot)" "www.michelleapplebaum.com"
114.119.153.113 - - [22/Sep/2022:02:14:55 -0700] "GET /sitemap.xml HTTP/1.1" 200 175 "-" "Mozilla/5.0 (compatible;PetalBot;+https://webmaster.petalsearch.com/site/petalbot)" "michelleapplebaum.com"
85.31.186.210 - - [22/Sep/2022:02:16:29 -0700] "GET /robots.txt HTTP/1.1" 200 64 "-" "Mozilla/5.0 (compatible; InfoTigerBot/1.9; +https://infotiger.com/bot)" "www.michelleapplebaum.com"
85.31.186.210 - - [22/Sep/2022:02:16:30 -0700] "GET / HTTP/1.1" 200 782 "-" "Mozilla/5.0 (compatible; InfoTigerBot/1.9; +https://infotiger.com/bot)" "www.michelleapplebaum.com"
114.119.153.113 - - [22/Sep/2022:02:42:05 -0700] "GET /clipart/buttons/themes/sleek?S=A HTTP/1.1" 301 1433 "https://michelleapplebaum.com/clipart/buttons/themes/sleek" "Mozilla/5.0 (Linux; Android 7.0;) AppleWebKit/537.36 (KHTML, like Gecko) Mobile Safari/537.36 (compatible; PetalBot;+https://webmaster.petalsearch.com/site/petalbot)" "michelleapplebaum.com"
114.119.153.113 - - [22/Sep/2022:02:42:06 -0700] "GET /clipart/buttons/themes/sleek/?S=A HTTP/1.1" 200 413 "https://michelleapplebaum.com/clipart/buttons/themes/sleek" "Mozilla/5.0 (Linux; Android 7.0;) AppleWebKit/537.36 (KHTML, like Gecko) Mobile Safari/537.36 (compatible; PetalBot;+https://webmaster.petalsearch.com/site/petalbot)" "michelleapplebaum.com"
114.119.153.113 - - [22/Sep/2022:02:47:16 -0700] "GET /clipart/backgrounds/fullpage/ HTTP/1.1" 200 386 "http://www.michelleapplebaum.com/clipart/backgrounds/?C=S%3BO%3DA" "Mozilla/5.0 (Linux; Android 7.0;) AppleWebKit/537.36 (KHTML, like Gecko) Mobile Safari/537.36 (compatible; PetalBot;+https://webmaster.petalsearch.com/site/petalbot)" "www.michelleapplebaum.com"
216.244.66.242 - - [22/Sep/2022:02:48:26 -0700] "GET /robots.txt HTTP/1.1" 200 48 "-" "Mozilla/5.0 (compatible; DotBot/1.2; +https://opensiteexplorer.org/dotbot; help@moz.com)" "www.michelleapplebaum.com"
216.244.66.242 - - [22/Sep/2022:02:48:26 -0700] "GET /robots.txt HTTP/1.1" 200 48 "-" "Mozilla/5.0 (compatible; DotBot/1.2; +https://opensiteexplorer.org/dotbot; help@moz.com)" "michelleapplebaum.com"
34.77.176.45 - - [22/Sep/2022:03:07:03 -0700] "GET / HTTP/1.1" 200 4956 "-" "Mozilla/5.0 (Windows NT 10.0; Win64; x64) AppleWebKit/537.36 (KHTML, like Gecko) Chrome/84.0.4147.105 Safari/537.36" "www.michelleapplebaum.com"
114.119.153.113 - - [22/Sep/2022:03:09:56 -0700] "GET /clipart/backgrounds/tile/ HTTP/1.1" 200 384 "https://michelleapplebaum.com/clipart/backgrounds" "Mozilla/5.0 (Linux; Android 7.0;) AppleWebKit/537.36 (KHTML, like Gecko) Mobile Safari/537.36 (compatible; PetalBot;+https://webmaster.petalsearch.com/site/petalbot)" "michelleapplebaum.com"
114.119.153.11 - - [22/Sep/2022:03:15:07 -0700] "GET /navigation_bars?S=D HTTP/1.1" 301 1420 "http://michelleapplebaum.com/navigation_bars?S=A" "Mozilla/5.0 (Linux; Android 7.0;) AppleWebKit/537.36 (KHTML, like Gecko) Mobile Safari/537.36 (compatible; PetalBot;+https://webmaster.petalsearch.com/site/petalbot)" "michelleapplebaum.com"
114.119.153.11 - - [22/Sep/2022:03:15:07 -0700] "GET /navigation_bars/?S=D HTTP/1.1" 200 497 "http://michelleapplebaum.com/navigation_bars?S=A" "Mozilla/5.0 (Linux; Android 7.0;) AppleWebKit/537.36 (KHTML, like Gecko) Mobile Safari/537.36 (compatible; PetalBot;+https://webmaster.petalsearch.com/site/petalbot)" "michelleapplebaum.com"
20.168.80.215 - - [22/Sep/2022:03:20:51 -0700] "GET /wp-admin/css/ HTTP/1.1" 404 88 "binance.com" "Mozilla/5.0 (Windows NT 10.0; Win64; x64) AppleWebKit/537.36 (KHTML, like Gecko) Chrome/90.0.4430.85 Safari/537.36" "michelleapplebaum.com"
20.168.80.215 - - [22/Sep/2022:03:21:00 -0700] "GET /sites/default/files/ HTTP/1.1" 404 88 "binance.com" "Mozilla/5.0 (Windows NT 10.0; Win64; x64) AppleWebKit/537.36 (KHTML, like Gecko) Chrome/90.0.4430.85 Safari/537.36" "michelleapplebaum.com"
20.168.80.215 - - [22/Sep/2022:03:21:03 -0700] "GET /admin/controller/extension/extension/ HTTP/1.1" 404 88 "binance.com" "Mozilla/5.0 (Windows NT 10.0; Win64; x64) AppleWebKit/537.36 (KHTML, like Gecko) Chrome/90.0.4430.85 Safari/537.36" "michelleapplebaum.com"
20.168.80.215 - - [22/Sep/2022:03:21:05 -0700] "GET /uploads/ HTTP/1.1" 404 88 "binance.com" "Mozilla/5.0 (Windows NT 10.0; Win64; x64) AppleWebKit/537.36 (KHTML, like Gecko) Chrome/90.0.4430.85 Safari/537.36" "michelleapplebaum.com"
20.168.80.215 - - [22/Sep/2022:03:21:09 -0700] "GET /images/ HTTP/1.1" 200 520 "binance.com" "Mozilla/5.0 (Windows NT 10.0; Win64; x64) AppleWebKit/537.36 (KHTML, like Gecko) Chrome/90.0.4430.85 Safari/537.36" "michelleapplebaum.com"
20.168.80.215 - - [22/Sep/2022:03:21:12 -0700] "GET /files/ HTTP/1.1" 404 88 "binance.com" "Mozilla/5.0 (Windows NT 10.0; Win64; x64) AppleWebKit/537.36 (KHTML, like Gecko) Chrome/90.0.4430.85 Safari/537.36" "michelleapplebaum.com"
