95.216.45.152 - - [17/Sep/2022:19:21:09 -0700] "GET /clipart/images/?N=A HTTP/1.1" 200 413 "-" "Mozilla/5.0 (compatible; MJ12bot/v1.4.8; http://mj12bot.com/)" "www.michelleapplebaum.com"
95.216.45.152 - - [17/Sep/2022:19:21:18 -0700] "GET /clipart/images/?N=D HTTP/1.1" 200 413 "-" "Mozilla/5.0 (compatible; MJ12bot/v1.4.8; http://mj12bot.com/)" "www.michelleapplebaum.com"
95.216.45.152 - - [17/Sep/2022:19:21:33 -0700] "GET /clipart/images/?S=A HTTP/1.1" 200 413 "-" "Mozilla/5.0 (compatible; MJ12bot/v1.4.8; http://mj12bot.com/)" "www.michelleapplebaum.com"
95.216.45.152 - - [17/Sep/2022:19:21:47 -0700] "GET /clipart/images/?S=D HTTP/1.1" 200 413 "-" "Mozilla/5.0 (compatible; MJ12bot/v1.4.8; http://mj12bot.com/)" "www.michelleapplebaum.com"
95.216.45.152 - - [17/Sep/2022:19:22:00 -0700] "GET /clipart/images/sidebars/?C=D;O=A HTTP/1.1" 200 389 "-" "Mozilla/5.0 (compatible; MJ12bot/v1.4.8; http://mj12bot.com/)" "www.michelleapplebaum.com"
95.216.45.152 - - [17/Sep/2022:19:22:13 -0700] "GET /clipart/images/sidebars/?C=M;O=A HTTP/1.1" 200 389 "-" "Mozilla/5.0 (compatible; MJ12bot/v1.4.8; http://mj12bot.com/)" "www.michelleapplebaum.com"
95.216.45.152 - - [17/Sep/2022:19:22:28 -0700] "GET /clipart/images/sidebars/?C=N;O=D HTTP/1.1" 200 387 "-" "Mozilla/5.0 (compatible; MJ12bot/v1.4.8; http://mj12bot.com/)" "www.michelleapplebaum.com"
114.119.153.113 - - [17/Sep/2022:19:31:44 -0700] "GET /clipart/buttons/themes/sleek?C=D%3BO%3DA HTTP/1.1" 301 1440 "http://www.michelleapplebaum.com/clipart/buttons/themes/sleek?C=M%3BO%3DA" "Mozilla/5.0 (Linux; Android 7.0;) AppleWebKit/537.36 (KHTML, like Gecko) Mobile Safari/537.36 (compatible; PetalBot;+https://webmaster.petalsearch.com/site/petalbot)" "www.michelleapplebaum.com"
114.119.153.113 - - [17/Sep/2022:19:31:50 -0700] "GET /clipart/buttons/themes/sleek/?C=D%3BO%3DA HTTP/1.1" 200 413 "http://www.michelleapplebaum.com/clipart/buttons/themes/sleek?C=M%3BO%3DA" "Mozilla/5.0 (Linux; Android 7.0;) AppleWebKit/537.36 (KHTML, like Gecko) Mobile Safari/537.36 (compatible; PetalBot;+https://webmaster.petalsearch.com/site/petalbot)" "www.michelleapplebaum.com"
114.119.153.113 - - [17/Sep/2022:19:37:16 -0700] "GET /clipart/images/sidebars?N=A HTTP/1.1" 301 1429 "https://michelleapplebaum.com/clipart/images/sidebars?D=A" "Mozilla/5.0 (Linux; Android 7.0;) AppleWebKit/537.36 (KHTML, like Gecko) Mobile Safari/537.36 (compatible; PetalBot;+https://webmaster.petalsearch.com/site/petalbot)" "michelleapplebaum.com"
114.119.153.113 - - [17/Sep/2022:19:37:21 -0700] "GET /clipart/images/sidebars/?N=A HTTP/1.1" 200 389 "https://michelleapplebaum.com/clipart/images/sidebars?D=A" "Mozilla/5.0 (Linux; Android 7.0;) AppleWebKit/537.36 (KHTML, like Gecko) Mobile Safari/537.36 (compatible; PetalBot;+https://webmaster.petalsearch.com/site/petalbot)" "michelleapplebaum.com"
114.119.153.113 - - [17/Sep/2022:19:43:29 -0700] "GET /steelglossary.html HTTP/1.1" 200 5438 "http://michelleapplebaum.com/R.html" "Mozilla/5.0 (compatible;PetalBot;+https://webmaster.petalsearch.com/site/petalbot)" "michelleapplebaum.com"
192.99.14.117 - - [17/Sep/2022:19:46:15 -0700] "GET /robots.txt HTTP/1.1" 200 48 "-" "Mozilla/5.0 (compatible; MJ12bot/v1.4.8; http://mj12bot.com/)" "michelleapplebaum.com"
192.99.14.117 - - [17/Sep/2022:19:46:17 -0700] "GET /clipart/backgrounds/fullpage/?D=A HTTP/1.1" 200 386 "-" "Mozilla/5.0 (compatible; MJ12bot/v1.4.8; http://mj12bot.com/)" "michelleapplebaum.com"
192.99.14.117 - - [17/Sep/2022:19:46:19 -0700] "GET /clipart/backgrounds/fullpage/?M=A HTTP/1.1" 200 386 "-" "Mozilla/5.0 (compatible; MJ12bot/v1.4.8; http://mj12bot.com/)" "michelleapplebaum.com"
192.99.14.117 - - [17/Sep/2022:19:46:25 -0700] "GET /clipart/backgrounds/fullpage/?N=D HTTP/1.1" 200 386 "-" "Mozilla/5.0 (compatible; MJ12bot/v1.4.8; http://mj12bot.com/)" "michelleapplebaum.com"
192.99.14.117 - - [17/Sep/2022:19:46:28 -0700] "GET /clipart/backgrounds/fullpage/?S=A HTTP/1.1" 200 386 "-" "Mozilla/5.0 (compatible; MJ12bot/v1.4.8; http://mj12bot.com/)" "michelleapplebaum.com"
192.99.14.117 - - [17/Sep/2022:19:46:30 -0700] "GET /clipart/backgrounds/sidebar/?D=A HTTP/1.1" 200 398 "-" "Mozilla/5.0 (compatible; MJ12bot/v1.4.8; http://mj12bot.com/)" "michelleapplebaum.com"
192.99.14.117 - - [17/Sep/2022:19:46:32 -0700] "GET /clipart/backgrounds/sidebar/?M=A HTTP/1.1" 200 398 "-" "Mozilla/5.0 (compatible; MJ12bot/v1.4.8; http://mj12bot.com/)" "michelleapplebaum.com"
192.99.14.117 - - [17/Sep/2022:19:46:41 -0700] "GET /clipart/backgrounds/sidebar/?N=D HTTP/1.1" 200 398 "-" "Mozilla/5.0 (compatible; MJ12bot/v1.4.8; http://mj12bot.com/)" "michelleapplebaum.com"
192.99.14.117 - - [17/Sep/2022:19:46:45 -0700] "GET /clipart/backgrounds/sidebar/?S=A HTTP/1.1" 200 398 "-" "Mozilla/5.0 (compatible; MJ12bot/v1.4.8; http://mj12bot.com/)" "michelleapplebaum.com"
192.99.14.117 - - [17/Sep/2022:19:46:48 -0700] "GET /clipart/backgrounds/tile/?D=A HTTP/1.1" 200 384 "-" "Mozilla/5.0 (compatible; MJ12bot/v1.4.8; http://mj12bot.com/)" "michelleapplebaum.com"
192.99.14.117 - - [17/Sep/2022:19:46:52 -0700] "GET /clipart/backgrounds/tile/?M=A HTTP/1.1" 200 384 "-" "Mozilla/5.0 (compatible; MJ12bot/v1.4.8; http://mj12bot.com/)" "michelleapplebaum.com"
192.99.14.117 - - [17/Sep/2022:19:46:55 -0700] "GET /clipart/backgrounds/tile/?N=D HTTP/1.1" 200 384 "-" "Mozilla/5.0 (compatible; MJ12bot/v1.4.8; http://mj12bot.com/)" "michelleapplebaum.com"
192.99.14.117 - - [17/Sep/2022:19:46:57 -0700] "GET /clipart/backgrounds/tile/?S=A HTTP/1.1" 200 384 "-" "Mozilla/5.0 (compatible; MJ12bot/v1.4.8; http://mj12bot.com/)" "michelleapplebaum.com"
192.99.14.117 - - [17/Sep/2022:19:47:02 -0700] "GET /clipart/buttons/themes/?D=A HTTP/1.1" 200 361 "-" "Mozilla/5.0 (compatible; MJ12bot/v1.4.8; http://mj12bot.com/)" "michelleapplebaum.com"
192.99.14.117 - - [17/Sep/2022:19:47:08 -0700] "GET /clipart/buttons/themes/?M=A HTTP/1.1" 200 361 "-" "Mozilla/5.0 (compatible; MJ12bot/v1.4.8; http://mj12bot.com/)" "michelleapplebaum.com"
192.99.14.117 - - [17/Sep/2022:19:47:14 -0700] "GET /clipart/buttons/themes/?N=D HTTP/1.1" 200 361 "-" "Mozilla/5.0 (compatible; MJ12bot/v1.4.8; http://mj12bot.com/)" "michelleapplebaum.com"
192.99.14.117 - - [17/Sep/2022:19:47:17 -0700] "GET /clipart/buttons/themes/?S=A HTTP/1.1" 200 361 "-" "Mozilla/5.0 (compatible; MJ12bot/v1.4.8; http://mj12bot.com/)" "michelleapplebaum.com"
192.99.14.117 - - [17/Sep/2022:19:47:20 -0700] "GET /clipart/buttons/themes/sleek/ HTTP/1.1" 200 413 "-" "Mozilla/5.0 (compatible; MJ12bot/v1.4.8; http://mj12bot.com/)" "michelleapplebaum.com"
192.99.14.117 - - [17/Sep/2022:19:47:22 -0700] "GET /clipart/buttons/themes/sleek/?C=D;O=A HTTP/1.1" 200 413 "-" "Mozilla/5.0 (compatible; MJ12bot/v1.4.8; http://mj12bot.com/)" "michelleapplebaum.com"
192.99.14.117 - - [17/Sep/2022:19:47:25 -0700] "GET /clipart/buttons/themes/sleek/?C=D;O=D HTTP/1.1" 200 408 "-" "Mozilla/5.0 (compatible; MJ12bot/v1.4.8; http://mj12bot.com/)" "michelleapplebaum.com"
192.99.14.117 - - [17/Sep/2022:19:47:30 -0700] "GET /clipart/buttons/themes/sleek/?C=M;O=A HTTP/1.1" 200 410 "-" "Mozilla/5.0 (compatible; MJ12bot/v1.4.8; http://mj12bot.com/)" "michelleapplebaum.com"
192.99.14.117 - - [17/Sep/2022:19:47:33 -0700] "GET /clipart/buttons/themes/sleek/?C=M;O=D HTTP/1.1" 200 411 "-" "Mozilla/5.0 (compatible; MJ12bot/v1.4.8; http://mj12bot.com/)" "michelleapplebaum.com"
192.99.14.117 - - [17/Sep/2022:19:47:35 -0700] "GET /clipart/buttons/themes/sleek/?C=N;O=A HTTP/1.1" 200 413 "-" "Mozilla/5.0 (compatible; MJ12bot/v1.4.8; http://mj12bot.com/)" "michelleapplebaum.com"
192.99.14.117 - - [17/Sep/2022:19:47:38 -0700] "GET /clipart/buttons/themes/sleek/?C=N;O=D HTTP/1.1" 200 408 "-" "Mozilla/5.0 (compatible; MJ12bot/v1.4.8; http://mj12bot.com/)" "michelleapplebaum.com"
192.99.14.117 - - [17/Sep/2022:19:47:41 -0700] "GET /clipart/buttons/themes/sleek/?C=S;O=A HTTP/1.1" 200 412 "-" "Mozilla/5.0 (compatible; MJ12bot/v1.4.8; http://mj12bot.com/)" "michelleapplebaum.com"
192.99.14.117 - - [17/Sep/2022:19:47:42 -0700] "GET /clipart/buttons/themes/sleek/?C=S;O=D HTTP/1.1" 200 408 "-" "Mozilla/5.0 (compatible; MJ12bot/v1.4.8; http://mj12bot.com/)" "michelleapplebaum.com"
192.99.14.117 - - [17/Sep/2022:19:47:44 -0700] "GET /clipart/buttons/themes/sleek/?D=D HTTP/1.1" 200 413 "-" "Mozilla/5.0 (compatible; MJ12bot/v1.4.8; http://mj12bot.com/)" "michelleapplebaum.com"
192.99.14.117 - - [17/Sep/2022:19:47:50 -0700] "GET /clipart/buttons/themes/sleek/?M=D HTTP/1.1" 200 413 "-" "Mozilla/5.0 (compatible; MJ12bot/v1.4.8; http://mj12bot.com/)" "michelleapplebaum.com"
192.99.14.117 - - [17/Sep/2022:19:47:54 -0700] "GET /clipart/buttons/themes/sleek/?N=A HTTP/1.1" 200 413 "-" "Mozilla/5.0 (compatible; MJ12bot/v1.4.8; http://mj12bot.com/)" "michelleapplebaum.com"
192.99.14.117 - - [17/Sep/2022:19:47:58 -0700] "GET /clipart/buttons/themes/sleek/?S=D HTTP/1.1" 200 413 "-" "Mozilla/5.0 (compatible; MJ12bot/v1.4.8; http://mj12bot.com/)" "michelleapplebaum.com"
192.99.14.117 - - [17/Sep/2022:19:48:02 -0700] "GET /clipart/images/sidebars/?C=D;O=A HTTP/1.1" 200 389 "-" "Mozilla/5.0 (compatible; MJ12bot/v1.4.8; http://mj12bot.com/)" "michelleapplebaum.com"
192.99.14.117 - - [17/Sep/2022:19:48:07 -0700] "GET /clipart/images/sidebars/?C=D;O=D HTTP/1.1" 200 387 "-" "Mozilla/5.0 (compatible; MJ12bot/v1.4.8; http://mj12bot.com/)" "michelleapplebaum.com"
192.99.14.117 - - [17/Sep/2022:19:48:20 -0700] "GET /clipart/images/sidebars/?C=M;O=A HTTP/1.1" 200 389 "-" "Mozilla/5.0 (compatible; MJ12bot/v1.4.8; http://mj12bot.com/)" "michelleapplebaum.com"
192.99.14.117 - - [17/Sep/2022:19:48:23 -0700] "GET /clipart/images/sidebars/?C=M;O=D HTTP/1.1" 200 387 "-" "Mozilla/5.0 (compatible; MJ12bot/v1.4.8; http://mj12bot.com/)" "michelleapplebaum.com"
192.99.14.117 - - [17/Sep/2022:19:48:25 -0700] "GET /clipart/images/sidebars/?C=N;O=A HTTP/1.1" 200 389 "-" "Mozilla/5.0 (compatible; MJ12bot/v1.4.8; http://mj12bot.com/)" "michelleapplebaum.com"
192.99.14.117 - - [17/Sep/2022:19:48:30 -0700] "GET /clipart/images/sidebars/?C=N;O=D HTTP/1.1" 200 387 "-" "Mozilla/5.0 (compatible; MJ12bot/v1.4.8; http://mj12bot.com/)" "michelleapplebaum.com"
192.99.14.117 - - [17/Sep/2022:19:48:37 -0700] "GET /clipart/images/sidebars/?C=S;O=A HTTP/1.1" 200 389 "-" "Mozilla/5.0 (compatible; MJ12bot/v1.4.8; http://mj12bot.com/)" "michelleapplebaum.com"
114.119.153.132 - - [17/Sep/2022:19:48:37 -0700] "GET /clipart/backgrounds/sidebar/?C=N%3BO%3DD HTTP/1.1" 200 398 "https://michelleapplebaum.com/clipart/backgrounds/sidebar?N=D" "Mozilla/5.0 (Linux; Android 7.0;) AppleWebKit/537.36 (KHTML, like Gecko) Mobile Safari/537.36 (compatible; PetalBot;+https://webmaster.petalsearch.com/site/petalbot)" "michelleapplebaum.com"
192.99.14.117 - - [17/Sep/2022:19:48:39 -0700] "GET /clipart/images/sidebars/?C=S;O=D HTTP/1.1" 200 387 "-" "Mozilla/5.0 (compatible; MJ12bot/v1.4.8; http://mj12bot.com/)" "michelleapplebaum.com"
192.99.14.117 - - [17/Sep/2022:19:48:45 -0700] "GET /clipart/images/sidebars/?D=A HTTP/1.1" 200 389 "-" "Mozilla/5.0 (compatible; MJ12bot/v1.4.8; http://mj12bot.com/)" "michelleapplebaum.com"
192.99.14.117 - - [17/Sep/2022:19:48:49 -0700] "GET /clipart/images/sidebars/?M=A HTTP/1.1" 200 389 "-" "Mozilla/5.0 (compatible; MJ12bot/v1.4.8; http://mj12bot.com/)" "michelleapplebaum.com"
192.99.14.117 - - [17/Sep/2022:19:48:55 -0700] "GET /clipart/images/sidebars/?N=D HTTP/1.1" 200 389 "-" "Mozilla/5.0 (compatible; MJ12bot/v1.4.8; http://mj12bot.com/)" "michelleapplebaum.com"
192.99.14.117 - - [17/Sep/2022:19:48:58 -0700] "GET /clipart/images/sidebars/?S=A HTTP/1.1" 200 389 "-" "Mozilla/5.0 (compatible; MJ12bot/v1.4.8; http://mj12bot.com/)" "michelleapplebaum.com"
192.99.14.117 - - [17/Sep/2022:19:49:02 -0700] "GET /robots.txt HTTP/1.1" 200 48 "-" "Mozilla/5.0 (compatible; MJ12bot/v1.4.8; http://mj12bot.com/)" "www.michelleapplebaum.com"
192.99.14.117 - - [17/Sep/2022:19:49:05 -0700] "GET /Survey/help/edit-questions.php HTTP/1.1" 200 9534 "-" "Mozilla/5.0 (compatible; MJ12bot/v1.4.8; http://mj12bot.com/)" "www.michelleapplebaum.com"
192.99.14.117 - - [17/Sep/2022:19:49:11 -0700] "GET /Survey/help/edit-survey.php HTTP/1.1" 200 10933 "-" "Mozilla/5.0 (compatible; MJ12bot/v1.4.8; http://mj12bot.com/)" "www.michelleapplebaum.com"
192.99.14.117 - - [17/Sep/2022:19:49:17 -0700] "GET /Survey/help/edit-template.php HTTP/1.1" 200 7363 "-" "Mozilla/5.0 (compatible; MJ12bot/v1.4.8; http://mj12bot.com/)" "www.michelleapplebaum.com"
192.99.14.117 - - [17/Sep/2022:19:49:19 -0700] "GET /Survey/help/manage-response.php HTTP/1.1" 200 5759 "-" "Mozilla/5.0 (compatible; MJ12bot/v1.4.8; http://mj12bot.com/)" "www.michelleapplebaum.com"
192.99.14.117 - - [17/Sep/2022:19:49:22 -0700] "GET /Survey/help/manage-survey.php HTTP/1.1" 200 3631 "-" "Mozilla/5.0 (compatible; MJ12bot/v1.4.8; http://mj12bot.com/)" "www.michelleapplebaum.com"
192.99.14.117 - - [17/Sep/2022:19:49:24 -0700] "GET /Survey/help/manage-template.php HTTP/1.1" 200 3325 "-" "Mozilla/5.0 (compatible; MJ12bot/v1.4.8; http://mj12bot.com/)" "www.michelleapplebaum.com"
192.99.14.117 - - [17/Sep/2022:19:49:30 -0700] "GET /Survey/help/signin.php HTTP/1.1" 200 2642 "-" "Mozilla/5.0 (compatible; MJ12bot/v1.4.8; http://mj12bot.com/)" "www.michelleapplebaum.com"
192.99.14.117 - - [17/Sep/2022:19:49:33 -0700] "GET /applets/?D=D HTTP/1.1" 200 368 "-" "Mozilla/5.0 (compatible; MJ12bot/v1.4.8; http://mj12bot.com/)" "www.michelleapplebaum.com"
192.99.14.117 - - [17/Sep/2022:19:49:35 -0700] "GET /applets/?M=D HTTP/1.1" 200 368 "-" "Mozilla/5.0 (compatible; MJ12bot/v1.4.8; http://mj12bot.com/)" "www.michelleapplebaum.com"
192.99.14.117 - - [17/Sep/2022:19:49:41 -0700] "GET /applets/?N=A HTTP/1.1" 200 368 "-" "Mozilla/5.0 (compatible; MJ12bot/v1.4.8; http://mj12bot.com/)" "www.michelleapplebaum.com"
192.99.14.117 - - [17/Sep/2022:19:49:47 -0700] "GET /applets/?S=D HTTP/1.1" 200 368 "-" "Mozilla/5.0 (compatible; MJ12bot/v1.4.8; http://mj12bot.com/)" "www.michelleapplebaum.com"
192.99.14.117 - - [17/Sep/2022:19:49:55 -0700] "GET /clipart/?D=D HTTP/1.1" 200 406 "-" "Mozilla/5.0 (compatible; MJ12bot/v1.4.8; http://mj12bot.com/)" "www.michelleapplebaum.com"
192.99.14.117 - - [17/Sep/2022:19:50:01 -0700] "GET /clipart/?M=D HTTP/1.1" 200 406 "-" "Mozilla/5.0 (compatible; MJ12bot/v1.4.8; http://mj12bot.com/)" "www.michelleapplebaum.com"
192.99.14.117 - - [17/Sep/2022:19:50:03 -0700] "GET /clipart/?N=A HTTP/1.1" 200 406 "-" "Mozilla/5.0 (compatible; MJ12bot/v1.4.8; http://mj12bot.com/)" "www.michelleapplebaum.com"
192.99.14.117 - - [17/Sep/2022:19:50:07 -0700] "GET /clipart/?S=D HTTP/1.1" 200 406 "-" "Mozilla/5.0 (compatible; MJ12bot/v1.4.8; http://mj12bot.com/)" "www.michelleapplebaum.com"
192.99.14.117 - - [17/Sep/2022:19:50:09 -0700] "GET /clipart/backgrounds/?D=A HTTP/1.1" 200 402 "-" "Mozilla/5.0 (compatible; MJ12bot/v1.4.8; http://mj12bot.com/)" "www.michelleapplebaum.com"
192.99.14.117 - - [17/Sep/2022:19:50:15 -0700] "GET /clipart/backgrounds/?D=D HTTP/1.1" 200 402 "-" "Mozilla/5.0 (compatible; MJ12bot/v1.4.8; http://mj12bot.com/)" "www.michelleapplebaum.com"
192.99.14.117 - - [17/Sep/2022:19:50:20 -0700] "GET /clipart/backgrounds/?M=A HTTP/1.1" 200 402 "-" "Mozilla/5.0 (compatible; MJ12bot/v1.4.8; http://mj12bot.com/)" "www.michelleapplebaum.com"
192.99.14.117 - - [17/Sep/2022:19:50:23 -0700] "GET /clipart/backgrounds/?M=D HTTP/1.1" 200 402 "-" "Mozilla/5.0 (compatible; MJ12bot/v1.4.8; http://mj12bot.com/)" "www.michelleapplebaum.com"
192.99.14.117 - - [17/Sep/2022:19:50:26 -0700] "GET /clipart/backgrounds/?N=A HTTP/1.1" 200 402 "-" "Mozilla/5.0 (compatible; MJ12bot/v1.4.8; http://mj12bot.com/)" "www.michelleapplebaum.com"
192.99.14.117 - - [17/Sep/2022:19:50:30 -0700] "GET /clipart/backgrounds/?N=D HTTP/1.1" 200 402 "-" "Mozilla/5.0 (compatible; MJ12bot/v1.4.8; http://mj12bot.com/)" "www.michelleapplebaum.com"
192.99.14.117 - - [17/Sep/2022:19:50:34 -0700] "GET /clipart/backgrounds/?S=A HTTP/1.1" 200 402 "-" "Mozilla/5.0 (compatible; MJ12bot/v1.4.8; http://mj12bot.com/)" "www.michelleapplebaum.com"
192.99.14.117 - - [17/Sep/2022:19:50:36 -0700] "GET /clipart/backgrounds/?S=D HTTP/1.1" 200 402 "-" "Mozilla/5.0 (compatible; MJ12bot/v1.4.8; http://mj12bot.com/)" "www.michelleapplebaum.com"
192.99.14.117 - - [17/Sep/2022:19:50:40 -0700] "GET /clipart/backgrounds/fullpage/ HTTP/1.1" 200 386 "-" "Mozilla/5.0 (compatible; MJ12bot/v1.4.8; http://mj12bot.com/)" "www.michelleapplebaum.com"
192.99.14.117 - - [17/Sep/2022:19:50:42 -0700] "GET /clipart/backgrounds/fullpage/?C=D;O=A HTTP/1.1" 200 386 "-" "Mozilla/5.0 (compatible; MJ12bot/v1.4.8; http://mj12bot.com/)" "www.michelleapplebaum.com"
192.99.14.117 - - [17/Sep/2022:19:50:44 -0700] "GET /clipart/backgrounds/fullpage/?C=D;O=D HTTP/1.1" 200 384 "-" "Mozilla/5.0 (compatible; MJ12bot/v1.4.8; http://mj12bot.com/)" "www.michelleapplebaum.com"
192.99.14.117 - - [17/Sep/2022:19:50:53 -0700] "GET /clipart/backgrounds/fullpage/?C=M;O=A HTTP/1.1" 200 386 "-" "Mozilla/5.0 (compatible; MJ12bot/v1.4.8; http://mj12bot.com/)" "www.michelleapplebaum.com"
192.99.14.117 - - [17/Sep/2022:19:50:57 -0700] "GET /clipart/backgrounds/fullpage/?C=N;O=A HTTP/1.1" 200 386 "-" "Mozilla/5.0 (compatible; MJ12bot/v1.4.8; http://mj12bot.com/)" "www.michelleapplebaum.com"
192.99.14.117 - - [17/Sep/2022:19:51:00 -0700] "GET /clipart/backgrounds/fullpage/?C=N;O=D HTTP/1.1" 200 384 "-" "Mozilla/5.0 (compatible; MJ12bot/v1.4.8; http://mj12bot.com/)" "www.michelleapplebaum.com"
192.99.14.117 - - [17/Sep/2022:19:51:05 -0700] "GET /clipart/backgrounds/fullpage/?C=S;O=A HTTP/1.1" 200 386 "-" "Mozilla/5.0 (compatible; MJ12bot/v1.4.8; http://mj12bot.com/)" "www.michelleapplebaum.com"
192.99.14.117 - - [17/Sep/2022:19:51:10 -0700] "GET /clipart/backgrounds/fullpage/?C=S;O=D HTTP/1.1" 200 384 "-" "Mozilla/5.0 (compatible; MJ12bot/v1.4.8; http://mj12bot.com/)" "www.michelleapplebaum.com"
192.99.14.117 - - [17/Sep/2022:19:51:14 -0700] "GET /clipart/backgrounds/fullpage/?D=A HTTP/1.1" 200 386 "-" "Mozilla/5.0 (compatible; MJ12bot/v1.4.8; http://mj12bot.com/)" "www.michelleapplebaum.com"
192.99.14.117 - - [17/Sep/2022:19:51:17 -0700] "GET /clipart/backgrounds/fullpage/?D=D HTTP/1.1" 200 386 "-" "Mozilla/5.0 (compatible; MJ12bot/v1.4.8; http://mj12bot.com/)" "www.michelleapplebaum.com"
192.99.14.117 - - [17/Sep/2022:19:51:19 -0700] "GET /clipart/backgrounds/fullpage/?M=A HTTP/1.1" 200 386 "-" "Mozilla/5.0 (compatible; MJ12bot/v1.4.8; http://mj12bot.com/)" "www.michelleapplebaum.com"
192.99.14.117 - - [17/Sep/2022:19:51:22 -0700] "GET /clipart/backgrounds/fullpage/?M=D HTTP/1.1" 200 386 "-" "Mozilla/5.0 (compatible; MJ12bot/v1.4.8; http://mj12bot.com/)" "www.michelleapplebaum.com"
192.99.14.117 - - [17/Sep/2022:19:51:24 -0700] "GET /clipart/backgrounds/fullpage/?N=A HTTP/1.1" 200 386 "-" "Mozilla/5.0 (compatible; MJ12bot/v1.4.8; http://mj12bot.com/)" "www.michelleapplebaum.com"
192.99.14.117 - - [17/Sep/2022:19:51:30 -0700] "GET /clipart/backgrounds/fullpage/?N=D HTTP/1.1" 200 386 "-" "Mozilla/5.0 (compatible; MJ12bot/v1.4.8; http://mj12bot.com/)" "www.michelleapplebaum.com"
192.99.14.117 - - [17/Sep/2022:19:51:32 -0700] "GET /clipart/backgrounds/fullpage/?S=A HTTP/1.1" 200 386 "-" "Mozilla/5.0 (compatible; MJ12bot/v1.4.8; http://mj12bot.com/)" "www.michelleapplebaum.com"
192.99.14.117 - - [17/Sep/2022:19:51:34 -0700] "GET /clipart/backgrounds/fullpage/?S=D HTTP/1.1" 200 386 "-" "Mozilla/5.0 (compatible; MJ12bot/v1.4.8; http://mj12bot.com/)" "www.michelleapplebaum.com"
192.99.14.117 - - [17/Sep/2022:19:51:41 -0700] "GET /clipart/backgrounds/sidebar/ HTTP/1.1" 200 398 "-" "Mozilla/5.0 (compatible; MJ12bot/v1.4.8; http://mj12bot.com/)" "www.michelleapplebaum.com"
216.244.66.242 - - [17/Sep/2022:19:57:58 -0700] "GET /robots.txt HTTP/1.1" 200 48 "-" "Mozilla/5.0 (compatible; DotBot/1.2; +https://opensiteexplorer.org/dotbot; help@moz.com)" "michelleapplebaum.com"
216.244.66.242 - - [17/Sep/2022:19:57:58 -0700] "GET /robots.txt HTTP/1.1" 200 48 "-" "Mozilla/5.0 (compatible; DotBot/1.2; +https://opensiteexplorer.org/dotbot; help@moz.com)" "www.michelleapplebaum.com"
20.84.102.54 - - [17/Sep/2022:20:17:31 -0700] "GET /images/blog.png HTTP/1.1" 200 3459 "-" "Mozilla/5.0 (Windows NT 10.0; Win64; x64) AppleWebKit/537.36 (KHTML, like Gecko) Chrome/86.0.4240.75 Safari/537.36" "www.michelleapplebaum.com"
118.184.177.38 - - [17/Sep/2022:20:23:32 -0700] "GET / HTTP/1.1" 200 782 "-" "Sogou web spider/4.0(+http://www.sogou.com/docs/help/webmasters.htm#07)" "michelleapplebaum.com"
123.125.109.88 - - [17/Sep/2022:20:26:29 -0700] "GET / HTTP/1.1" 200 782 "-" "Sogou web spider/4.0(+http://www.sogou.com/docs/help/webmasters.htm#07)" "www.michelleapplebaum.com"
216.244.66.242 - - [17/Sep/2022:20:50:27 -0700] "GET /robots.txt HTTP/1.1" 200 48 "-" "Mozilla/5.0 (compatible; DotBot/1.2; +https://opensiteexplorer.org/dotbot; help@moz.com)" "www.michelleapplebaum.com"
216.244.66.242 - - [17/Sep/2022:20:50:27 -0700] "GET /robots.txt HTTP/1.1" 200 48 "-" "Mozilla/5.0 (compatible; DotBot/1.2; +https://opensiteexplorer.org/dotbot; help@moz.com)" "michelleapplebaum.com"
54.36.148.252 - - [17/Sep/2022:20:52:07 -0700] "GET /S.html HTTP/1.1" 200 8213 "-" "Mozilla/5.0 (compatible; AhrefsBot/7.0; +http://ahrefs.com/robot/)" "michelleapplebaum.com"
95.216.45.152 - - [17/Sep/2022:20:52:52 -0700] "GET /clipart/images/sidebars/?C=S;O=A HTTP/1.1" 200 389 "-" "Mozilla/5.0 (compatible; MJ12bot/v1.4.8; http://mj12bot.com/)" "www.michelleapplebaum.com"
95.216.45.152 - - [17/Sep/2022:20:52:53 -0700] "GET /clipart/images/sidebars/?D=A HTTP/1.1" 200 389 "-" "Mozilla/5.0 (compatible; MJ12bot/v1.4.8; http://mj12bot.com/)" "www.michelleapplebaum.com"
95.216.45.152 - - [17/Sep/2022:20:52:55 -0700] "GET /clipart/images/sidebars/?D=D HTTP/1.1" 200 389 "-" "Mozilla/5.0 (compatible; MJ12bot/v1.4.8; http://mj12bot.com/)" "www.michelleapplebaum.com"
95.216.45.152 - - [17/Sep/2022:20:52:56 -0700] "GET /clipart/images/sidebars/?M=A HTTP/1.1" 200 389 "-" "Mozilla/5.0 (compatible; MJ12bot/v1.4.8; http://mj12bot.com/)" "www.michelleapplebaum.com"
114.119.153.11 - - [17/Sep/2022:20:52:56 -0700] "GET /calendar/ HTTP/1.1" 302 319 "http://michelleapplebaum.com/?C=M%3BO%3DA" "Mozilla/5.0 (Linux; Android 7.0;) AppleWebKit/537.36 (KHTML, like Gecko) Mobile Safari/537.36 (compatible; PetalBot;+https://webmaster.petalsearch.com/site/petalbot)" "michelleapplebaum.com"
95.216.45.152 - - [17/Sep/2022:20:52:58 -0700] "GET /clipart/images/sidebars/?M=D HTTP/1.1" 200 389 "-" "Mozilla/5.0 (compatible; MJ12bot/v1.4.8; http://mj12bot.com/)" "www.michelleapplebaum.com"
95.216.45.152 - - [17/Sep/2022:20:53:00 -0700] "GET /clipart/images/sidebars/?N=A HTTP/1.1" 200 389 "-" "Mozilla/5.0 (compatible; MJ12bot/v1.4.8; http://mj12bot.com/)" "www.michelleapplebaum.com"
95.216.45.152 - - [17/Sep/2022:20:53:01 -0700] "GET /clipart/images/sidebars/?N=D HTTP/1.1" 200 389 "-" "Mozilla/5.0 (compatible; MJ12bot/v1.4.8; http://mj12bot.com/)" "www.michelleapplebaum.com"
95.216.45.152 - - [17/Sep/2022:20:53:03 -0700] "GET /clipart/images/sidebars/?S=A HTTP/1.1" 200 389 "-" "Mozilla/5.0 (compatible; MJ12bot/v1.4.8; http://mj12bot.com/)" "www.michelleapplebaum.com"
114.119.153.11 - - [17/Sep/2022:20:53:04 -0700] "GET /calendar/login.php HTTP/1.1" 200 17179 "http://michelleapplebaum.com/?C=M%3BO%3DA" "Mozilla/5.0 (Linux; Android 7.0;) AppleWebKit/537.36 (KHTML, like Gecko) Mobile Safari/537.36 (compatible; PetalBot;+https://webmaster.petalsearch.com/site/petalbot)" "michelleapplebaum.com"
95.216.45.152 - - [17/Sep/2022:20:53:05 -0700] "GET /clipart/images/sidebars/?S=D HTTP/1.1" 200 389 "-" "Mozilla/5.0 (compatible; MJ12bot/v1.4.8; http://mj12bot.com/)" "www.michelleapplebaum.com"
95.216.45.152 - - [17/Sep/2022:20:53:07 -0700] "GET /clipart/pageHeaders/?D=A HTTP/1.1" 200 426 "-" "Mozilla/5.0 (compatible; MJ12bot/v1.4.8; http://mj12bot.com/)" "www.michelleapplebaum.com"
95.216.45.152 - - [17/Sep/2022:20:53:08 -0700] "GET /clipart/pageHeaders/?D=D HTTP/1.1" 200 426 "-" "Mozilla/5.0 (compatible; MJ12bot/v1.4.8; http://mj12bot.com/)" "www.michelleapplebaum.com"
95.216.45.152 - - [17/Sep/2022:20:53:10 -0700] "GET /clipart/pageHeaders/?M=A HTTP/1.1" 200 426 "-" "Mozilla/5.0 (compatible; MJ12bot/v1.4.8; http://mj12bot.com/)" "www.michelleapplebaum.com"
95.216.45.152 - - [17/Sep/2022:20:53:12 -0700] "GET /clipart/pageHeaders/?M=D HTTP/1.1" 200 426 "-" "Mozilla/5.0 (compatible; MJ12bot/v1.4.8; http://mj12bot.com/)" "www.michelleapplebaum.com"
95.216.45.152 - - [17/Sep/2022:20:53:13 -0700] "GET /clipart/pageHeaders/?N=A HTTP/1.1" 200 426 "-" "Mozilla/5.0 (compatible; MJ12bot/v1.4.8; http://mj12bot.com/)" "www.michelleapplebaum.com"
95.216.45.152 - - [17/Sep/2022:20:53:15 -0700] "GET /clipart/pageHeaders/?N=D HTTP/1.1" 200 426 "-" "Mozilla/5.0 (compatible; MJ12bot/v1.4.8; http://mj12bot.com/)" "www.michelleapplebaum.com"
95.216.45.152 - - [17/Sep/2022:20:53:17 -0700] "GET /clipart/pageHeaders/?S=A HTTP/1.1" 200 426 "-" "Mozilla/5.0 (compatible; MJ12bot/v1.4.8; http://mj12bot.com/)" "www.michelleapplebaum.com"
95.216.45.152 - - [17/Sep/2022:20:53:18 -0700] "GET /clipart/pageHeaders/?S=D HTTP/1.1" 200 426 "-" "Mozilla/5.0 (compatible; MJ12bot/v1.4.8; http://mj12bot.com/)" "www.michelleapplebaum.com"
95.216.45.152 - - [17/Sep/2022:20:53:20 -0700] "GET /images/?D=D HTTP/1.1" 200 520 "-" "Mozilla/5.0 (compatible; MJ12bot/v1.4.8; http://mj12bot.com/)" "www.michelleapplebaum.com"
95.216.45.152 - - [17/Sep/2022:20:53:22 -0700] "GET /images/?M=D HTTP/1.1" 200 520 "-" "Mozilla/5.0 (compatible; MJ12bot/v1.4.8; http://mj12bot.com/)" "www.michelleapplebaum.com"
95.216.45.152 - - [17/Sep/2022:20:53:23 -0700] "GET /images/?N=A HTTP/1.1" 200 520 "-" "Mozilla/5.0 (compatible; MJ12bot/v1.4.8; http://mj12bot.com/)" "www.michelleapplebaum.com"
95.216.45.152 - - [17/Sep/2022:20:53:25 -0700] "GET /images/?S=D HTTP/1.1" 200 520 "-" "Mozilla/5.0 (compatible; MJ12bot/v1.4.8; http://mj12bot.com/)" "www.michelleapplebaum.com"
95.216.45.152 - - [17/Sep/2022:20:53:27 -0700] "GET /navigation_bars/?D=D HTTP/1.1" 200 497 "-" "Mozilla/5.0 (compatible; MJ12bot/v1.4.8; http://mj12bot.com/)" "www.michelleapplebaum.com"
95.216.45.152 - - [17/Sep/2022:20:53:29 -0700] "GET /navigation_bars/?N=A HTTP/1.1" 200 497 "-" "Mozilla/5.0 (compatible; MJ12bot/v1.4.8; http://mj12bot.com/)" "www.michelleapplebaum.com"
95.216.45.152 - - [17/Sep/2022:20:53:31 -0700] "GET /navigation_bars/?S=D HTTP/1.1" 200 497 "-" "Mozilla/5.0 (compatible; MJ12bot/v1.4.8; http://mj12bot.com/)" "www.michelleapplebaum.com"
114.119.153.131 - - [17/Sep/2022:20:59:02 -0700] "GET /clipart/pageHeaders?M=A HTTP/1.1" 301 1426 "https://michelleapplebaum.com/clipart/pageHeaders?D=D" "Mozilla/5.0 (Linux; Android 7.0;) AppleWebKit/537.36 (KHTML, like Gecko) Mobile Safari/537.36 (compatible; PetalBot;+https://webmaster.petalsearch.com/site/petalbot)" "michelleapplebaum.com"
114.119.153.131 - - [17/Sep/2022:20:59:03 -0700] "GET /clipart/pageHeaders/?M=A HTTP/1.1" 200 426 "https://michelleapplebaum.com/clipart/pageHeaders?D=D" "Mozilla/5.0 (Linux; Android 7.0;) AppleWebKit/537.36 (KHTML, like Gecko) Mobile Safari/537.36 (compatible; PetalBot;+https://webmaster.petalsearch.com/site/petalbot)" "michelleapplebaum.com"
114.119.153.11 - - [17/Sep/2022:21:04:59 -0700] "GET /images?N=A HTTP/1.1" 301 1417 "http://michelleapplebaum.com/images?D=D" "Mozilla/5.0 (Linux; Android 7.0;) AppleWebKit/537.36 (KHTML, like Gecko) Mobile Safari/537.36 (compatible; PetalBot;+https://webmaster.petalsearch.com/site/petalbot)" "michelleapplebaum.com"
114.119.153.11 - - [17/Sep/2022:21:05:00 -0700] "GET /images/?N=A HTTP/1.1" 200 520 "http://michelleapplebaum.com/images?D=D" "Mozilla/5.0 (Linux; Android 7.0;) AppleWebKit/537.36 (KHTML, like Gecko) Mobile Safari/537.36 (compatible; PetalBot;+https://webmaster.petalsearch.com/site/petalbot)" "michelleapplebaum.com"
114.119.153.118 - - [17/Sep/2022:21:11:23 -0700] "GET /clipart/buttons/themes/?C=M%3BO%3DA HTTP/1.1" 200 361 "http://www.michelleapplebaum.com/clipart/buttons/themes/?C=D%3BO%3DA" "Mozilla/5.0 (Linux; Android 7.0;) AppleWebKit/537.36 (KHTML, like Gecko) Mobile Safari/537.36 (compatible; PetalBot;+https://webmaster.petalsearch.com/site/petalbot)" "www.michelleapplebaum.com"
114.119.153.131 - - [17/Sep/2022:21:16:45 -0700] "GET /clipart/backgrounds/tile/?C=N%3BO%3DD HTTP/1.1" 200 384 "http://michelleapplebaum.com/clipart/backgrounds/tile/" "Mozilla/5.0 (Linux; Android 7.0;) AppleWebKit/537.36 (KHTML, like Gecko) Mobile Safari/537.36 (compatible; PetalBot;+https://webmaster.petalsearch.com/site/petalbot)" "michelleapplebaum.com"
114.119.153.11 - - [17/Sep/2022:21:22:35 -0700] "GET /clipart/backgrounds/tile?D=A HTTP/1.1" 301 1426 "https://michelleapplebaum.com/clipart/backgrounds/tile?N=A" "Mozilla/5.0 (Linux; Android 7.0;) AppleWebKit/537.36 (KHTML, like Gecko) Mobile Safari/537.36 (compatible; PetalBot;+https://webmaster.petalsearch.com/site/petalbot)" "michelleapplebaum.com"
114.119.153.11 - - [17/Sep/2022:21:22:41 -0700] "GET /clipart/backgrounds/tile/?D=A HTTP/1.1" 200 384 "https://michelleapplebaum.com/clipart/backgrounds/tile?N=A" "Mozilla/5.0 (Linux; Android 7.0;) AppleWebKit/537.36 (KHTML, like Gecko) Mobile Safari/537.36 (compatible; PetalBot;+https://webmaster.petalsearch.com/site/petalbot)" "michelleapplebaum.com"
114.119.153.132 - - [17/Sep/2022:21:37:46 -0700] "GET /V.html HTTP/1.1" 200 2667 "http://michelleapplebaum.com/R.html" "Mozilla/5.0 (Linux; Android 7.0;) AppleWebKit/537.36 (KHTML, like Gecko) Mobile Safari/537.36 (compatible; PetalBot;+https://webmaster.petalsearch.com/site/petalbot)" "michelleapplebaum.com"
216.244.66.242 - - [17/Sep/2022:21:42:54 -0700] "GET /robots.txt HTTP/1.1" 200 48 "-" "Mozilla/5.0 (compatible; DotBot/1.2; +https://opensiteexplorer.org/dotbot; help@moz.com)" "www.michelleapplebaum.com"
114.119.153.113 - - [17/Sep/2022:21:50:42 -0700] "GET /clipart/backgrounds/fullpage HTTP/1.1" 301 1420 "http://www.michelleapplebaum.com/clipart/backgrounds" "Mozilla/5.0 (Linux; Android 7.0;) AppleWebKit/537.36 (KHTML, like Gecko) Mobile Safari/537.36 (compatible; PetalBot;+https://webmaster.petalsearch.com/site/petalbot)" "www.michelleapplebaum.com"
114.119.153.113 - - [17/Sep/2022:21:50:44 -0700] "GET /clipart/backgrounds/fullpage/ HTTP/1.1" 200 386 "http://www.michelleapplebaum.com/clipart/backgrounds" "Mozilla/5.0 (Linux; Android 7.0;) AppleWebKit/537.36 (KHTML, like Gecko) Mobile Safari/537.36 (compatible; PetalBot;+https://webmaster.petalsearch.com/site/petalbot)" "www.michelleapplebaum.com"
185.191.171.8 - - [17/Sep/2022:21:54:36 -0700] "GET /robots.txt HTTP/1.1" 200 64 "-" "Mozilla/5.0 (compatible; SemrushBot/7~bl; +http://www.semrush.com/bot.html)" "www.michelleapplebaum.com"
114.119.153.113 - - [17/Sep/2022:21:54:37 -0700] "GET /Survey/help/manage-response.php HTTP/1.1" 200 5759 "https://www.michelleapplebaum.com/Survey/help/index.php" "Mozilla/5.0 (Linux; Android 7.0;) AppleWebKit/537.36 (KHTML, like Gecko) Mobile Safari/537.36 (compatible; PetalBot;+https://webmaster.petalsearch.com/site/petalbot)" "www.michelleapplebaum.com"
185.191.171.25 - - [17/Sep/2022:21:54:40 -0700] "GET /S.html HTTP/1.1" 200 8213 "-" "Mozilla/5.0 (compatible; SemrushBot/7~bl; +http://www.semrush.com/bot.html)" "www.michelleapplebaum.com"
114.119.153.118 - - [17/Sep/2022:22:15:19 -0700] "GET /clipart/buttons/themes?C=D%3BO%3DA HTTP/1.1" 301 1436 "http://www.michelleapplebaum.com/clipart/buttons/themes?C=S%3BO%3DA" "Mozilla/5.0 (Linux; Android 7.0;) AppleWebKit/537.36 (KHTML, like Gecko) Mobile Safari/537.36 (compatible; PetalBot;+https://webmaster.petalsearch.com/site/petalbot)" "www.michelleapplebaum.com"
114.119.153.118 - - [17/Sep/2022:22:15:27 -0700] "GET /clipart/buttons/themes/?C=D%3BO%3DA HTTP/1.1" 200 361 "http://www.michelleapplebaum.com/clipart/buttons/themes?C=S%3BO%3DA" "Mozilla/5.0 (Linux; Android 7.0;) AppleWebKit/537.36 (KHTML, like Gecko) Mobile Safari/537.36 (compatible; PetalBot;+https://webmaster.petalsearch.com/site/petalbot)" "www.michelleapplebaum.com"
210.113.124.53 - - [17/Sep/2022:22:26:31 -0700] "HEAD / HTTP/1.1" 200 - "-" "Mozilla/5.0 (Windows NT 10.0; WOW64) AppleWebKit/537.36 (KHTML, like Gecko) Chrome/83.0.4103.106 Safari/821715" "www.michelleapplebaum.com"
210.113.124.53 - - [17/Sep/2022:22:26:33 -0700] "GET / HTTP/1.1" 200 782 "-" "Mozilla/5.0 (Windows NT 10.0; WOW64) AppleWebKit/537.36 (KHTML, like Gecko) Chrome/83.0.4103.106 Safari/821715" "www.michelleapplebaum.com"
210.113.124.53 - - [17/Sep/2022:22:26:35 -0700] "GET /favicon.ico HTTP/1.1" 404 88 "-" "Mozilla/5.0 (Windows NT 10.0; WOW64) AppleWebKit/537.36 (KHTML, like Gecko) Chrome/83.0.4103.106 Safari/821715" "www.michelleapplebaum.com"
34.204.5.191 - - [17/Sep/2022:22:26:36 -0700] "GET /favicon.ico HTTP/1.1" 404 88 "-" "Mozilla/5.0 (Windows NT 10.0; WOW64) AppleWebKit/537.36 (KHTML, like Gecko) Chrome/83.0.4103.106 Safari/537.36" "www.michelleapplebaum.com"
44.203.180.33 - - [17/Sep/2022:22:27:42 -0700] "GET / HTTP/1.1" 200 782 "-" "Mozilla/5.0 (Macintosh; Intel Mac OS X 10_15_7) AppleWebKit/605.1.15 (KHTML, like Gecko) Version/15.0 Safari/605.1.15" "www.michelleapplebaum.com"
114.119.153.113 - - [17/Sep/2022:22:29:57 -0700] "GET /clipart/buttons/themes/sleek/?C=M%3BO%3DA HTTP/1.1" 200 413 "https://michelleapplebaum.com/clipart/buttons/themes/sleek?C=S%3BO%3DA" "Mozilla/5.0 (Linux; Android 7.0;) AppleWebKit/537.36 (KHTML, like Gecko) Mobile Safari/537.36 (compatible; PetalBot;+https://webmaster.petalsearch.com/site/petalbot)" "michelleapplebaum.com"
216.244.66.242 - - [17/Sep/2022:22:33:18 -0700] "GET /robots.txt HTTP/1.1" 200 48 "-" "Mozilla/5.0 (compatible; DotBot/1.2; +https://opensiteexplorer.org/dotbot; help@moz.com)" "michelleapplebaum.com"
114.119.153.132 - - [17/Sep/2022:22:44:19 -0700] "GET /clipart/buttons/themes/?C=M%3BO%3DA HTTP/1.1" 200 361 "https://michelleapplebaum.com/clipart/buttons/themes/?C=N%3BO%3DD" "Mozilla/5.0 (Linux; Android 7.0;) AppleWebKit/537.36 (KHTML, like Gecko) Mobile Safari/537.36 (compatible; PetalBot;+https://webmaster.petalsearch.com/site/petalbot)" "michelleapplebaum.com"
114.119.153.131 - - [17/Sep/2022:23:03:52 -0700] "GET /clipart/pageHeaders?N=A HTTP/1.1" 301 1426 "https://michelleapplebaum.com/clipart/pageHeaders?D=D" "Mozilla/5.0 (Linux; Android 7.0;) AppleWebKit/537.36 (KHTML, like Gecko) Mobile Safari/537.36 (compatible; PetalBot;+https://webmaster.petalsearch.com/site/petalbot)" "michelleapplebaum.com"
114.119.153.131 - - [17/Sep/2022:23:03:56 -0700] "GET /clipart/pageHeaders/?N=A HTTP/1.1" 200 426 "https://michelleapplebaum.com/clipart/pageHeaders?D=D" "Mozilla/5.0 (Linux; Android 7.0;) AppleWebKit/537.36 (KHTML, like Gecko) Mobile Safari/537.36 (compatible; PetalBot;+https://webmaster.petalsearch.com/site/petalbot)" "michelleapplebaum.com"
207.46.13.229 - - [17/Sep/2022:23:04:49 -0700] "GET /robots.txt HTTP/1.1" 200 64 "-" "Mozilla/5.0 (compatible; bingbot/2.0; +http://www.bing.com/bingbot.htm)" "michelleapplebaum.com"
207.46.13.229 - - [17/Sep/2022:23:04:49 -0700] "GET /robots.txt HTTP/1.1" 200 64 "-" "Mozilla/5.0 (compatible; bingbot/2.0; +http://www.bing.com/bingbot.htm)" "michelleapplebaum.com"
207.46.13.43 - - [17/Sep/2022:23:04:52 -0700] "GET /Survey/ HTTP/1.1" 200 2015 "-" "Mozilla/5.0 (compatible; bingbot/2.0; +http://www.bing.com/bingbot.htm)" "michelleapplebaum.com"
40.77.167.63 - - [17/Sep/2022:23:05:08 -0700] "GET /Survey/css/main.css HTTP/1.1" 200 388 "-" "Mozilla/5.0 (compatible; bingbot/2.0; +http://www.bing.com/bingbot.htm)" "michelleapplebaum.com"
114.119.153.11 - - [17/Sep/2022:23:15:07 -0700] "GET /clipart/backgrounds/sidebar/?C=D%3BO%3DA HTTP/1.1" 200 398 "http://www.michelleapplebaum.com/clipart/backgrounds/sidebar/?C=N%3BO%3DD" "Mozilla/5.0 (Linux; Android 7.0;) AppleWebKit/537.36 (KHTML, like Gecko) Mobile Safari/537.36 (compatible; PetalBot;+https://webmaster.petalsearch.com/site/petalbot)" "www.michelleapplebaum.com"
216.244.66.242 - - [17/Sep/2022:23:24:34 -0700] "GET /robots.txt HTTP/1.1" 200 48 "-" "Mozilla/5.0 (compatible; DotBot/1.2; +https://opensiteexplorer.org/dotbot; help@moz.com)" "www.michelleapplebaum.com"
216.244.66.242 - - [17/Sep/2022:23:24:34 -0700] "GET /robots.txt HTTP/1.1" 200 48 "-" "Mozilla/5.0 (compatible; DotBot/1.2; +https://opensiteexplorer.org/dotbot; help@moz.com)" "michelleapplebaum.com"
35.180.207.214 - - [17/Sep/2022:23:46:01 -0700] "GET / HTTP/1.1" 200 4956 "-" "Mozilla/5.0 (Windows NT 10.0; Win64; x64) AppleWebKit/537.36 (KHTML, like Gecko) Chrome/88.0.4240.193 Safari/537.36" "michelleapplebaum.com"
35.180.207.214 - - [17/Sep/2022:23:46:01 -0700] "GET / HTTP/1.1" 200 4956 "-" "Mozilla/5.0 (Windows NT 10.0; Win64; x64) AppleWebKit/537.36 (KHTML, like Gecko) Chrome/88.0.4240.193 Safari/537.36" "michelleapplebaum.com"
35.180.207.214 - - [17/Sep/2022:23:46:01 -0700] "GET /wp-includes/wlwmanifest.xml HTTP/1.1" 404 73 "-" "Mozilla/5.0 (Windows NT 10.0; Win64; x64) AppleWebKit/537.36 (KHTML, like Gecko) Chrome/88.0.4240.193 Safari/537.36" "michelleapplebaum.com"
35.180.207.214 - - [17/Sep/2022:23:46:02 -0700] "GET / HTTP/1.1" 200 4956 "-" "Mozilla/5.0 (Windows NT 10.0; Win64; x64) AppleWebKit/537.36 (KHTML, like Gecko) Chrome/88.0.4240.193 Safari/537.36" "michelleapplebaum.com"
35.180.207.214 - - [17/Sep/2022:23:46:02 -0700] "GET /blog/wp-includes/wlwmanifest.xml HTTP/1.1" 200 1045 "-" "Mozilla/5.0 (Windows NT 10.0; Win64; x64) AppleWebKit/537.36 (KHTML, like Gecko) Chrome/88.0.4240.193 Safari/537.36" "michelleapplebaum.com"
35.180.207.214 - - [17/Sep/2022:23:46:02 -0700] "GET /blog//wp-login.php HTTP/1.1" 500 251 "-" "Mozilla/5.0 (Windows NT 10.0; Win64; x64) AppleWebKit/537.36 (KHTML, like Gecko) Chrome/88.0.4240.193 Safari/537.36" "michelleapplebaum.com"
88.214.43.118 - - [18/Sep/2022:00:08:37 -0700] "GET /phpinf0.php HTTP/1.1" 404 88 "-" "Mozilla/5.0 (X11; Linux x86_64) AppleWebKit/537.36 (KHTML, like Gecko) Chrome/81.0.4044.129 Safari/537.36" "michelleapplebaum.com"
88.214.43.118 - - [18/Sep/2022:00:08:38 -0700] "GET /phpinf0.php HTTP/1.1" 404 88 "-" "Mozilla/5.0 (X11; Linux x86_64) AppleWebKit/537.36 (KHTML, like Gecko) Chrome/81.0.4044.129 Safari/537.36" "michelleapplebaum.com"
216.244.66.242 - - [18/Sep/2022:00:16:16 -0700] "GET /robots.txt HTTP/1.1" 200 48 "-" "Mozilla/5.0 (compatible; DotBot/1.2; +https://opensiteexplorer.org/dotbot; help@moz.com)" "michelleapplebaum.com"
216.244.66.242 - - [18/Sep/2022:00:16:16 -0700] "GET /robots.txt HTTP/1.1" 200 48 "-" "Mozilla/5.0 (compatible; DotBot/1.2; +https://opensiteexplorer.org/dotbot; help@moz.com)" "www.michelleapplebaum.com"
216.244.66.242 - - [18/Sep/2022:00:23:59 -0700] "GET /applets/?M=A HTTP/1.1" 200 709 "-" "Mozilla/5.0 (compatible; DotBot/1.2; +https://opensiteexplorer.org/dotbot; help@moz.com)" "michelleapplebaum.com"
114.119.153.118 - - [18/Sep/2022:00:24:43 -0700] "GET /tmp HTTP/1.1" 403 170 "https://michelleapplebaum.com/" "Mozilla/5.0 (Linux; Android 7.0;) AppleWebKit/537.36 (KHTML, like Gecko) Mobile Safari/537.36 (compatible; PetalBot;+https://webmaster.petalsearch.com/site/petalbot)" "michelleapplebaum.com"
114.119.153.132 - - [18/Sep/2022:00:38:50 -0700] "GET /clipart/backgrounds?D=A HTTP/1.1" 301 1422 "http://michelleapplebaum.com/clipart/backgrounds?D=D" "Mozilla/5.0 (Linux; Android 7.0;) AppleWebKit/537.36 (KHTML, like Gecko) Mobile Safari/537.36 (compatible; PetalBot;+https://webmaster.petalsearch.com/site/petalbot)" "michelleapplebaum.com"
114.119.153.132 - - [18/Sep/2022:00:39:01 -0700] "GET /clipart/backgrounds/?D=A HTTP/1.1" 200 402 "http://michelleapplebaum.com/clipart/backgrounds?D=D" "Mozilla/5.0 (Linux; Android 7.0;) AppleWebKit/537.36 (KHTML, like Gecko) Mobile Safari/537.36 (compatible; PetalBot;+https://webmaster.petalsearch.com/site/petalbot)" "michelleapplebaum.com"
195.178.120.89 - - [18/Sep/2022:00:56:44 -0700] "GET /wp-admin/admin-post.php?local-download=../../../etc/passwd&local-destination-id=../../../etc/passwd HTTP/1.1" 404 88 "www.google.com" "Mozlila/5.0 (Linux; Android 7.0; SM-G892A Bulid/NRD90M; wv) AppleWebKit/537.36 (KHTML, like Gecko) Version/4.0 Chrome/60.0.3112.107 Moblie Safari/537.36" "www.michelleapplebaum.com"
185.191.171.21 - - [18/Sep/2022:00:56:58 -0700] "GET /robots.txt HTTP/1.1" 200 64 "-" "Mozilla/5.0 (compatible; SemrushBot/7~bl; +http://www.semrush.com/bot.html)" "michelleapplebaum.com"
185.191.171.7 - - [18/Sep/2022:00:56:58 -0700] "GET /sitebuilder/login.php HTTP/1.1" 500 - "-" "Mozilla/5.0 (compatible; SemrushBot/7~bl; +http://www.semrush.com/bot.html)" "michelleapplebaum.com"
40.77.167.63 - - [18/Sep/2022:01:01:58 -0700] "GET /navigation_bars/?C=N;O=A HTTP/1.1" 200 497 "-" "Mozilla/5.0 (compatible; bingbot/2.0; +http://www.bing.com/bingbot.htm)" "www.michelleapplebaum.com"
34.221.109.114 - - [18/Sep/2022:01:08:01 -0700] "GET / HTTP/1.1" 200 782 "-" "Mozilla/5.0 (X11; Linux x86_64) AppleWebKit/537.36 (KHTML, like Gecko) Chrome/83.0.4103.97 Safari/537.36" "michelleapplebaum.com"
35.87.142.73 - - [18/Sep/2022:01:08:06 -0700] "GET / HTTP/1.1" 200 782 "-" "Mozilla/5.0 (X11; Linux x86_64) AppleWebKit/537.36 (KHTML, like Gecko) Chrome/83.0.4103.97 Safari/537.36" "michelleapplebaum.com"
216.244.66.242 - - [18/Sep/2022:01:08:08 -0700] "GET /robots.txt HTTP/1.1" 200 48 "-" "Mozilla/5.0 (compatible; DotBot/1.2; +https://opensiteexplorer.org/dotbot; help@moz.com)" "www.michelleapplebaum.com"
216.244.66.242 - - [18/Sep/2022:01:08:08 -0700] "GET /robots.txt HTTP/1.1" 200 48 "-" "Mozilla/5.0 (compatible; DotBot/1.2; +https://opensiteexplorer.org/dotbot; help@moz.com)" "michelleapplebaum.com"
35.160.119.172 - - [18/Sep/2022:01:09:14 -0700] "GET / HTTP/1.1" 200 782 "-" "Mozilla/5.0 (X11; Linux x86_64) AppleWebKit/537.36 (KHTML, like Gecko) Chrome/83.0.4103.97 Safari/537.36" "michelleapplebaum.com"
34.221.202.50 - - [18/Sep/2022:01:11:27 -0700] "GET /favicon.ico HTTP/1.1" 404 88 "-" "Mozilla/5.0 (X11; Linux x86_64) AppleWebKit/537.36 (KHTML, like Gecko) Chrome/83.0.4103.97 Safari/537.36" "michelleapplebaum.com"
34.221.202.50 - - [18/Sep/2022:01:11:28 -0700] "GET / HTTP/1.1" 200 782 "-" "Mozilla/5.0 (X11; Linux x86_64) AppleWebKit/537.36 (KHTML, like Gecko) Chrome/83.0.4103.97 Safari/537.36" "michelleapplebaum.com"
114.119.153.113 - - [18/Sep/2022:01:23:50 -0700] "GET /U.html HTTP/1.1" 200 2128 "http://michelleapplebaum.com/C.html" "Mozilla/5.0 (Linux; Android 7.0;) AppleWebKit/537.36 (KHTML, like Gecko) Mobile Safari/537.36 (compatible; PetalBot;+https://webmaster.petalsearch.com/site/petalbot)" "michelleapplebaum.com"
114.119.153.113 - - [18/Sep/2022:01:29:51 -0700] "GET /clipart/backgrounds/fullpage?C=S%3BO%3DA HTTP/1.1" 301 1432 "https://michelleapplebaum.com/clipart/backgrounds/fullpage?M=D" "Mozilla/5.0 (Linux; Android 7.0;) AppleWebKit/537.36 (KHTML, like Gecko) Mobile Safari/537.36 (compatible; PetalBot;+https://webmaster.petalsearch.com/site/petalbot)" "michelleapplebaum.com"
123.183.224.71 - - [18/Sep/2022:01:31:00 -0700] "GET / HTTP/1.1" 200 782 "-" "Sogou web spider/4.0(+http://www.sogou.com/docs/help/webmasters.htm#07)" "michelleapplebaum.com"
207.46.13.232 - - [18/Sep/2022:01:47:29 -0700] "GET /robots.txt HTTP/1.1" 200 64 "-" "Mozilla/5.0 (compatible; bingbot/2.0; +http://www.bing.com/bingbot.htm)" "michelleapplebaum.com"
157.55.39.86 - - [18/Sep/2022:01:47:39 -0700] "GET /sitemap.xml HTTP/1.1" 200 175 "-" "Mozilla/5.0 (compatible; bingbot/2.0; +http://www.bing.com/bingbot.htm)" "michelleapplebaum.com"
216.244.66.242 - - [18/Sep/2022:02:00:09 -0700] "GET /robots.txt HTTP/1.1" 200 48 "-" "Mozilla/5.0 (compatible; DotBot/1.2; +https://opensiteexplorer.org/dotbot; help@moz.com)" "www.michelleapplebaum.com"
216.244.66.242 - - [18/Sep/2022:02:00:09 -0700] "GET /robots.txt HTTP/1.1" 200 48 "-" "Mozilla/5.0 (compatible; DotBot/1.2; +https://opensiteexplorer.org/dotbot; help@moz.com)" "michelleapplebaum.com"
114.119.153.11 - - [18/Sep/2022:02:02:41 -0700] "GET /clipart/backgrounds/?C=M%3BO%3DA HTTP/1.1" 200 402 "http://www.michelleapplebaum.com/clipart/backgrounds" "Mozilla/5.0 (Linux; Android 7.0;) AppleWebKit/537.36 (KHTML, like Gecko) Mobile Safari/537.36 (compatible; PetalBot;+https://webmaster.petalsearch.com/site/petalbot)" "www.michelleapplebaum.com"
65.108.142.49 - - [18/Sep/2022:02:03:32 -0700] "GET /robots.txt HTTP/1.1" 200 48 "-" "Mozilla/5.0 (compatible; MJ12bot/v1.4.8; http://mj12bot.com/)" "www.michelleapplebaum.com"
65.108.142.49 - - [18/Sep/2022:02:03:35 -0700] "GET /applets/TimeStamp.class HTTP/1.1" 200 6883 "-" "Mozilla/5.0 (compatible; MJ12bot/v1.4.8; http://mj12bot.com/)" "www.michelleapplebaum.com"
114.119.153.132 - - [18/Sep/2022:02:19:15 -0700] "GET /applets?M=A HTTP/1.1" 301 1416 "http://michelleapplebaum.com/applets/" "Mozilla/5.0 (Linux; Android 7.0;) AppleWebKit/537.36 (KHTML, like Gecko) Mobile Safari/537.36 (compatible; PetalBot;+https://webmaster.petalsearch.com/site/petalbot)" "michelleapplebaum.com"
114.119.153.132 - - [18/Sep/2022:02:19:19 -0700] "GET /applets/?M=A HTTP/1.1" 200 368 "http://michelleapplebaum.com/applets/" "Mozilla/5.0 (Linux; Android 7.0;) AppleWebKit/537.36 (KHTML, like Gecko) Mobile Safari/537.36 (compatible; PetalBot;+https://webmaster.petalsearch.com/site/petalbot)" "michelleapplebaum.com"
114.119.153.113 - - [18/Sep/2022:02:44:07 -0700] "GET /?C=S%3BO%3DA HTTP/1.1" 200 782 "http://michelleapplebaum.com/?C=M%3BO%3DA" "Mozilla/5.0 (Linux; Android 7.0;) AppleWebKit/537.36 (KHTML, like Gecko) Mobile Safari/537.36 (compatible; PetalBot;+https://webmaster.petalsearch.com/site/petalbot)" "michelleapplebaum.com"
216.244.66.242 - - [18/Sep/2022:02:51:58 -0700] "GET /robots.txt HTTP/1.1" 200 48 "-" "Mozilla/5.0 (compatible; DotBot/1.2; +https://opensiteexplorer.org/dotbot; help@moz.com)" "www.michelleapplebaum.com"
114.119.153.113 - - [18/Sep/2022:03:12:29 -0700] "GET /clipart/pageHeaders?S=A HTTP/1.1" 301 1426 "https://michelleapplebaum.com/clipart/pageHeaders?D=D" "Mozilla/5.0 (Linux; Android 7.0;) AppleWebKit/537.36 (KHTML, like Gecko) Mobile Safari/537.36 (compatible; PetalBot;+https://webmaster.petalsearch.com/site/petalbot)" "michelleapplebaum.com"
114.119.153.113 - - [18/Sep/2022:03:12:33 -0700] "GET /clipart/pageHeaders/?S=A HTTP/1.1" 200 426 "https://michelleapplebaum.com/clipart/pageHeaders?D=D" "Mozilla/5.0 (Linux; Android 7.0;) AppleWebKit/537.36 (KHTML, like Gecko) Mobile Safari/537.36 (compatible; PetalBot;+https://webmaster.petalsearch.com/site/petalbot)" "michelleapplebaum.com"
114.119.153.11 - - [18/Sep/2022:03:24:12 -0700] "GET /images/ HTTP/1.1" 200 520 "https://www.michelleapplebaum.com/?C=D%3BO%3DA" "Mozilla/5.0 (Linux; Android 7.0;) AppleWebKit/537.36 (KHTML, like Gecko) Mobile Safari/537.36 (compatible; PetalBot;+https://webmaster.petalsearch.com/site/petalbot)" "www.michelleapplebaum.com"
114.119.153.132 - - [18/Sep/2022:03:29:38 -0700] "GET /clipart/buttons/themes/sleek/?C=D%3BO%3DA HTTP/1.1" 200 413 "http://www.michelleapplebaum.com/clipart/buttons/themes/sleek" "Mozilla/5.0 (Linux; Android 7.0;) AppleWebKit/537.36 (KHTML, like Gecko) Mobile Safari/537.36 (compatible; PetalBot;+https://webmaster.petalsearch.com/site/petalbot)" "www.michelleapplebaum.com"
114.119.153.113 - - [18/Sep/2022:03:38:53 -0700] "GET /navigation_bars/Home.nav HTTP/1.1" 200 4154 "-" "Mozilla/5.0 (compatible;PetalBot;+https://webmaster.petalsearch.com/site/petalbot)" "www.michelleapplebaum.com"
114.119.153.113 - - [18/Sep/2022:03:41:41 -0700] "GET /clipart/backgrounds/sidebar?C=M%3BO%3DA HTTP/1.1" 301 1437 "https://michelleapplebaum.com/clipart/backgrounds/sidebar?D=A" "Mozilla/5.0 (Linux; Android 7.0;) AppleWebKit/537.36 (KHTML, like Gecko) Mobile Safari/537.36 (compatible; PetalBot;+https://webmaster.petalsearch.com/site/petalbot)" "michelleapplebaum.com"
114.119.153.113 - - [18/Sep/2022:03:41:47 -0700] "GET /clipart/backgrounds/sidebar/?C=M%3BO%3DA HTTP/1.1" 200 398 "https://michelleapplebaum.com/clipart/backgrounds/sidebar?D=A" "Mozilla/5.0 (Linux; Android 7.0;) AppleWebKit/537.36 (KHTML, like Gecko) Mobile Safari/537.36 (compatible; PetalBot;+https://webmaster.petalsearch.com/site/petalbot)" "michelleapplebaum.com"
216.244.66.242 - - [18/Sep/2022:03:44:27 -0700] "GET /robots.txt HTTP/1.1" 200 48 "-" "Mozilla/5.0 (compatible; DotBot/1.2; +https://opensiteexplorer.org/dotbot; help@moz.com)" "michelleapplebaum.com"
216.244.66.242 - - [18/Sep/2022:03:44:27 -0700] "GET /robots.txt HTTP/1.1" 200 48 "-" "Mozilla/5.0 (compatible; DotBot/1.2; +https://opensiteexplorer.org/dotbot; help@moz.com)" "www.michelleapplebaum.com"
114.119.153.11 - - [18/Sep/2022:03:47:34 -0700] "GET /sitebuilder HTTP/1.1" 301 1417 "https://michelleapplebaum.com" "Mozilla/5.0 (Linux; Android 7.0;) AppleWebKit/537.36 (KHTML, like Gecko) Mobile Safari/537.36 (compatible; PetalBot;+https://webmaster.petalsearch.com/site/petalbot)" "michelleapplebaum.com"
114.119.153.11 - - [18/Sep/2022:03:47:39 -0700] "GET /sitebuilder/ HTTP/1.1" 302 319 "https://michelleapplebaum.com" "Mozilla/5.0 (Linux; Android 7.0;) AppleWebKit/537.36 (KHTML, like Gecko) Mobile Safari/537.36 (compatible; PetalBot;+https://webmaster.petalsearch.com/site/petalbot)" "michelleapplebaum.com"
114.119.153.11 - - [18/Sep/2022:03:47:45 -0700] "GET /sitebuilder/login.php HTTP/1.1" 200 17193 "https://michelleapplebaum.com" "Mozilla/5.0 (Linux; Android 7.0;) AppleWebKit/537.36 (KHTML, like Gecko) Mobile Safari/537.36 (compatible; PetalBot;+https://webmaster.petalsearch.com/site/petalbot)" "michelleapplebaum.com"
114.119.153.113 - - [18/Sep/2022:03:53:34 -0700] "GET /applets/TimeStamp.class HTTP/1.1" 200 6883 "http://www.michelleapplebaum.com/applets/?C=D%3BO%3DA" "Mozilla/5.0 (Linux; Android 7.0;) AppleWebKit/537.36 (KHTML, like Gecko) Mobile Safari/537.36 (compatible; PetalBot;+https://webmaster.petalsearch.com/site/petalbot)" "www.michelleapplebaum.com"
114.119.153.113 - - [18/Sep/2022:03:58:26 -0700] "GET /O.html HTTP/1.1" 200 2885 "https://www.michelleapplebaum.com/steelglossary.html" "Mozilla/5.0 (Linux; Android 7.0;) AppleWebKit/537.36 (KHTML, like Gecko) Mobile Safari/537.36 (compatible; PetalBot;+https://webmaster.petalsearch.com/site/petalbot)" "www.michelleapplebaum.com"
