42.200.228.33 - - [18/Sep/2022:21:37:35 -0700] "GET /H.html HTTP/1.1" 200 4416 "-" "Mozilla/5.0 (compatible; MJ12bot/v1.4.8; http://mj12bot.com/)" "michelleapplebaum.com"
42.200.228.33 - - [18/Sep/2022:21:37:37 -0700] "GET /I.html HTTP/1.1" 200 3461 "-" "Mozilla/5.0 (compatible; MJ12bot/v1.4.8; http://mj12bot.com/)" "michelleapplebaum.com"
42.200.228.33 - - [18/Sep/2022:21:37:39 -0700] "GET /L.html HTTP/1.1" 200 3403 "-" "Mozilla/5.0 (compatible; MJ12bot/v1.4.8; http://mj12bot.com/)" "michelleapplebaum.com"
42.200.228.33 - - [18/Sep/2022:21:37:41 -0700] "GET /M.html HTTP/1.1" 200 3539 "-" "Mozilla/5.0 (compatible; MJ12bot/v1.4.8; http://mj12bot.com/)" "michelleapplebaum.com"
42.200.228.33 - - [18/Sep/2022:21:37:42 -0700] "GET /N.html HTTP/1.1" 200 2764 "-" "Mozilla/5.0 (compatible; MJ12bot/v1.4.8; http://mj12bot.com/)" "michelleapplebaum.com"
42.200.228.33 - - [18/Sep/2022:21:37:44 -0700] "GET /O.html HTTP/1.1" 200 2885 "-" "Mozilla/5.0 (compatible; MJ12bot/v1.4.8; http://mj12bot.com/)" "michelleapplebaum.com"
42.200.228.33 - - [18/Sep/2022:21:37:46 -0700] "GET /P.html HTTP/1.1" 200 3692 "-" "Mozilla/5.0 (compatible; MJ12bot/v1.4.8; http://mj12bot.com/)" "michelleapplebaum.com"
42.200.228.33 - - [18/Sep/2022:21:37:48 -0700] "GET /Q.html HTTP/1.1" 200 2470 "-" "Mozilla/5.0 (compatible; MJ12bot/v1.4.8; http://mj12bot.com/)" "michelleapplebaum.com"
42.200.228.33 - - [18/Sep/2022:21:37:49 -0700] "GET /R.html HTTP/1.1" 200 3732 "-" "Mozilla/5.0 (compatible; MJ12bot/v1.4.8; http://mj12bot.com/)" "michelleapplebaum.com"
42.200.228.33 - - [18/Sep/2022:21:37:51 -0700] "GET /S.html HTTP/1.1" 200 8213 "-" "Mozilla/5.0 (compatible; MJ12bot/v1.4.8; http://mj12bot.com/)" "michelleapplebaum.com"
42.200.228.33 - - [18/Sep/2022:21:37:53 -0700] "GET /T.html HTTP/1.1" 200 4525 "-" "Mozilla/5.0 (compatible; MJ12bot/v1.4.8; http://mj12bot.com/)" "michelleapplebaum.com"
42.200.228.33 - - [18/Sep/2022:21:37:55 -0700] "GET /U.html HTTP/1.1" 200 2128 "-" "Mozilla/5.0 (compatible; MJ12bot/v1.4.8; http://mj12bot.com/)" "michelleapplebaum.com"
42.200.228.33 - - [18/Sep/2022:21:37:56 -0700] "GET /V.html HTTP/1.1" 200 2667 "-" "Mozilla/5.0 (compatible; MJ12bot/v1.4.8; http://mj12bot.com/)" "michelleapplebaum.com"
42.200.228.33 - - [18/Sep/2022:21:37:58 -0700] "GET /W.html HTTP/1.1" 200 2282 "-" "Mozilla/5.0 (compatible; MJ12bot/v1.4.8; http://mj12bot.com/)" "michelleapplebaum.com"
42.200.228.33 - - [18/Sep/2022:21:38:00 -0700] "GET /Y.html HTTP/1.1" 200 1986 "-" "Mozilla/5.0 (compatible; MJ12bot/v1.4.8; http://mj12bot.com/)" "michelleapplebaum.com"
42.200.228.33 - - [18/Sep/2022:21:38:02 -0700] "GET /sitebuilder/ HTTP/1.1" 302 319 "-" "Mozilla/5.0 (compatible; MJ12bot/v1.4.8; http://mj12bot.com/)" "michelleapplebaum.com"
42.200.228.33 - - [18/Sep/2022:21:38:04 -0700] "GET /sitebuilder/login.php HTTP/1.1" 200 17193 "-" "Mozilla/5.0 (compatible; MJ12bot/v1.4.8; http://mj12bot.com/)" "michelleapplebaum.com"
42.200.228.33 - - [18/Sep/2022:21:38:07 -0700] "GET /sitebuilder/login.php HTTP/1.1" 200 17193 "-" "Mozilla/5.0 (compatible; MJ12bot/v1.4.8; http://mj12bot.com/)" "michelleapplebaum.com"
42.200.228.33 - - [18/Sep/2022:21:38:09 -0700] "GET /robots.txt HTTP/1.1" 200 48 "-" "Mozilla/5.0 (compatible; MJ12bot/v1.4.8; http://mj12bot.com/)" "www.michelleapplebaum.com"
42.200.228.33 - - [18/Sep/2022:21:38:11 -0700] "GET /?C=D;O=A HTTP/1.1" 200 782 "-" "Mozilla/5.0 (compatible; MJ12bot/v1.4.8; http://mj12bot.com/)" "www.michelleapplebaum.com"
42.200.228.33 - - [18/Sep/2022:21:38:13 -0700] "GET /?C=D;O=D HTTP/1.1" 200 787 "-" "Mozilla/5.0 (compatible; MJ12bot/v1.4.8; http://mj12bot.com/)" "www.michelleapplebaum.com"
42.200.228.33 - - [18/Sep/2022:21:38:15 -0700] "GET /?C=M;O=A HTTP/1.1" 200 777 "-" "Mozilla/5.0 (compatible; MJ12bot/v1.4.8; http://mj12bot.com/)" "www.michelleapplebaum.com"
42.200.228.33 - - [18/Sep/2022:21:38:17 -0700] "GET /?C=M;O=D HTTP/1.1" 200 776 "-" "Mozilla/5.0 (compatible; MJ12bot/v1.4.8; http://mj12bot.com/)" "www.michelleapplebaum.com"
42.200.228.33 - - [18/Sep/2022:21:38:20 -0700] "GET /?C=N;O=A HTTP/1.1" 200 782 "-" "Mozilla/5.0 (compatible; MJ12bot/v1.4.8; http://mj12bot.com/)" "www.michelleapplebaum.com"
42.200.228.33 - - [18/Sep/2022:21:38:21 -0700] "GET /?C=N;O=D HTTP/1.1" 200 787 "-" "Mozilla/5.0 (compatible; MJ12bot/v1.4.8; http://mj12bot.com/)" "www.michelleapplebaum.com"
42.200.228.33 - - [18/Sep/2022:21:38:23 -0700] "GET /?C=S;O=A HTTP/1.1" 200 764 "-" "Mozilla/5.0 (compatible; MJ12bot/v1.4.8; http://mj12bot.com/)" "www.michelleapplebaum.com"
42.200.228.33 - - [18/Sep/2022:21:38:25 -0700] "GET /?C=S;O=D HTTP/1.1" 200 766 "-" "Mozilla/5.0 (compatible; MJ12bot/v1.4.8; http://mj12bot.com/)" "www.michelleapplebaum.com"
42.200.228.33 - - [18/Sep/2022:21:38:26 -0700] "GET /robots.txt HTTP/1.1" 200 48 "-" "Mozilla/5.0 (compatible; MJ12bot/v1.4.8; http://mj12bot.com/)" "www.michelleapplebaum.com"
42.200.228.33 - - [18/Sep/2022:21:38:28 -0700] "GET /?D=A HTTP/1.1" 200 782 "-" "Mozilla/5.0 (compatible; MJ12bot/v1.4.8; http://mj12bot.com/)" "www.michelleapplebaum.com"
42.200.228.33 - - [18/Sep/2022:21:38:30 -0700] "GET /?M=A HTTP/1.1" 200 782 "-" "Mozilla/5.0 (compatible; MJ12bot/v1.4.8; http://mj12bot.com/)" "www.michelleapplebaum.com"
42.200.228.33 - - [18/Sep/2022:21:38:32 -0700] "GET /?N=D HTTP/1.1" 200 782 "-" "Mozilla/5.0 (compatible; MJ12bot/v1.4.8; http://mj12bot.com/)" "www.michelleapplebaum.com"
42.200.228.33 - - [18/Sep/2022:21:38:33 -0700] "GET /?S=A HTTP/1.1" 200 782 "-" "Mozilla/5.0 (compatible; MJ12bot/v1.4.8; http://mj12bot.com/)" "www.michelleapplebaum.com"
42.200.228.33 - - [18/Sep/2022:21:38:35 -0700] "GET /D.html HTTP/1.1" 200 4367 "-" "Mozilla/5.0 (compatible; MJ12bot/v1.4.8; http://mj12bot.com/)" "www.michelleapplebaum.com"
42.200.228.33 - - [18/Sep/2022:21:38:37 -0700] "GET /E.html HTTP/1.1" 200 3180 "-" "Mozilla/5.0 (compatible; MJ12bot/v1.4.8; http://mj12bot.com/)" "www.michelleapplebaum.com"
42.200.228.33 - - [18/Sep/2022:21:38:38 -0700] "GET /G.html HTTP/1.1" 200 3404 "-" "Mozilla/5.0 (compatible; MJ12bot/v1.4.8; http://mj12bot.com/)" "www.michelleapplebaum.com"
42.200.228.33 - - [18/Sep/2022:21:38:40 -0700] "GET /N.html HTTP/1.1" 200 2764 "-" "Mozilla/5.0 (compatible; MJ12bot/v1.4.8; http://mj12bot.com/)" "www.michelleapplebaum.com"
42.200.228.33 - - [18/Sep/2022:21:38:42 -0700] "GET /O.html HTTP/1.1" 200 2885 "-" "Mozilla/5.0 (compatible; MJ12bot/v1.4.8; http://mj12bot.com/)" "www.michelleapplebaum.com"
42.200.228.33 - - [18/Sep/2022:21:38:44 -0700] "GET /S.html HTTP/1.1" 200 8213 "-" "Mozilla/5.0 (compatible; MJ12bot/v1.4.8; http://mj12bot.com/)" "www.michelleapplebaum.com"
42.200.228.33 - - [18/Sep/2022:21:38:45 -0700] "GET /Survey/ HTTP/1.1" 200 2019 "-" "Mozilla/5.0 (compatible; MJ12bot/v1.4.8; http://mj12bot.com/)" "www.michelleapplebaum.com"
42.200.228.33 - - [18/Sep/2022:21:38:48 -0700] "GET /Survey/ HTTP/1.1" 200 2019 "-" "Mozilla/5.0 (compatible; MJ12bot/v1.4.8; http://mj12bot.com/)" "www.michelleapplebaum.com"
42.200.228.33 - - [18/Sep/2022:21:38:50 -0700] "GET /Survey/help/index.php HTTP/1.1" 200 5800 "-" "Mozilla/5.0 (compatible; MJ12bot/v1.4.8; http://mj12bot.com/)" "www.michelleapplebaum.com"
42.200.228.33 - - [18/Sep/2022:21:38:52 -0700] "GET /applets/ HTTP/1.1" 200 368 "-" "Mozilla/5.0 (compatible; MJ12bot/v1.4.8; http://mj12bot.com/)" "www.michelleapplebaum.com"
42.200.228.33 - - [18/Sep/2022:21:38:53 -0700] "GET /applets/ HTTP/1.1" 200 368 "-" "Mozilla/5.0 (compatible; MJ12bot/v1.4.8; http://mj12bot.com/)" "www.michelleapplebaum.com"
42.200.228.33 - - [18/Sep/2022:21:38:55 -0700] "GET /applets/?C=D;O=A HTTP/1.1" 200 368 "-" "Mozilla/5.0 (compatible; MJ12bot/v1.4.8; http://mj12bot.com/)" "www.michelleapplebaum.com"
42.200.228.33 - - [18/Sep/2022:21:38:57 -0700] "GET /applets/?C=M;O=A HTTP/1.1" 200 368 "-" "Mozilla/5.0 (compatible; MJ12bot/v1.4.8; http://mj12bot.com/)" "www.michelleapplebaum.com"
42.200.228.33 - - [18/Sep/2022:21:38:58 -0700] "GET /applets/?C=N;O=D HTTP/1.1" 200 366 "-" "Mozilla/5.0 (compatible; MJ12bot/v1.4.8; http://mj12bot.com/)" "www.michelleapplebaum.com"
42.200.228.33 - - [18/Sep/2022:21:39:00 -0700] "GET /applets/?C=S;O=A HTTP/1.1" 200 368 "-" "Mozilla/5.0 (compatible; MJ12bot/v1.4.8; http://mj12bot.com/)" "www.michelleapplebaum.com"
42.200.228.33 - - [18/Sep/2022:21:39:02 -0700] "GET /calendar/ HTTP/1.1" 302 319 "-" "Mozilla/5.0 (compatible; MJ12bot/v1.4.8; http://mj12bot.com/)" "www.michelleapplebaum.com"
42.200.228.33 - - [18/Sep/2022:21:39:04 -0700] "GET /calendar/login.php HTTP/1.1" 200 17179 "-" "Mozilla/5.0 (compatible; MJ12bot/v1.4.8; http://mj12bot.com/)" "www.michelleapplebaum.com"
42.200.228.33 - - [18/Sep/2022:21:39:06 -0700] "GET /calendar/login.php HTTP/1.1" 200 17179 "-" "Mozilla/5.0 (compatible; MJ12bot/v1.4.8; http://mj12bot.com/)" "www.michelleapplebaum.com"
42.200.228.33 - - [18/Sep/2022:21:39:08 -0700] "GET /clipart/ HTTP/1.1" 200 406 "-" "Mozilla/5.0 (compatible; MJ12bot/v1.4.8; http://mj12bot.com/)" "www.michelleapplebaum.com"
42.200.228.33 - - [18/Sep/2022:21:39:10 -0700] "GET /clipart/?C=D;O=A HTTP/1.1" 200 406 "-" "Mozilla/5.0 (compatible; MJ12bot/v1.4.8; http://mj12bot.com/)" "www.michelleapplebaum.com"
42.200.228.33 - - [18/Sep/2022:21:39:11 -0700] "GET /clipart/?C=M;O=A HTTP/1.1" 200 406 "-" "Mozilla/5.0 (compatible; MJ12bot/v1.4.8; http://mj12bot.com/)" "www.michelleapplebaum.com"
42.200.228.33 - - [18/Sep/2022:21:39:13 -0700] "GET /clipart/?C=N;O=D HTTP/1.1" 200 408 "-" "Mozilla/5.0 (compatible; MJ12bot/v1.4.8; http://mj12bot.com/)" "www.michelleapplebaum.com"
42.200.228.33 - - [18/Sep/2022:21:39:15 -0700] "GET /clipart/?C=S;O=A HTTP/1.1" 200 406 "-" "Mozilla/5.0 (compatible; MJ12bot/v1.4.8; http://mj12bot.com/)" "www.michelleapplebaum.com"
42.200.228.33 - - [18/Sep/2022:21:39:16 -0700] "GET /clipart/backgrounds/ HTTP/1.1" 200 402 "-" "Mozilla/5.0 (compatible; MJ12bot/v1.4.8; http://mj12bot.com/)" "www.michelleapplebaum.com"
42.200.228.33 - - [18/Sep/2022:21:39:18 -0700] "GET /clipart/buttons/ HTTP/1.1" 200 356 "-" "Mozilla/5.0 (compatible; MJ12bot/v1.4.8; http://mj12bot.com/)" "www.michelleapplebaum.com"
42.200.228.33 - - [18/Sep/2022:21:39:20 -0700] "GET /clipart/buttons/themes/?M=D HTTP/1.1" 200 361 "-" "Mozilla/5.0 (compatible; MJ12bot/v1.4.8; http://mj12bot.com/)" "www.michelleapplebaum.com"
42.200.228.33 - - [18/Sep/2022:21:39:21 -0700] "GET /clipart/buttons/themes/?N=A HTTP/1.1" 200 361 "-" "Mozilla/5.0 (compatible; MJ12bot/v1.4.8; http://mj12bot.com/)" "www.michelleapplebaum.com"
42.200.228.33 - - [18/Sep/2022:21:39:23 -0700] "GET /clipart/buttons/themes/?S=D HTTP/1.1" 200 361 "-" "Mozilla/5.0 (compatible; MJ12bot/v1.4.8; http://mj12bot.com/)" "www.michelleapplebaum.com"
42.200.228.33 - - [18/Sep/2022:21:39:25 -0700] "GET /clipart/buttons/themes/sleek/?D=A HTTP/1.1" 200 413 "-" "Mozilla/5.0 (compatible; MJ12bot/v1.4.8; http://mj12bot.com/)" "www.michelleapplebaum.com"
42.200.228.33 - - [18/Sep/2022:21:39:26 -0700] "GET /clipart/buttons/themes/sleek/?M=A HTTP/1.1" 200 413 "-" "Mozilla/5.0 (compatible; MJ12bot/v1.4.8; http://mj12bot.com/)" "www.michelleapplebaum.com"
42.200.228.33 - - [18/Sep/2022:21:39:28 -0700] "GET /clipart/buttons/themes/sleek/?M=D HTTP/1.1" 200 413 "-" "Mozilla/5.0 (compatible; MJ12bot/v1.4.8; http://mj12bot.com/)" "www.michelleapplebaum.com"
42.200.228.33 - - [18/Sep/2022:21:39:30 -0700] "GET /clipart/buttons/themes/sleek/?N=A HTTP/1.1" 200 413 "-" "Mozilla/5.0 (compatible; MJ12bot/v1.4.8; http://mj12bot.com/)" "www.michelleapplebaum.com"
42.200.228.33 - - [18/Sep/2022:21:39:31 -0700] "GET /clipart/buttons/themes/sleek/?N=D HTTP/1.1" 200 413 "-" "Mozilla/5.0 (compatible; MJ12bot/v1.4.8; http://mj12bot.com/)" "www.michelleapplebaum.com"
42.200.228.33 - - [18/Sep/2022:21:39:33 -0700] "GET /clipart/buttons/themes/sleek/?S=A HTTP/1.1" 200 413 "-" "Mozilla/5.0 (compatible; MJ12bot/v1.4.8; http://mj12bot.com/)" "www.michelleapplebaum.com"
42.200.228.33 - - [18/Sep/2022:21:39:35 -0700] "GET /clipart/buttons/themes/sleek/?S=D HTTP/1.1" 200 413 "-" "Mozilla/5.0 (compatible; MJ12bot/v1.4.8; http://mj12bot.com/)" "www.michelleapplebaum.com"
42.200.228.33 - - [18/Sep/2022:21:39:37 -0700] "GET /clipart/images/ HTTP/1.1" 200 413 "-" "Mozilla/5.0 (compatible; MJ12bot/v1.4.8; http://mj12bot.com/)" "www.michelleapplebaum.com"
42.200.228.33 - - [18/Sep/2022:21:39:39 -0700] "GET /clipart/pageHeaders/ HTTP/1.1" 200 426 "-" "Mozilla/5.0 (compatible; MJ12bot/v1.4.8; http://mj12bot.com/)" "www.michelleapplebaum.com"
42.200.228.33 - - [18/Sep/2022:21:39:41 -0700] "GET /images/ HTTP/1.1" 200 520 "-" "Mozilla/5.0 (compatible; MJ12bot/v1.4.8; http://mj12bot.com/)" "www.michelleapplebaum.com"
42.200.228.33 - - [18/Sep/2022:21:39:42 -0700] "GET /images/ HTTP/1.1" 200 520 "-" "Mozilla/5.0 (compatible; MJ12bot/v1.4.8; http://mj12bot.com/)" "www.michelleapplebaum.com"
42.200.228.33 - - [18/Sep/2022:21:39:44 -0700] "GET /images/?C=D;O=A HTTP/1.1" 200 520 "-" "Mozilla/5.0 (compatible; MJ12bot/v1.4.8; http://mj12bot.com/)" "www.michelleapplebaum.com"
42.200.228.33 - - [18/Sep/2022:21:39:46 -0700] "GET /images/?C=M;O=A HTTP/1.1" 200 521 "-" "Mozilla/5.0 (compatible; MJ12bot/v1.4.8; http://mj12bot.com/)" "www.michelleapplebaum.com"
42.200.228.33 - - [18/Sep/2022:21:39:47 -0700] "GET /images/?C=N;O=D HTTP/1.1" 200 517 "-" "Mozilla/5.0 (compatible; MJ12bot/v1.4.8; http://mj12bot.com/)" "www.michelleapplebaum.com"
42.200.228.33 - - [18/Sep/2022:21:39:49 -0700] "GET /images/?C=S;O=A HTTP/1.1" 200 519 "-" "Mozilla/5.0 (compatible; MJ12bot/v1.4.8; http://mj12bot.com/)" "www.michelleapplebaum.com"
42.200.228.33 - - [18/Sep/2022:21:39:51 -0700] "GET /navigation_bars/ HTTP/1.1" 200 497 "-" "Mozilla/5.0 (compatible; MJ12bot/v1.4.8; http://mj12bot.com/)" "www.michelleapplebaum.com"
42.200.228.33 - - [18/Sep/2022:21:39:53 -0700] "GET /navigation_bars/ HTTP/1.1" 200 497 "-" "Mozilla/5.0 (compatible; MJ12bot/v1.4.8; http://mj12bot.com/)" "www.michelleapplebaum.com"
216.244.66.242 - - [18/Sep/2022:21:39:53 -0700] "GET /clipart/pageHeaders/?D=D HTTP/1.1" 200 918 "-" "Mozilla/5.0 (compatible; DotBot/1.2; +https://opensiteexplorer.org/dotbot; help@moz.com)" "michelleapplebaum.com"
42.200.228.33 - - [18/Sep/2022:21:39:55 -0700] "GET /navigation_bars/?C=D;O=A HTTP/1.1" 200 497 "-" "Mozilla/5.0 (compatible; MJ12bot/v1.4.8; http://mj12bot.com/)" "www.michelleapplebaum.com"
42.200.228.33 - - [18/Sep/2022:21:39:56 -0700] "GET /navigation_bars/?C=M;O=A HTTP/1.1" 200 501 "-" "Mozilla/5.0 (compatible; MJ12bot/v1.4.8; http://mj12bot.com/)" "www.michelleapplebaum.com"
42.200.228.33 - - [18/Sep/2022:21:39:58 -0700] "GET /navigation_bars/?C=N;O=D HTTP/1.1" 200 493 "-" "Mozilla/5.0 (compatible; MJ12bot/v1.4.8; http://mj12bot.com/)" "www.michelleapplebaum.com"
42.200.228.33 - - [18/Sep/2022:21:40:00 -0700] "GET /navigation_bars/?C=S;O=A HTTP/1.1" 200 501 "-" "Mozilla/5.0 (compatible; MJ12bot/v1.4.8; http://mj12bot.com/)" "www.michelleapplebaum.com"
42.200.228.33 - - [18/Sep/2022:21:40:01 -0700] "GET /robots.txt HTTP/1.1" 200 64 "-" "Mozilla/5.0 (compatible; MJ12bot/v1.4.8; http://mj12bot.com/)" "www.michelleapplebaum.com"
42.200.228.33 - - [18/Sep/2022:21:40:03 -0700] "GET /robots.txt HTTP/1.1" 200 64 "-" "Mozilla/5.0 (compatible; MJ12bot/v1.4.8; http://mj12bot.com/)" "www.michelleapplebaum.com"
42.200.228.33 - - [18/Sep/2022:21:40:05 -0700] "GET /sitemap.xml HTTP/1.1" 200 175 "-" "Mozilla/5.0 (compatible; MJ12bot/v1.4.8; http://mj12bot.com/)" "www.michelleapplebaum.com"
42.200.228.33 - - [18/Sep/2022:21:40:06 -0700] "GET /sitemap.xml HTTP/1.1" 200 175 "-" "Mozilla/5.0 (compatible; MJ12bot/v1.4.8; http://mj12bot.com/)" "www.michelleapplebaum.com"
223.135.84.149 - - [18/Sep/2022:21:45:51 -0700] "HEAD / HTTP/1.1" 200 - "-" "Mozilla/5.0 (Windows NT 10.0; WOW64) AppleWebKit/537.36 (KHTML, like Gecko) Chrome/83.0.4103.106 Safari/828851" "michelleapplebaum.com"
44.202.218.106 - - [18/Sep/2022:21:46:15 -0700] "HEAD / HTTP/1.1" 200 - "-" "Mozilla/5.0 (Windows NT 10.0; WOW64) AppleWebKit/537.36 (KHTML, like Gecko) Chrome/83.0.4103.106 Safari/537.36" "michelleapplebaum.com"
44.201.235.12 - - [18/Sep/2022:21:46:42 -0700] "GET / HTTP/1.1" 200 782 "-" "Mozilla/5.0 (Windows NT 10.0; WOW64) AppleWebKit/537.36 (KHTML, like Gecko) Chrome/83.0.4103.106 Safari/537.36" "michelleapplebaum.com"
52.91.191.160 - - [18/Sep/2022:21:46:57 -0700] "GET /favicon.ico HTTP/1.1" 404 88 "-" "Mozilla/5.0 (Windows NT 10.0; WOW64) AppleWebKit/537.36 (KHTML, like Gecko) Chrome/83.0.4103.106 Safari/537.36" "michelleapplebaum.com"
107.21.160.114 - - [18/Sep/2022:21:46:57 -0700] "GET /favicon.ico HTTP/1.1" 404 88 "-" "Mozilla/5.0 (Windows NT 10.0; WOW64) AppleWebKit/537.36 (KHTML, like Gecko) Chrome/83.0.4103.106 Safari/537.36" "michelleapplebaum.com"
216.244.66.242 - - [18/Sep/2022:21:56:40 -0700] "GET /robots.txt HTTP/1.1" 200 48 "-" "Mozilla/5.0 (compatible; DotBot/1.2; +https://opensiteexplorer.org/dotbot; help@moz.com)" "www.michelleapplebaum.com"
114.119.153.11 - - [18/Sep/2022:22:47:21 -0700] "GET /clipart/backgrounds/tile/?C=M%3BO%3DA HTTP/1.1" 200 384 "http://www.michelleapplebaum.com/clipart/backgrounds/tile/?C=N%3BO%3DD" "Mozilla/5.0 (Linux; Android 7.0;) AppleWebKit/537.36 (KHTML, like Gecko) Mobile Safari/537.36 (compatible; PetalBot;+https://webmaster.petalsearch.com/site/petalbot)" "www.michelleapplebaum.com"
77.75.79.31 - - [18/Sep/2022:22:48:23 -0700] "GET /U.html HTTP/1.1" 304 - "-" "Mozilla/5.0 (compatible; SeznamBot/4.0-RC1; +http://napoveda.seznam.cz/seznambot-intro/)" "michelleapplebaum.com"
216.244.66.242 - - [18/Sep/2022:22:50:57 -0700] "GET /robots.txt HTTP/1.1" 200 48 "-" "Mozilla/5.0 (compatible; DotBot/1.2; +https://opensiteexplorer.org/dotbot; help@moz.com)" "michelleapplebaum.com"
114.119.153.131 - - [18/Sep/2022:22:54:03 -0700] "GET /clipart/buttons?S=D HTTP/1.1" 301 1424 "http://michelleapplebaum.com/clipart/buttons?S=A" "Mozilla/5.0 (Linux; Android 7.0;) AppleWebKit/537.36 (KHTML, like Gecko) Mobile Safari/537.36 (compatible; PetalBot;+https://webmaster.petalsearch.com/site/petalbot)" "michelleapplebaum.com"
114.119.153.131 - - [18/Sep/2022:22:54:16 -0700] "GET /clipart/buttons/?S=D HTTP/1.1" 200 356 "http://michelleapplebaum.com/clipart/buttons?S=A" "Mozilla/5.0 (Linux; Android 7.0;) AppleWebKit/537.36 (KHTML, like Gecko) Mobile Safari/537.36 (compatible; PetalBot;+https://webmaster.petalsearch.com/site/petalbot)" "michelleapplebaum.com"
114.119.153.131 - - [18/Sep/2022:22:59:18 -0700] "GET /clipart/backgrounds/sidebar?M=D HTTP/1.1" 301 1427 "https://michelleapplebaum.com/clipart/backgrounds/sidebar?M=A" "Mozilla/5.0 (Linux; Android 7.0;) AppleWebKit/537.36 (KHTML, like Gecko) Mobile Safari/537.36 (compatible; PetalBot;+https://webmaster.petalsearch.com/site/petalbot)" "michelleapplebaum.com"
114.119.153.131 - - [18/Sep/2022:22:59:41 -0700] "GET /clipart/backgrounds/sidebar/?M=D HTTP/1.1" 200 398 "https://michelleapplebaum.com/clipart/backgrounds/sidebar?M=A" "Mozilla/5.0 (Linux; Android 7.0;) AppleWebKit/537.36 (KHTML, like Gecko) Mobile Safari/537.36 (compatible; PetalBot;+https://webmaster.petalsearch.com/site/petalbot)" "michelleapplebaum.com"
114.119.153.113 - - [18/Sep/2022:23:25:44 -0700] "GET /clipart/buttons/themes?C=D%3BO%3DA HTTP/1.1" 301 1438 "https://michelleapplebaum.com/clipart/buttons/themes" "Mozilla/5.0 (Linux; Android 7.0;) AppleWebKit/537.36 (KHTML, like Gecko) Mobile Safari/537.36 (compatible; PetalBot;+https://webmaster.petalsearch.com/site/petalbot)" "michelleapplebaum.com"
114.119.153.113 - - [18/Sep/2022:23:26:02 -0700] "GET /clipart/buttons/themes/?C=D%3BO%3DA HTTP/1.1" 200 361 "https://michelleapplebaum.com/clipart/buttons/themes" "Mozilla/5.0 (Linux; Android 7.0;) AppleWebKit/537.36 (KHTML, like Gecko) Mobile Safari/537.36 (compatible; PetalBot;+https://webmaster.petalsearch.com/site/petalbot)" "michelleapplebaum.com"
114.119.153.11 - - [18/Sep/2022:23:32:04 -0700] "GET /calendar HTTP/1.1" 301 1415 "https://michelleapplebaum.com" "Mozilla/5.0 (Linux; Android 7.0;) AppleWebKit/537.36 (KHTML, like Gecko) Mobile Safari/537.36 (compatible; PetalBot;+https://webmaster.petalsearch.com/site/petalbot)" "michelleapplebaum.com"
114.119.153.11 - - [18/Sep/2022:23:32:16 -0700] "GET /calendar/ HTTP/1.1" 302 319 "https://michelleapplebaum.com" "Mozilla/5.0 (Linux; Android 7.0;) AppleWebKit/537.36 (KHTML, like Gecko) Mobile Safari/537.36 (compatible; PetalBot;+https://webmaster.petalsearch.com/site/petalbot)" "michelleapplebaum.com"
114.119.153.11 - - [18/Sep/2022:23:32:29 -0700] "GET /calendar/login.php HTTP/1.1" 200 17179 "https://michelleapplebaum.com" "Mozilla/5.0 (Linux; Android 7.0;) AppleWebKit/537.36 (KHTML, like Gecko) Mobile Safari/537.36 (compatible; PetalBot;+https://webmaster.petalsearch.com/site/petalbot)" "michelleapplebaum.com"
20.229.193.35 - - [18/Sep/2022:23:41:24 -0700] "GET /blog/ HTTP/1.1" 500 251 "-" "Mozilla/5.0 (Macintosh; Intel Mac OS X 10_10_1) AppleWebKit/537.36 (KHTML, like Gecko) Chrome/39.0.2171.95 Safari/537.36" "michelleapplebaum.com"
20.229.193.35 - - [18/Sep/2022:23:42:03 -0700] "GET /blog/wp-content/plugins/iwp-client/readme.txt HTTP/1.1" 200 5288 "-" "Mozilla/5.0 (Macintosh; Intel Mac OS X 10_10_1) AppleWebKit/537.36 (KHTML, like Gecko) Chrome/39.0.2171.95 Safari/537.36" "michelleapplebaum.com"
20.229.193.35 - - [18/Sep/2022:23:42:03 -0700] "GET /blog/wp-content/plugins/capability-manager-enhanced/readme.txt HTTP/1.1" 404 73 "-" "Mozilla/5.0 (Macintosh; Intel Mac OS X 10_10_1) AppleWebKit/537.36 (KHTML, like Gecko) Chrome/39.0.2171.95 Safari/537.36" "michelleapplebaum.com"
20.229.193.35 - - [18/Sep/2022:23:42:03 -0700] "GET /blog/wp-content/plugins/wp-time-capsule/readme.txt HTTP/1.1" 404 73 "-" "Mozilla/5.0 (Macintosh; Intel Mac OS X 10_10_1) AppleWebKit/537.36 (KHTML, like Gecko) Chrome/39.0.2171.95 Safari/537.36" "michelleapplebaum.com"
20.229.193.35 - - [18/Sep/2022:23:42:03 -0700] "GET /blog/wp-content/plugins/emails-verification-for-woocommerce/readme.txt HTTP/1.1" 404 73 "-" "Mozilla/5.0 (Macintosh; Intel Mac OS X 10_10_1) AppleWebKit/537.36 (KHTML, like Gecko) Chrome/39.0.2171.95 Safari/537.36" "michelleapplebaum.com"
20.229.193.35 - - [18/Sep/2022:23:42:03 -0700] "GET /blog/wp-content/plugins/capabilities-pro/readme.txt HTTP/1.1" 404 73 "-" "Mozilla/5.0 (Macintosh; Intel Mac OS X 10_10_1) AppleWebKit/537.36 (KHTML, like Gecko) Chrome/39.0.2171.95 Safari/537.36" "michelleapplebaum.com"
20.229.193.35 - - [18/Sep/2022:23:42:03 -0700] "GET /blog/wp-content/plugins/wp-user-extra-fields/js/wpuef-configurator.js HTTP/1.1" 404 73 "-" "Mozilla/5.0 (Macintosh; Intel Mac OS X 10_10_1) AppleWebKit/537.36 (KHTML, like Gecko) Chrome/39.0.2171.95 Safari/537.36" "michelleapplebaum.com"
20.229.193.35 - - [18/Sep/2022:23:42:03 -0700] "GET /blog/wp-content/plugins/themegrill-demo-importer/readme.txt HTTP/1.1" 404 73 "-" "Mozilla/5.0 (Macintosh; Intel Mac OS X 10_10_1) AppleWebKit/537.36 (KHTML, like Gecko) Chrome/39.0.2171.95 Safari/537.36" "michelleapplebaum.com"
20.229.193.35 - - [18/Sep/2022:23:42:03 -0700] "GET /blog/wp-content/plugins/advanced-import/readme.txt HTTP/1.1" 404 73 "-" "Mozilla/5.0 (Macintosh; Intel Mac OS X 10_10_1) AppleWebKit/537.36 (KHTML, like Gecko) Chrome/39.0.2171.95 Safari/537.36" "michelleapplebaum.com"
20.229.193.35 - - [18/Sep/2022:23:42:03 -0700] "GET /blog/wp-content/plugins/ulisting/readme.txt HTTP/1.1" 404 73 "-" "Mozilla/5.0 (Macintosh; Intel Mac OS X 10_10_1) AppleWebKit/537.36 (KHTML, like Gecko) Chrome/39.0.2171.95 Safari/537.36" "michelleapplebaum.com"
20.229.193.35 - - [18/Sep/2022:23:42:03 -0700] "GET /blog/wp-content/plugins/image-hover-effects-ultimate/readme.txt HTTP/1.1" 404 73 "-" "Mozilla/5.0 (Macintosh; Intel Mac OS X 10_10_1) AppleWebKit/537.36 (KHTML, like Gecko) Chrome/39.0.2171.95 Safari/537.36" "michelleapplebaum.com"
20.229.193.35 - - [18/Sep/2022:23:42:03 -0700] "GET /blog/wp-content/plugins/woocommerce-jetpack/readme.txt HTTP/1.1" 404 73 "-" "Mozilla/5.0 (Macintosh; Intel Mac OS X 10_10_1) AppleWebKit/537.36 (KHTML, like Gecko) Chrome/39.0.2171.95 Safari/537.36" "michelleapplebaum.com"
20.229.193.35 - - [18/Sep/2022:23:42:03 -0700] "GET /blog/wp-content/plugins/wp-automatic/changelog HTTP/1.1" 404 73 "-" "Mozilla/5.0 (Macintosh; Intel Mac OS X 10_10_1) AppleWebKit/537.36 (KHTML, like Gecko) Chrome/39.0.2171.95 Safari/537.36" "michelleapplebaum.com"
20.229.193.35 - - [18/Sep/2022:23:42:03 -0700] "GET /blog/wp-content/plugins/e-signature/page-template/default/style.css HTTP/1.1" 404 73 "-" "Mozilla/5.0 (Macintosh; Intel Mac OS X 10_10_1) AppleWebKit/537.36 (KHTML, like Gecko) Chrome/39.0.2171.95 Safari/537.36" "michelleapplebaum.com"
20.229.193.35 - - [18/Sep/2022:23:42:03 -0700] "GET /blog/wp-content/plugins/wp-automatic/css/wp-automatic.css HTTP/1.1" 404 73 "-" "Mozilla/5.0 (Macintosh; Intel Mac OS X 10_10_1) AppleWebKit/537.36 (KHTML, like Gecko) Chrome/39.0.2171.95 Safari/537.36" "michelleapplebaum.com"
20.229.193.35 - - [18/Sep/2022:23:42:03 -0700] "GET /blog/wp-content/plugins/angwp/__%20UPDATES.txt HTTP/1.1" 404 73 "-" "Mozilla/5.0 (Macintosh; Intel Mac OS X 10_10_1) AppleWebKit/537.36 (KHTML, like Gecko) Chrome/39.0.2171.95 Safari/537.36" "michelleapplebaum.com"
20.229.193.35 - - [18/Sep/2022:23:42:03 -0700] "GET /blog/wp-content/plugins/wp-pinterest-automatic/changelog HTTP/1.1" 404 73 "-" "Mozilla/5.0 (Macintosh; Intel Mac OS X 10_10_1) AppleWebKit/537.36 (KHTML, like Gecko) Chrome/39.0.2171.95 Safari/537.36" "michelleapplebaum.com"
20.229.193.35 - - [18/Sep/2022:23:42:03 -0700] "GET /blog/wp-content/plugins/super-interactive-maps/css/sim-wp-admin.css HTTP/1.1" 404 73 "-" "Mozilla/5.0 (Macintosh; Intel Mac OS X 10_10_1) AppleWebKit/537.36 (KHTML, like Gecko) Chrome/39.0.2171.95 Safari/537.36" "michelleapplebaum.com"
20.229.193.35 - - [18/Sep/2022:23:42:03 -0700] "GET /blog/wp-content/plugins/ait-csv-import-export/changelog.txt HTTP/1.1" 404 73 "-" "Mozilla/5.0 (Macintosh; Intel Mac OS X 10_10_1) AppleWebKit/537.36 (KHTML, like Gecko) Chrome/39.0.2171.95 Safari/537.36" "michelleapplebaum.com"
20.229.193.35 - - [18/Sep/2022:23:42:03 -0700] "GET /blog/wp-content/plugins/woocommerce-upload-files/js/wcuf-admin-menu.js HTTP/1.1" 404 73 "-" "Mozilla/5.0 (Macintosh; Intel Mac OS X 10_10_1) AppleWebKit/537.36 (KHTML, like Gecko) Chrome/39.0.2171.95 Safari/537.36" "michelleapplebaum.com"
20.229.193.35 - - [18/Sep/2022:23:42:03 -0700] "GET /blog/wp-content/plugins/superstorefinder-wp/css/ssf-wp-admin.css HTTP/1.1" 404 73 "-" "Mozilla/5.0 (Macintosh; Intel Mac OS X 10_10_1) AppleWebKit/537.36 (KHTML, like Gecko) Chrome/39.0.2171.95 Safari/537.36" "michelleapplebaum.com"
20.229.193.35 - - [18/Sep/2022:23:42:47 -0700] "GET /blog/wp-content/plugins/masterstudy-lms-learning-management-system/readme.txt HTTP/1.1" 404 73 "-" "Mozilla/5.0 (Macintosh; Intel Mac OS X 10_10_1) AppleWebKit/537.36 (KHTML, like Gecko) Chrome/39.0.2171.95 Safari/537.36" "michelleapplebaum.com"
20.229.193.35 - - [18/Sep/2022:23:42:47 -0700] "GET /blog/wp-content/plugins/mapsvg/gm_download.php?file=/wp-config.php HTTP/1.1" 404 73 "-" "Mozilla/5.0 (Macintosh; Intel Mac OS X 10_10_1) AppleWebKit/537.36 (KHTML, like Gecko) Chrome/39.0.2171.95 Safari/537.36" "michelleapplebaum.com"
20.229.193.35 - - [18/Sep/2022:23:42:47 -0700] "GET /blog/wp-content/plugins/wp-file-manager/readme.txt HTTP/1.1" 404 73 "-" "Mozilla/5.0 (Macintosh; Intel Mac OS X 10_10_1) AppleWebKit/537.36 (KHTML, like Gecko) Chrome/39.0.2171.95 Safari/537.36" "michelleapplebaum.com"
20.229.193.35 - - [18/Sep/2022:23:42:47 -0700] "GET /blog/wp-content/plugins/mapsvg-lite-interactive-vector-maps/gm_download.php?file=/wp-config.php HTTP/1.1" 404 73 "-" "Mozilla/5.0 (Macintosh; Intel Mac OS X 10_10_1) AppleWebKit/537.36 (KHTML, like Gecko) Chrome/39.0.2171.95 Safari/537.36" "michelleapplebaum.com"
20.229.193.35 - - [18/Sep/2022:23:42:47 -0700] "GET /blog/wp-content/plugins/mstore-api/readme.txt HTTP/1.1" 404 73 "-" "Mozilla/5.0 (Macintosh; Intel Mac OS X 10_10_1) AppleWebKit/537.36 (KHTML, like Gecko) Chrome/39.0.2171.95 Safari/537.36" "michelleapplebaum.com"
20.229.193.35 - - [18/Sep/2022:23:42:48 -0700] "GET /blog/wp-content/plugins/vc-tabs/readme.txt HTTP/1.1" 404 73 "-" "Mozilla/5.0 (Macintosh; Intel Mac OS X 10_10_1) AppleWebKit/537.36 (KHTML, like Gecko) Chrome/39.0.2171.95 Safari/537.36" "michelleapplebaum.com"
20.229.193.35 - - [18/Sep/2022:23:42:48 -0700] "GET /blog/wp-admin/admin-ajax.php?action=duplicator_download&file=../wp-config.php HTTP/1.1" 200 140 "-" "Mozilla/5.0 (Macintosh; Intel Mac OS X 10_10_1) AppleWebKit/537.36 (KHTML, like Gecko) Chrome/39.0.2171.95 Safari/537.36" "michelleapplebaum.com"
20.229.193.35 - - [18/Sep/2022:23:43:25 -0700] "GET /blog/wp-content/plugins/quiz-master-next/readme.txt HTTP/1.1" 404 73 "-" "Mozilla/5.0 (Macintosh; Intel Mac OS X 10_10_1) AppleWebKit/537.36 (KHTML, like Gecko) Chrome/39.0.2171.95 Safari/537.36" "michelleapplebaum.com"
20.229.193.35 - - [18/Sep/2022:23:43:25 -0700] "GET /blog/wp-content/plugins/nd-learning/readme.txt HTTP/1.1" 404 73 "-" "Mozilla/5.0 (Macintosh; Intel Mac OS X 10_10_1) AppleWebKit/537.36 (KHTML, like Gecko) Chrome/39.0.2171.95 Safari/537.36" "michelleapplebaum.com"
20.229.193.35 - - [18/Sep/2022:23:43:25 -0700] "GET /blog/wp-content/plugins/nd-shortcodes/readme.txt HTTP/1.1" 404 73 "-" "Mozilla/5.0 (Macintosh; Intel Mac OS X 10_10_1) AppleWebKit/537.36 (KHTML, like Gecko) Chrome/39.0.2171.95 Safari/537.36" "michelleapplebaum.com"
20.229.193.35 - - [18/Sep/2022:23:43:25 -0700] "GET /blog/wp-content/plugins/armember-membership/readme.txt HTTP/1.1" 404 73 "-" "Mozilla/5.0 (Macintosh; Intel Mac OS X 10_10_1) AppleWebKit/537.36 (KHTML, like Gecko) Chrome/39.0.2171.95 Safari/537.36" "michelleapplebaum.com"
20.229.193.35 - - [18/Sep/2022:23:43:25 -0700] "GET /blog/wp-content/plugins/wp-live-chat-support-pro/css/wplc_styles_pro.css HTTP/1.1" 404 73 "-" "Mozilla/5.0 (Macintosh; Intel Mac OS X 10_10_1) AppleWebKit/537.36 (KHTML, like Gecko) Chrome/39.0.2171.95 Safari/537.36" "michelleapplebaum.com"
20.229.193.35 - - [18/Sep/2022:23:43:25 -0700] "GET /blog/wp-content/plugins/ninja-forms/readme.txt HTTP/1.1" 404 73 "-" "Mozilla/5.0 (Macintosh; Intel Mac OS X 10_10_1) AppleWebKit/537.36 (KHTML, like Gecko) Chrome/39.0.2171.95 Safari/537.36" "michelleapplebaum.com"
20.229.193.35 - - [18/Sep/2022:23:43:25 -0700] "GET /blog/wp-content/plugins/nd-booking/readme.txt HTTP/1.1" 404 73 "-" "Mozilla/5.0 (Macintosh; Intel Mac OS X 10_10_1) AppleWebKit/537.36 (KHTML, like Gecko) Chrome/39.0.2171.95 Safari/537.36" "michelleapplebaum.com"
20.229.193.35 - - [18/Sep/2022:23:43:26 -0700] "GET /blog/wp-content/plugins/nd-donations/readme.txt HTTP/1.1" 404 73 "-" "Mozilla/5.0 (Macintosh; Intel Mac OS X 10_10_1) AppleWebKit/537.36 (KHTML, like Gecko) Chrome/39.0.2171.95 Safari/537.36" "michelleapplebaum.com"
20.229.193.35 - - [18/Sep/2022:23:43:26 -0700] "GET /blog/wp-content/plugins/nd-restaurant-reservations/readme.txt HTTP/1.1" 404 73 "-" "Mozilla/5.0 (Macintosh; Intel Mac OS X 10_10_1) AppleWebKit/537.36 (KHTML, like Gecko) Chrome/39.0.2171.95 Safari/537.36" "michelleapplebaum.com"
20.229.193.35 - - [18/Sep/2022:23:43:26 -0700] "GET /blog/wp-content/plugins/sitemap-by-click5/readme.txt HTTP/1.1" 404 73 "-" "Mozilla/5.0 (Macintosh; Intel Mac OS X 10_10_1) AppleWebKit/537.36 (KHTML, like Gecko) Chrome/39.0.2171.95 Safari/537.36" "michelleapplebaum.com"
216.244.66.242 - - [18/Sep/2022:23:45:07 -0700] "GET /robots.txt HTTP/1.1" 200 48 "-" "Mozilla/5.0 (compatible; DotBot/1.2; +https://opensiteexplorer.org/dotbot; help@moz.com)" "www.michelleapplebaum.com"
114.119.153.11 - - [18/Sep/2022:23:45:11 -0700] "GET /clipart/backgrounds/sidebar?C=D%3BO%3DA HTTP/1.1" 301 1436 "https://michelleapplebaum.com/clipart/backgrounds/sidebar?D=A" "Mozilla/5.0 (Linux; Android 7.0;) AppleWebKit/537.36 (KHTML, like Gecko) Mobile Safari/537.36 (compatible; PetalBot;+https://webmaster.petalsearch.com/site/petalbot)" "michelleapplebaum.com"
114.119.153.11 - - [18/Sep/2022:23:45:19 -0700] "GET /clipart/backgrounds/sidebar/?C=D%3BO%3DA HTTP/1.1" 200 398 "https://michelleapplebaum.com/clipart/backgrounds/sidebar?D=A" "Mozilla/5.0 (Linux; Android 7.0;) AppleWebKit/537.36 (KHTML, like Gecko) Mobile Safari/537.36 (compatible; PetalBot;+https://webmaster.petalsearch.com/site/petalbot)" "michelleapplebaum.com"
114.119.153.118 - - [18/Sep/2022:23:50:34 -0700] "GET /clipart/backgrounds?N=A HTTP/1.1" 301 1417 "http://michelleapplebaum.com/clipart/backgrounds?D=D" "Mozilla/5.0 (Linux; Android 7.0;) AppleWebKit/537.36 (KHTML, like Gecko) Mobile Safari/537.36 (compatible; PetalBot;+https://webmaster.petalsearch.com/site/petalbot)" "michelleapplebaum.com"
114.119.153.118 - - [18/Sep/2022:23:50:35 -0700] "GET /clipart/backgrounds/?N=A HTTP/1.1" 200 402 "http://michelleapplebaum.com/clipart/backgrounds?D=D" "Mozilla/5.0 (Linux; Android 7.0;) AppleWebKit/537.36 (KHTML, like Gecko) Mobile Safari/537.36 (compatible; PetalBot;+https://webmaster.petalsearch.com/site/petalbot)" "michelleapplebaum.com"
114.119.153.11 - - [18/Sep/2022:23:57:47 -0700] "GET /clipart/images/sidebars/?C=D%3BO%3DA HTTP/1.1" 200 389 "http://www.michelleapplebaum.com/clipart/images/sidebars/?C=M%3BO%3DA" "Mozilla/5.0 (Linux; Android 7.0;) AppleWebKit/537.36 (KHTML, like Gecko) Mobile Safari/537.36 (compatible; PetalBot;+https://webmaster.petalsearch.com/site/petalbot)" "www.michelleapplebaum.com"
114.119.153.113 - - [19/Sep/2022:00:05:23 -0700] "GET /clipart/backgrounds/?C=N%3BO%3DD HTTP/1.1" 200 402 "http://www.michelleapplebaum.com/clipart/backgrounds" "Mozilla/5.0 (Linux; Android 7.0;) AppleWebKit/537.36 (KHTML, like Gecko) Mobile Safari/537.36 (compatible; PetalBot;+https://webmaster.petalsearch.com/site/petalbot)" "www.michelleapplebaum.com"
114.119.153.131 - - [19/Sep/2022:00:10:51 -0700] "GET /clipart/backgrounds/ HTTP/1.1" 200 402 "http://www.michelleapplebaum.com/clipart/backgrounds/sidebar/?C=D%3BO%3DA" "Mozilla/5.0 (Linux; Android 7.0;) AppleWebKit/537.36 (KHTML, like Gecko) Mobile Safari/537.36 (compatible; PetalBot;+https://webmaster.petalsearch.com/site/petalbot)" "www.michelleapplebaum.com"
114.119.153.131 - - [19/Sep/2022:00:16:34 -0700] "GET /clipart/images/sidebars/?C=N%3BO%3DD HTTP/1.1" 200 389 "https://michelleapplebaum.com/clipart/images/sidebars?N=A" "Mozilla/5.0 (Linux; Android 7.0;) AppleWebKit/537.36 (KHTML, like Gecko) Mobile Safari/537.36 (compatible; PetalBot;+https://webmaster.petalsearch.com/site/petalbot)" "michelleapplebaum.com"
114.119.153.11 - - [19/Sep/2022:00:23:11 -0700] "GET /clipart/?C=S%3BO%3DA HTTP/1.1" 200 406 "https://michelleapplebaum.com/clipart?N=A" "Mozilla/5.0 (Linux; Android 7.0;) AppleWebKit/537.36 (KHTML, like Gecko) Mobile Safari/537.36 (compatible; PetalBot;+https://webmaster.petalsearch.com/site/petalbot)" "michelleapplebaum.com"
114.119.153.113 - - [19/Sep/2022:00:29:23 -0700] "GET /navigation_bars/?C=S%3BO%3DA HTTP/1.1" 200 497 "http://michelleapplebaum.com/navigation_bars/?C=D%3BO%3DA" "Mozilla/5.0 (Linux; Android 7.0;) AppleWebKit/537.36 (KHTML, like Gecko) Mobile Safari/537.36 (compatible; PetalBot;+https://webmaster.petalsearch.com/site/petalbot)" "michelleapplebaum.com"
114.119.153.11 - - [19/Sep/2022:00:35:01 -0700] "GET /applets/?C=M%3BO%3DA HTTP/1.1" 200 368 "http://michelleapplebaum.com/applets?C=M%3BO%3DA" "Mozilla/5.0 (Linux; Android 7.0;) AppleWebKit/537.36 (KHTML, like Gecko) Mobile Safari/537.36 (compatible; PetalBot;+https://webmaster.petalsearch.com/site/petalbot)" "michelleapplebaum.com"
216.244.66.242 - - [19/Sep/2022:00:38:16 -0700] "GET /robots.txt HTTP/1.1" 200 48 "-" "Mozilla/5.0 (compatible; DotBot/1.2; +https://opensiteexplorer.org/dotbot; help@moz.com)" "michelleapplebaum.com"
114.119.153.131 - - [19/Sep/2022:00:46:38 -0700] "GET /clipart/buttons/themes/sleek?C=M%3BO%3DA HTTP/1.1" 301 1442 "https://michelleapplebaum.com/clipart/buttons/themes/sleek?C=D%3BO%3DA" "Mozilla/5.0 (Linux; Android 7.0;) AppleWebKit/537.36 (KHTML, like Gecko) Mobile Safari/537.36 (compatible; PetalBot;+https://webmaster.petalsearch.com/site/petalbot)" "michelleapplebaum.com"
114.119.153.11 - - [19/Sep/2022:00:52:39 -0700] "GET /applets/ HTTP/1.1" 200 368 "https://www.michelleapplebaum.com/?C=D%3BO%3DA" "Mozilla/5.0 (Linux; Android 7.0;) AppleWebKit/537.36 (KHTML, like Gecko) Mobile Safari/537.36 (compatible; PetalBot;+https://webmaster.petalsearch.com/site/petalbot)" "www.michelleapplebaum.com"
114.119.153.11 - - [19/Sep/2022:00:58:00 -0700] "GET /navigation_bars HTTP/1.1" 301 1420 "https://michelleapplebaum.com" "Mozilla/5.0 (Linux; Android 7.0;) AppleWebKit/537.36 (KHTML, like Gecko) Mobile Safari/537.36 (compatible; PetalBot;+https://webmaster.petalsearch.com/site/petalbot)" "michelleapplebaum.com"
114.119.153.11 - - [19/Sep/2022:00:58:11 -0700] "GET /navigation_bars/ HTTP/1.1" 200 497 "https://michelleapplebaum.com" "Mozilla/5.0 (Linux; Android 7.0;) AppleWebKit/537.36 (KHTML, like Gecko) Mobile Safari/537.36 (compatible; PetalBot;+https://webmaster.petalsearch.com/site/petalbot)" "michelleapplebaum.com"
114.119.153.113 - - [19/Sep/2022:01:04:07 -0700] "GET /clipart/images HTTP/1.1" 301 1416 "http://www.michelleapplebaum.com/clipart/images/sidebars?C=D%3BO%3DA" "Mozilla/5.0 (Linux; Android 7.0;) AppleWebKit/537.36 (KHTML, like Gecko) Mobile Safari/537.36 (compatible; PetalBot;+https://webmaster.petalsearch.com/site/petalbot)" "www.michelleapplebaum.com"
114.119.153.113 - - [19/Sep/2022:01:04:17 -0700] "GET /clipart/images/ HTTP/1.1" 200 413 "http://www.michelleapplebaum.com/clipart/images/sidebars?C=D%3BO%3DA" "Mozilla/5.0 (Linux; Android 7.0;) AppleWebKit/537.36 (KHTML, like Gecko) Mobile Safari/537.36 (compatible; PetalBot;+https://webmaster.petalsearch.com/site/petalbot)" "www.michelleapplebaum.com"
114.119.153.131 - - [19/Sep/2022:01:09:50 -0700] "GET /clipart/buttons/themes/sleek?C=N%3BO%3DD HTTP/1.1" 301 1442 "https://michelleapplebaum.com/clipart/buttons/themes/sleek?C=D%3BO%3DA" "Mozilla/5.0 (Linux; Android 7.0;) AppleWebKit/537.36 (KHTML, like Gecko) Mobile Safari/537.36 (compatible; PetalBot;+https://webmaster.petalsearch.com/site/petalbot)" "michelleapplebaum.com"
114.119.153.131 - - [19/Sep/2022:01:10:01 -0700] "GET /clipart/buttons/themes/sleek/?C=N%3BO%3DD HTTP/1.1" 200 413 "https://michelleapplebaum.com/clipart/buttons/themes/sleek?C=D%3BO%3DA" "Mozilla/5.0 (Linux; Android 7.0;) AppleWebKit/537.36 (KHTML, like Gecko) Mobile Safari/537.36 (compatible; PetalBot;+https://webmaster.petalsearch.com/site/petalbot)" "michelleapplebaum.com"
216.244.66.242 - - [19/Sep/2022:01:12:13 -0700] "GET /clipart/buttons/themes/sleek/?N=A HTTP/1.1" 200 1075 "-" "Mozilla/5.0 (compatible; DotBot/1.2; +https://opensiteexplorer.org/dotbot; help@moz.com)" "michelleapplebaum.com"
114.119.153.11 - - [19/Sep/2022:01:15:29 -0700] "GET /clipart/?C=M%3BO%3DA HTTP/1.1" 200 406 "http://michelleapplebaum.com/clipart?C=D%3BO%3DA" "Mozilla/5.0 (Linux; Android 7.0;) AppleWebKit/537.36 (KHTML, like Gecko) Mobile Safari/537.36 (compatible; PetalBot;+https://webmaster.petalsearch.com/site/petalbot)" "michelleapplebaum.com"
114.119.153.113 - - [19/Sep/2022:01:21:21 -0700] "GET /clipart/buttons?C=N%3BO%3DD HTTP/1.1" 301 1431 "http://www.michelleapplebaum.com/clipart/buttons?C=D%3BO%3DA" "Mozilla/5.0 (Linux; Android 7.0;) AppleWebKit/537.36 (KHTML, like Gecko) Mobile Safari/537.36 (compatible; PetalBot;+https://webmaster.petalsearch.com/site/petalbot)" "www.michelleapplebaum.com"
114.119.153.113 - - [19/Sep/2022:01:21:30 -0700] "GET /clipart/buttons/?C=N%3BO%3DD HTTP/1.1" 200 356 "http://www.michelleapplebaum.com/clipart/buttons?C=D%3BO%3DA" "Mozilla/5.0 (Linux; Android 7.0;) AppleWebKit/537.36 (KHTML, like Gecko) Mobile Safari/537.36 (compatible; PetalBot;+https://webmaster.petalsearch.com/site/petalbot)" "www.michelleapplebaum.com"
123.183.224.71 - - [19/Sep/2022:01:29:51 -0700] "GET / HTTP/1.1" 200 782 "-" "Sogou web spider/4.0(+http://www.sogou.com/docs/help/webmasters.htm#07)" "www.michelleapplebaum.com"
216.244.66.242 - - [19/Sep/2022:01:31:00 -0700] "GET /robots.txt HTTP/1.1" 200 48 "-" "Mozilla/5.0 (compatible; DotBot/1.2; +https://opensiteexplorer.org/dotbot; help@moz.com)" "michelleapplebaum.com"
216.244.66.242 - - [19/Sep/2022:01:31:00 -0700] "GET /robots.txt HTTP/1.1" 200 48 "-" "Mozilla/5.0 (compatible; DotBot/1.2; +https://opensiteexplorer.org/dotbot; help@moz.com)" "www.michelleapplebaum.com"
114.119.153.113 - - [19/Sep/2022:01:37:11 -0700] "GET /clipart/buttons/themes?N=D HTTP/1.1" 301 1429 "https://michelleapplebaum.com/clipart/buttons/themes?N=A" "Mozilla/5.0 (Linux; Android 7.0;) AppleWebKit/537.36 (KHTML, like Gecko) Mobile Safari/537.36 (compatible; PetalBot;+https://webmaster.petalsearch.com/site/petalbot)" "michelleapplebaum.com"
114.119.153.113 - - [19/Sep/2022:01:37:20 -0700] "GET /clipart/buttons/themes/?N=D HTTP/1.1" 200 361 "https://michelleapplebaum.com/clipart/buttons/themes?N=A" "Mozilla/5.0 (Linux; Android 7.0;) AppleWebKit/537.36 (KHTML, like Gecko) Mobile Safari/537.36 (compatible; PetalBot;+https://webmaster.petalsearch.com/site/petalbot)" "michelleapplebaum.com"
34.208.46.175 - - [19/Sep/2022:01:38:06 -0700] "GET / HTTP/1.1" 200 782 "-" "Mozilla/5.0 (X11; Linux x86_64) AppleWebKit/537.36 (KHTML, like Gecko) Chrome/83.0.4103.97 Safari/537.36" "michelleapplebaum.com"
54.189.208.193 - - [19/Sep/2022:01:38:19 -0700] "GET /favicon.ico HTTP/1.1" 404 88 "-" "Mozilla/5.0 (X11; Linux x86_64) AppleWebKit/537.36 (KHTML, like Gecko) Chrome/83.0.4103.97 Safari/537.36" "michelleapplebaum.com"
54.189.208.193 - - [19/Sep/2022:01:38:20 -0700] "GET / HTTP/1.1" 200 782 "-" "Mozilla/5.0 (X11; Linux x86_64) AppleWebKit/537.36 (KHTML, like Gecko) Chrome/83.0.4103.97 Safari/537.36" "michelleapplebaum.com"
114.119.153.11 - - [19/Sep/2022:01:42:56 -0700] "GET /clipart/buttons/themes/sleek?N=D HTTP/1.1" 301 1433 "https://michelleapplebaum.com/clipart/buttons/themes/sleek" "Mozilla/5.0 (Linux; Android 7.0;) AppleWebKit/537.36 (KHTML, like Gecko) Mobile Safari/537.36 (compatible; PetalBot;+https://webmaster.petalsearch.com/site/petalbot)" "michelleapplebaum.com"
114.119.153.11 - - [19/Sep/2022:01:43:07 -0700] "GET /clipart/buttons/themes/sleek/?N=D HTTP/1.1" 200 413 "https://michelleapplebaum.com/clipart/buttons/themes/sleek" "Mozilla/5.0 (Linux; Android 7.0;) AppleWebKit/537.36 (KHTML, like Gecko) Mobile Safari/537.36 (compatible; PetalBot;+https://webmaster.petalsearch.com/site/petalbot)" "michelleapplebaum.com"
216.244.66.242 - - [19/Sep/2022:02:24:24 -0700] "GET /robots.txt HTTP/1.1" 200 48 "-" "Mozilla/5.0 (compatible; DotBot/1.2; +https://opensiteexplorer.org/dotbot; help@moz.com)" "michelleapplebaum.com"
216.244.66.242 - - [19/Sep/2022:02:24:24 -0700] "GET /robots.txt HTTP/1.1" 200 48 "-" "Mozilla/5.0 (compatible; DotBot/1.2; +https://opensiteexplorer.org/dotbot; help@moz.com)" "www.michelleapplebaum.com"
123.125.109.88 - - [19/Sep/2022:02:25:07 -0700] "GET / HTTP/1.1" 200 782 "-" "Sogou web spider/4.0(+http://www.sogou.com/docs/help/webmasters.htm#07)" "michelleapplebaum.com"
54.174.53.20 - - [19/Sep/2022:03:10:37 -0700] "HEAD / HTTP/1.1" 200 - "-" "HubSpot Connect 2.0 (http://dev.hubspot.com/) (namespace: domainValidationHttpClient) - BizOpsCompanies-Tq2-BizCoDomainValidationAudit" "michelleapplebaum.com"
216.244.66.242 - - [19/Sep/2022:03:17:48 -0700] "GET /robots.txt HTTP/1.1" 200 48 "-" "Mozilla/5.0 (compatible; DotBot/1.2; +https://opensiteexplorer.org/dotbot; help@moz.com)" "michelleapplebaum.com"
216.244.66.242 - - [19/Sep/2022:03:17:48 -0700] "GET /robots.txt HTTP/1.1" 200 48 "-" "Mozilla/5.0 (compatible; DotBot/1.2; +https://opensiteexplorer.org/dotbot; help@moz.com)" "www.michelleapplebaum.com"
114.119.153.215 - - [19/Sep/2022:03:43:52 -0700] "GET /robots.txt HTTP/1.1" 200 64 "-" "Mozilla/5.0 (compatible;PetalBot;+https://webmaster.petalsearch.com/site/petalbot)" "michelleapplebaum.com"
216.244.66.242 - - [19/Sep/2022:04:11:37 -0700] "GET /robots.txt HTTP/1.1" 200 48 "-" "Mozilla/5.0 (compatible; DotBot/1.2; +https://opensiteexplorer.org/dotbot; help@moz.com)" "michelleapplebaum.com"
114.119.153.113 - - [19/Sep/2022:04:26:27 -0700] "GET /clipart/backgrounds/sidebar HTTP/1.1" 301 1420 "http://www.michelleapplebaum.com/clipart/backgrounds" "Mozilla/5.0 (Linux; Android 7.0;) AppleWebKit/537.36 (KHTML, like Gecko) Mobile Safari/537.36 (compatible; PetalBot;+https://webmaster.petalsearch.com/site/petalbot)" "www.michelleapplebaum.com"
114.119.153.113 - - [19/Sep/2022:04:26:33 -0700] "GET /clipart/backgrounds/sidebar/ HTTP/1.1" 200 398 "http://www.michelleapplebaum.com/clipart/backgrounds" "Mozilla/5.0 (Linux; Android 7.0;) AppleWebKit/537.36 (KHTML, like Gecko) Mobile Safari/537.36 (compatible; PetalBot;+https://webmaster.petalsearch.com/site/petalbot)" "www.michelleapplebaum.com"
114.119.153.131 - - [19/Sep/2022:04:32:45 -0700] "GET /Survey/help/index.php HTTP/1.1" 200 5800 "https://michelleapplebaum.com/Survey/help/edit-questions.php" "Mozilla/5.0 (Linux; Android 7.0;) AppleWebKit/537.36 (KHTML, like Gecko) Mobile Safari/537.36 (compatible; PetalBot;+https://webmaster.petalsearch.com/site/petalbot)" "michelleapplebaum.com"
216.244.66.242 - - [19/Sep/2022:05:05:24 -0700] "GET /robots.txt HTTP/1.1" 200 48 "-" "Mozilla/5.0 (compatible; DotBot/1.2; +https://opensiteexplorer.org/dotbot; help@moz.com)" "michelleapplebaum.com"
216.244.66.242 - - [19/Sep/2022:05:05:24 -0700] "GET /robots.txt HTTP/1.1" 200 48 "-" "Mozilla/5.0 (compatible; DotBot/1.2; +https://opensiteexplorer.org/dotbot; help@moz.com)" "www.michelleapplebaum.com"
114.119.134.212 - - [19/Sep/2022:05:26:30 -0700] "GET /robots.txt HTTP/1.1" 200 64 "-" "Mozilla/5.0 (compatible;PetalBot;+https://webmaster.petalsearch.com/site/petalbot)" "www.michelleapplebaum.com"
123.183.224.71 - - [19/Sep/2022:05:39:42 -0700] "GET / HTTP/1.1" 200 782 "-" "Sogou web spider/4.0(+http://www.sogou.com/docs/help/webmasters.htm#07)" "michelleapplebaum.com"
49.7.21.101 - - [19/Sep/2022:05:45:39 -0700] "GET / HTTP/1.1" 200 782 "-" "Sogou web spider/4.0(+http://www.sogou.com/docs/help/webmasters.htm#07)" "www.michelleapplebaum.com"
216.244.66.242 - - [19/Sep/2022:05:58:42 -0700] "GET /robots.txt HTTP/1.1" 200 48 "-" "Mozilla/5.0 (compatible; DotBot/1.2; +https://opensiteexplorer.org/dotbot; help@moz.com)" "www.michelleapplebaum.com"
216.244.66.242 - - [19/Sep/2022:05:58:42 -0700] "GET /robots.txt HTTP/1.1" 200 48 "-" "Mozilla/5.0 (compatible; DotBot/1.2; +https://opensiteexplorer.org/dotbot; help@moz.com)" "michelleapplebaum.com"
37.187.94.3 - - [19/Sep/2022:06:10:41 -0700] "GET /robots.txt HTTP/1.1" 200 48 "-" "Mozilla/5.0 (compatible; MJ12bot/v1.4.8; http://mj12bot.com/)" "www.michelleapplebaum.com"
37.187.94.3 - - [19/Sep/2022:06:10:45 -0700] "GET /steelglossary.html HTTP/1.1" 200 5438 "-" "Mozilla/5.0 (compatible; MJ12bot/v1.4.8; http://mj12bot.com/)" "www.michelleapplebaum.com"
114.119.153.131 - - [19/Sep/2022:06:32:47 -0700] "GET /clipart/backgrounds/fullpage?C=S%3BO%3DA HTTP/1.1" 301 1434 "http://www.michelleapplebaum.com/clipart/backgrounds/fullpage?C=M%3BO%3DA" "Mozilla/5.0 (Linux; Android 7.0;) AppleWebKit/537.36 (KHTML, like Gecko) Mobile Safari/537.36 (compatible; PetalBot;+https://webmaster.petalsearch.com/site/petalbot)" "www.michelleapplebaum.com"
114.119.153.131 - - [19/Sep/2022:06:32:54 -0700] "GET /clipart/backgrounds/fullpage/?C=S%3BO%3DA HTTP/1.1" 200 386 "http://www.michelleapplebaum.com/clipart/backgrounds/fullpage?C=M%3BO%3DA" "Mozilla/5.0 (Linux; Android 7.0;) AppleWebKit/537.36 (KHTML, like Gecko) Mobile Safari/537.36 (compatible; PetalBot;+https://webmaster.petalsearch.com/site/petalbot)" "www.michelleapplebaum.com"
114.119.153.118 - - [19/Sep/2022:06:48:55 -0700] "GET /applets?C=S%3BO%3DA HTTP/1.1" 301 1426 "http://michelleapplebaum.com/applets?M=A" "Mozilla/5.0 (Linux; Android 7.0;) AppleWebKit/537.36 (KHTML, like Gecko) Mobile Safari/537.36 (compatible; PetalBot;+https://webmaster.petalsearch.com/site/petalbot)" "michelleapplebaum.com"
114.119.153.118 - - [19/Sep/2022:06:49:03 -0700] "GET /applets/?C=S%3BO%3DA HTTP/1.1" 200 368 "http://michelleapplebaum.com/applets?M=A" "Mozilla/5.0 (Linux; Android 7.0;) AppleWebKit/537.36 (KHTML, like Gecko) Mobile Safari/537.36 (compatible; PetalBot;+https://webmaster.petalsearch.com/site/petalbot)" "michelleapplebaum.com"
216.244.66.242 - - [19/Sep/2022:06:52:10 -0700] "GET /robots.txt HTTP/1.1" 200 48 "-" "Mozilla/5.0 (compatible; DotBot/1.2; +https://opensiteexplorer.org/dotbot; help@moz.com)" "michelleapplebaum.com"
114.119.153.131 - - [19/Sep/2022:06:55:05 -0700] "GET /clipart/buttons/?C=N%3BO%3DD HTTP/1.1" 200 356 "http://www.michelleapplebaum.com/clipart/buttons?C=D%3BO%3DA" "Mozilla/5.0 (Linux; Android 7.0;) AppleWebKit/537.36 (KHTML, like Gecko) Mobile Safari/537.36 (compatible; PetalBot;+https://webmaster.petalsearch.com/site/petalbot)" "www.michelleapplebaum.com"
51.15.183.168 - - [19/Sep/2022:06:58:11 -0700] "GET /fckeditor/editor/filemanager/browser/default/connectors/php/connector.php?Command=GetFoldersAndFiles&Type=File&CurrentFolder=%2F HTTP/1.1" 404 73 "-" "Mozilla/5.0 (Windows NT 6.3; Win64; x64) AppleWebKit/537.36 (KHTML, like Gecko) Chrome/75.0.3770.100 Safari/537.36" "michelleapplebaum.com"
114.119.153.113 - - [19/Sep/2022:07:01:31 -0700] "GET /clipart/pageHeaders?C=M%3BO%3DA HTTP/1.1" 301 1433 "http://www.michelleapplebaum.com/clipart/pageHeaders?C=S%3BO%3DA" "Mozilla/5.0 (Linux; Android 7.0;) AppleWebKit/537.36 (KHTML, like Gecko) Mobile Safari/537.36 (compatible; PetalBot;+https://webmaster.petalsearch.com/site/petalbot)" "www.michelleapplebaum.com"
114.119.153.113 - - [19/Sep/2022:07:01:45 -0700] "GET /clipart/pageHeaders/?C=M%3BO%3DA HTTP/1.1" 200 426 "http://www.michelleapplebaum.com/clipart/pageHeaders?C=S%3BO%3DA" "Mozilla/5.0 (Linux; Android 7.0;) AppleWebKit/537.36 (KHTML, like Gecko) Mobile Safari/537.36 (compatible; PetalBot;+https://webmaster.petalsearch.com/site/petalbot)" "www.michelleapplebaum.com"
