216.244.66.242 - - [21/Sep/2022:07:32:29 -0700] "GET /robots.txt HTTP/1.1" 200 48 "-" "Mozilla/5.0 (compatible; DotBot/1.2; +https://opensiteexplorer.org/dotbot; help@moz.com)" "www.michelleapplebaum.com"
51.254.215.154 - - [21/Sep/2022:07:35:00 -0700] "GET /blog/index.php/inc.php?1473 HTTP/1.1" 500 251 "michelleapplebaum.com" "Mozilla/5.0 (Windows NT 6.1; WOW64) AppleWebKit/537.36 (KHTML, like Gecko) Chrome/50.0.2661.75 Safari/537.36" "michelleapplebaum.com"
51.254.215.154 - - [21/Sep/2022:07:36:52 -0700] "GET /blog/wp-content/co.php?1476 HTTP/1.1" 404 73 "michelleapplebaum.com" "Mozilla/5.0 (Windows NT 6.1; WOW64) AppleWebKit/537.36 (KHTML, like Gecko) Chrome/50.0.2661.75 Safari/537.36" "michelleapplebaum.com"
51.254.215.154 - - [21/Sep/2022:07:37:34 -0700] "GET /blog/index.php/co.php?1476 HTTP/1.1" 500 251 "michelleapplebaum.com" "Mozilla/5.0 (Windows NT 6.1; WOW64) AppleWebKit/537.36 (KHTML, like Gecko) Chrome/50.0.2661.75 Safari/537.36" "michelleapplebaum.com"
51.254.215.154 - - [21/Sep/2022:07:37:39 -0700] "GET /blog/wp-content/plugins/seoo/masfix.php?1457 HTTP/1.1" 404 73 "michelleapplebaum.com" "Mozilla/5.0 (Windows NT 6.1; WOW64) AppleWebKit/537.36 (KHTML, like Gecko) Chrome/50.0.2661.75 Safari/537.36" "michelleapplebaum.com"
51.254.215.154 - - [21/Sep/2022:07:37:54 -0700] "GET /blog/index.php/admin.php?1473 HTTP/1.1" 500 251 "michelleapplebaum.com" "Mozilla/5.0 (Windows NT 6.1; WOW64) AppleWebKit/537.36 (KHTML, like Gecko) Chrome/50.0.2661.75 Safari/537.36" "michelleapplebaum.com"
51.254.215.154 - - [21/Sep/2022:07:38:06 -0700] "GET /blog/wp-content/plugins/MI77I-X/sym.php?1472 HTTP/1.1" 404 73 "michelleapplebaum.com" "Mozilla/5.0 (Windows NT 6.1; WOW64) AppleWebKit/537.36 (KHTML, like Gecko) Chrome/50.0.2661.75 Safari/537.36" "michelleapplebaum.com"
85.31.186.210 - - [21/Sep/2022:07:38:52 -0700] "GET /robots.txt HTTP/1.1" 200 64 "-" "Mozilla/5.0 (compatible; InfoTigerBot/1.9; +https://infotiger.com/bot)" "michelleapplebaum.com"
85.31.186.210 - - [21/Sep/2022:07:38:52 -0700] "GET / HTTP/1.1" 200 782 "-" "Mozilla/5.0 (compatible; InfoTigerBot/1.9; +https://infotiger.com/bot)" "michelleapplebaum.com"
114.119.153.131 - - [21/Sep/2022:07:58:03 -0700] "GET /clipart/buttons/themes/sleek?M=A HTTP/1.1" 301 1433 "https://michelleapplebaum.com/clipart/buttons/themes/sleek" "Mozilla/5.0 (Linux; Android 7.0;) AppleWebKit/537.36 (KHTML, like Gecko) Mobile Safari/537.36 (compatible; PetalBot;+https://webmaster.petalsearch.com/site/petalbot)" "michelleapplebaum.com"
114.119.153.131 - - [21/Sep/2022:07:58:04 -0700] "GET /clipart/buttons/themes/sleek/?M=A HTTP/1.1" 200 413 "https://michelleapplebaum.com/clipart/buttons/themes/sleek" "Mozilla/5.0 (Linux; Android 7.0;) AppleWebKit/537.36 (KHTML, like Gecko) Mobile Safari/537.36 (compatible; PetalBot;+https://webmaster.petalsearch.com/site/petalbot)" "michelleapplebaum.com"
114.119.153.131 - - [21/Sep/2022:08:03:25 -0700] "GET /clipart/backgrounds/tile?C=S%3BO%3DA HTTP/1.1" 301 1435 "https://michelleapplebaum.com/clipart/backgrounds/tile?S=A" "Mozilla/5.0 (Linux; Android 7.0;) AppleWebKit/537.36 (KHTML, like Gecko) Mobile Safari/537.36 (compatible; PetalBot;+https://webmaster.petalsearch.com/site/petalbot)" "michelleapplebaum.com"
114.119.153.131 - - [21/Sep/2022:08:03:26 -0700] "GET /clipart/backgrounds/tile/?C=S%3BO%3DA HTTP/1.1" 200 384 "https://michelleapplebaum.com/clipart/backgrounds/tile?S=A" "Mozilla/5.0 (Linux; Android 7.0;) AppleWebKit/537.36 (KHTML, like Gecko) Mobile Safari/537.36 (compatible; PetalBot;+https://webmaster.petalsearch.com/site/petalbot)" "michelleapplebaum.com"
192.99.36.181 - - [21/Sep/2022:08:07:18 -0700] "GET /robots.txt HTTP/1.1" 200 48 "-" "Mozilla/5.0 (compatible; MJ12bot/v1.4.8; http://mj12bot.com/)" "www.michelleapplebaum.com"
192.99.36.181 - - [21/Sep/2022:08:07:19 -0700] "GET /B.html HTTP/1.1" 200 4332 "-" "Mozilla/5.0 (compatible; MJ12bot/v1.4.8; http://mj12bot.com/)" "www.michelleapplebaum.com"
192.99.36.181 - - [21/Sep/2022:08:07:21 -0700] "GET /C.html HTTP/1.1" 200 6141 "-" "Mozilla/5.0 (compatible; MJ12bot/v1.4.8; http://mj12bot.com/)" "www.michelleapplebaum.com"
192.99.36.181 - - [21/Sep/2022:08:07:22 -0700] "GET /D.html HTTP/1.1" 200 4367 "-" "Mozilla/5.0 (compatible; MJ12bot/v1.4.8; http://mj12bot.com/)" "www.michelleapplebaum.com"
192.99.36.181 - - [21/Sep/2022:08:07:24 -0700] "GET /E.html HTTP/1.1" 200 3180 "-" "Mozilla/5.0 (compatible; MJ12bot/v1.4.8; http://mj12bot.com/)" "www.michelleapplebaum.com"
192.99.36.181 - - [21/Sep/2022:08:07:25 -0700] "GET /F.html HTTP/1.1" 200 4620 "-" "Mozilla/5.0 (compatible; MJ12bot/v1.4.8; http://mj12bot.com/)" "www.michelleapplebaum.com"
192.99.36.181 - - [21/Sep/2022:08:07:27 -0700] "GET /G.html HTTP/1.1" 200 3404 "-" "Mozilla/5.0 (compatible; MJ12bot/v1.4.8; http://mj12bot.com/)" "www.michelleapplebaum.com"
192.99.36.181 - - [21/Sep/2022:08:07:28 -0700] "GET /H.html HTTP/1.1" 200 4416 "-" "Mozilla/5.0 (compatible; MJ12bot/v1.4.8; http://mj12bot.com/)" "www.michelleapplebaum.com"
192.99.36.181 - - [21/Sep/2022:08:07:30 -0700] "GET /I.html HTTP/1.1" 200 3461 "-" "Mozilla/5.0 (compatible; MJ12bot/v1.4.8; http://mj12bot.com/)" "www.michelleapplebaum.com"
192.99.36.181 - - [21/Sep/2022:08:07:31 -0700] "GET /L.html HTTP/1.1" 200 3403 "-" "Mozilla/5.0 (compatible; MJ12bot/v1.4.8; http://mj12bot.com/)" "www.michelleapplebaum.com"
192.99.36.181 - - [21/Sep/2022:08:07:33 -0700] "GET /M.html HTTP/1.1" 200 3539 "-" "Mozilla/5.0 (compatible; MJ12bot/v1.4.8; http://mj12bot.com/)" "www.michelleapplebaum.com"
192.99.36.181 - - [21/Sep/2022:08:07:34 -0700] "GET /N.html HTTP/1.1" 200 2764 "-" "Mozilla/5.0 (compatible; MJ12bot/v1.4.8; http://mj12bot.com/)" "www.michelleapplebaum.com"
192.99.36.181 - - [21/Sep/2022:08:07:35 -0700] "GET /O.html HTTP/1.1" 200 2885 "-" "Mozilla/5.0 (compatible; MJ12bot/v1.4.8; http://mj12bot.com/)" "www.michelleapplebaum.com"
192.99.36.181 - - [21/Sep/2022:08:07:37 -0700] "GET /P.html HTTP/1.1" 200 3692 "-" "Mozilla/5.0 (compatible; MJ12bot/v1.4.8; http://mj12bot.com/)" "www.michelleapplebaum.com"
192.99.36.181 - - [21/Sep/2022:08:07:39 -0700] "GET /Q.html HTTP/1.1" 200 2470 "-" "Mozilla/5.0 (compatible; MJ12bot/v1.4.8; http://mj12bot.com/)" "www.michelleapplebaum.com"
192.99.36.181 - - [21/Sep/2022:08:07:40 -0700] "GET /R.html HTTP/1.1" 200 3732 "-" "Mozilla/5.0 (compatible; MJ12bot/v1.4.8; http://mj12bot.com/)" "www.michelleapplebaum.com"
192.99.36.181 - - [21/Sep/2022:08:07:41 -0700] "GET /S.html HTTP/1.1" 200 8213 "-" "Mozilla/5.0 (compatible; MJ12bot/v1.4.8; http://mj12bot.com/)" "www.michelleapplebaum.com"
192.99.36.181 - - [21/Sep/2022:08:07:43 -0700] "GET /T.html HTTP/1.1" 200 4525 "-" "Mozilla/5.0 (compatible; MJ12bot/v1.4.8; http://mj12bot.com/)" "www.michelleapplebaum.com"
192.99.36.181 - - [21/Sep/2022:08:07:44 -0700] "GET /U.html HTTP/1.1" 200 2128 "-" "Mozilla/5.0 (compatible; MJ12bot/v1.4.8; http://mj12bot.com/)" "www.michelleapplebaum.com"
192.99.36.181 - - [21/Sep/2022:08:07:46 -0700] "GET /V.html HTTP/1.1" 200 2667 "-" "Mozilla/5.0 (compatible; MJ12bot/v1.4.8; http://mj12bot.com/)" "www.michelleapplebaum.com"
192.99.36.181 - - [21/Sep/2022:08:07:47 -0700] "GET /W.html HTTP/1.1" 200 2282 "-" "Mozilla/5.0 (compatible; MJ12bot/v1.4.8; http://mj12bot.com/)" "www.michelleapplebaum.com"
192.99.36.181 - - [21/Sep/2022:08:07:49 -0700] "GET /Y.html HTTP/1.1" 200 1986 "-" "Mozilla/5.0 (compatible; MJ12bot/v1.4.8; http://mj12bot.com/)" "www.michelleapplebaum.com"
192.99.36.181 - - [21/Sep/2022:08:07:50 -0700] "GET /robots.txt HTTP/1.1" 200 48 "-" "Mozilla/5.0 (compatible; MJ12bot/v1.4.8; http://mj12bot.com/)" "www.michelleapplebaum.com"
192.99.36.181 - - [21/Sep/2022:08:07:51 -0700] "GET /clipart/backgrounds/sidebar/?C=D;O=A HTTP/1.1" 200 398 "-" "Mozilla/5.0 (compatible; MJ12bot/v1.4.8; http://mj12bot.com/)" "www.michelleapplebaum.com"
192.99.36.181 - - [21/Sep/2022:08:07:53 -0700] "GET /clipart/backgrounds/sidebar/?C=M;O=A HTTP/1.1" 200 398 "-" "Mozilla/5.0 (compatible; MJ12bot/v1.4.8; http://mj12bot.com/)" "www.michelleapplebaum.com"
192.99.36.181 - - [21/Sep/2022:08:07:54 -0700] "GET /clipart/backgrounds/sidebar/?C=N;O=D HTTP/1.1" 200 397 "-" "Mozilla/5.0 (compatible; MJ12bot/v1.4.8; http://mj12bot.com/)" "www.michelleapplebaum.com"
192.99.36.181 - - [21/Sep/2022:08:07:56 -0700] "GET /clipart/backgrounds/sidebar/?C=S;O=A HTTP/1.1" 200 399 "-" "Mozilla/5.0 (compatible; MJ12bot/v1.4.8; http://mj12bot.com/)" "www.michelleapplebaum.com"
192.99.36.181 - - [21/Sep/2022:08:07:57 -0700] "GET /clipart/backgrounds/sidebar/?D=A HTTP/1.1" 200 398 "-" "Mozilla/5.0 (compatible; MJ12bot/v1.4.8; http://mj12bot.com/)" "www.michelleapplebaum.com"
192.99.36.181 - - [21/Sep/2022:08:07:59 -0700] "GET /clipart/backgrounds/sidebar/?D=D HTTP/1.1" 200 398 "-" "Mozilla/5.0 (compatible; MJ12bot/v1.4.8; http://mj12bot.com/)" "www.michelleapplebaum.com"
192.99.36.181 - - [21/Sep/2022:08:08:00 -0700] "GET /clipart/backgrounds/sidebar/?M=A HTTP/1.1" 200 398 "-" "Mozilla/5.0 (compatible; MJ12bot/v1.4.8; http://mj12bot.com/)" "www.michelleapplebaum.com"
192.99.36.181 - - [21/Sep/2022:08:08:02 -0700] "GET /clipart/backgrounds/sidebar/?M=D HTTP/1.1" 200 398 "-" "Mozilla/5.0 (compatible; MJ12bot/v1.4.8; http://mj12bot.com/)" "www.michelleapplebaum.com"
192.99.36.181 - - [21/Sep/2022:08:08:03 -0700] "GET /clipart/backgrounds/sidebar/?N=A HTTP/1.1" 200 398 "-" "Mozilla/5.0 (compatible; MJ12bot/v1.4.8; http://mj12bot.com/)" "www.michelleapplebaum.com"
192.99.36.181 - - [21/Sep/2022:08:08:05 -0700] "GET /clipart/backgrounds/sidebar/?N=D HTTP/1.1" 200 398 "-" "Mozilla/5.0 (compatible; MJ12bot/v1.4.8; http://mj12bot.com/)" "www.michelleapplebaum.com"
192.99.36.181 - - [21/Sep/2022:08:08:06 -0700] "GET /clipart/backgrounds/sidebar/?S=A HTTP/1.1" 200 398 "-" "Mozilla/5.0 (compatible; MJ12bot/v1.4.8; http://mj12bot.com/)" "www.michelleapplebaum.com"
192.99.36.181 - - [21/Sep/2022:08:08:08 -0700] "GET /clipart/backgrounds/sidebar/?S=D HTTP/1.1" 200 398 "-" "Mozilla/5.0 (compatible; MJ12bot/v1.4.8; http://mj12bot.com/)" "www.michelleapplebaum.com"
192.99.36.181 - - [21/Sep/2022:08:08:09 -0700] "GET /clipart/backgrounds/tile/ HTTP/1.1" 200 384 "-" "Mozilla/5.0 (compatible; MJ12bot/v1.4.8; http://mj12bot.com/)" "www.michelleapplebaum.com"
192.99.36.181 - - [21/Sep/2022:08:08:11 -0700] "GET /clipart/backgrounds/tile/?C=D;O=A HTTP/1.1" 200 384 "-" "Mozilla/5.0 (compatible; MJ12bot/v1.4.8; http://mj12bot.com/)" "www.michelleapplebaum.com"
192.99.36.181 - - [21/Sep/2022:08:08:12 -0700] "GET /clipart/backgrounds/tile/?C=M;O=A HTTP/1.1" 200 384 "-" "Mozilla/5.0 (compatible; MJ12bot/v1.4.8; http://mj12bot.com/)" "www.michelleapplebaum.com"
192.99.36.181 - - [21/Sep/2022:08:08:14 -0700] "GET /clipart/backgrounds/tile/?C=N;O=D HTTP/1.1" 200 385 "-" "Mozilla/5.0 (compatible; MJ12bot/v1.4.8; http://mj12bot.com/)" "www.michelleapplebaum.com"
192.99.36.181 - - [21/Sep/2022:08:08:15 -0700] "GET /clipart/backgrounds/tile/?C=S;O=A HTTP/1.1" 200 384 "-" "Mozilla/5.0 (compatible; MJ12bot/v1.4.8; http://mj12bot.com/)" "www.michelleapplebaum.com"
192.99.36.181 - - [21/Sep/2022:08:08:17 -0700] "GET /clipart/backgrounds/tile/?D=A HTTP/1.1" 200 384 "-" "Mozilla/5.0 (compatible; MJ12bot/v1.4.8; http://mj12bot.com/)" "www.michelleapplebaum.com"
192.99.36.181 - - [21/Sep/2022:08:08:18 -0700] "GET /clipart/backgrounds/tile/?D=D HTTP/1.1" 200 384 "-" "Mozilla/5.0 (compatible; MJ12bot/v1.4.8; http://mj12bot.com/)" "www.michelleapplebaum.com"
192.99.36.181 - - [21/Sep/2022:08:08:20 -0700] "GET /clipart/backgrounds/tile/?M=D HTTP/1.1" 200 384 "-" "Mozilla/5.0 (compatible; MJ12bot/v1.4.8; http://mj12bot.com/)" "www.michelleapplebaum.com"
192.99.36.181 - - [21/Sep/2022:08:08:22 -0700] "GET /clipart/backgrounds/tile/?N=A HTTP/1.1" 200 384 "-" "Mozilla/5.0 (compatible; MJ12bot/v1.4.8; http://mj12bot.com/)" "www.michelleapplebaum.com"
192.99.36.181 - - [21/Sep/2022:08:08:23 -0700] "GET /clipart/backgrounds/tile/?N=D HTTP/1.1" 200 384 "-" "Mozilla/5.0 (compatible; MJ12bot/v1.4.8; http://mj12bot.com/)" "www.michelleapplebaum.com"
192.99.36.181 - - [21/Sep/2022:08:08:24 -0700] "GET /clipart/backgrounds/tile/?S=A HTTP/1.1" 200 384 "-" "Mozilla/5.0 (compatible; MJ12bot/v1.4.8; http://mj12bot.com/)" "www.michelleapplebaum.com"
192.99.36.181 - - [21/Sep/2022:08:08:26 -0700] "GET /clipart/backgrounds/tile/?S=D HTTP/1.1" 200 384 "-" "Mozilla/5.0 (compatible; MJ12bot/v1.4.8; http://mj12bot.com/)" "www.michelleapplebaum.com"
192.99.36.181 - - [21/Sep/2022:08:08:27 -0700] "GET /clipart/buttons/?N=D HTTP/1.1" 200 356 "-" "Mozilla/5.0 (compatible; MJ12bot/v1.4.8; http://mj12bot.com/)" "www.michelleapplebaum.com"
192.99.36.181 - - [21/Sep/2022:08:08:29 -0700] "GET /clipart/images/?D=A HTTP/1.1" 200 413 "-" "Mozilla/5.0 (compatible; MJ12bot/v1.4.8; http://mj12bot.com/)" "www.michelleapplebaum.com"
192.99.36.181 - - [21/Sep/2022:08:08:30 -0700] "GET /clipart/images/?D=D HTTP/1.1" 200 413 "-" "Mozilla/5.0 (compatible; MJ12bot/v1.4.8; http://mj12bot.com/)" "www.michelleapplebaum.com"
192.99.36.181 - - [21/Sep/2022:08:08:32 -0700] "GET /clipart/images/?M=A HTTP/1.1" 200 413 "-" "Mozilla/5.0 (compatible; MJ12bot/v1.4.8; http://mj12bot.com/)" "www.michelleapplebaum.com"
192.99.36.181 - - [21/Sep/2022:08:08:33 -0700] "GET /clipart/images/?M=D HTTP/1.1" 200 413 "-" "Mozilla/5.0 (compatible; MJ12bot/v1.4.8; http://mj12bot.com/)" "www.michelleapplebaum.com"
192.99.36.181 - - [21/Sep/2022:08:08:35 -0700] "GET /clipart/images/?N=A HTTP/1.1" 200 413 "-" "Mozilla/5.0 (compatible; MJ12bot/v1.4.8; http://mj12bot.com/)" "www.michelleapplebaum.com"
192.99.36.181 - - [21/Sep/2022:08:08:36 -0700] "GET /clipart/images/?N=D HTTP/1.1" 200 413 "-" "Mozilla/5.0 (compatible; MJ12bot/v1.4.8; http://mj12bot.com/)" "www.michelleapplebaum.com"
192.99.36.181 - - [21/Sep/2022:08:08:38 -0700] "GET /clipart/images/?S=A HTTP/1.1" 200 413 "-" "Mozilla/5.0 (compatible; MJ12bot/v1.4.8; http://mj12bot.com/)" "www.michelleapplebaum.com"
192.99.36.181 - - [21/Sep/2022:08:08:39 -0700] "GET /clipart/images/?S=D HTTP/1.1" 200 413 "-" "Mozilla/5.0 (compatible; MJ12bot/v1.4.8; http://mj12bot.com/)" "www.michelleapplebaum.com"
192.99.36.181 - - [21/Sep/2022:08:08:41 -0700] "GET /clipart/images/sidebars/?C=D;O=A HTTP/1.1" 200 389 "-" "Mozilla/5.0 (compatible; MJ12bot/v1.4.8; http://mj12bot.com/)" "www.michelleapplebaum.com"
192.99.36.181 - - [21/Sep/2022:08:08:42 -0700] "GET /clipart/images/sidebars/?C=M;O=A HTTP/1.1" 200 389 "-" "Mozilla/5.0 (compatible; MJ12bot/v1.4.8; http://mj12bot.com/)" "www.michelleapplebaum.com"
192.99.36.181 - - [21/Sep/2022:08:08:44 -0700] "GET /clipart/images/sidebars/?C=N;O=D HTTP/1.1" 200 387 "-" "Mozilla/5.0 (compatible; MJ12bot/v1.4.8; http://mj12bot.com/)" "www.michelleapplebaum.com"
192.99.36.181 - - [21/Sep/2022:08:08:46 -0700] "GET /clipart/images/sidebars/?C=S;O=A HTTP/1.1" 200 389 "-" "Mozilla/5.0 (compatible; MJ12bot/v1.4.8; http://mj12bot.com/)" "www.michelleapplebaum.com"
192.99.36.181 - - [21/Sep/2022:08:08:47 -0700] "GET /clipart/images/sidebars/?D=A HTTP/1.1" 200 389 "-" "Mozilla/5.0 (compatible; MJ12bot/v1.4.8; http://mj12bot.com/)" "www.michelleapplebaum.com"
192.99.36.181 - - [21/Sep/2022:08:08:49 -0700] "GET /clipart/images/sidebars/?D=D HTTP/1.1" 200 389 "-" "Mozilla/5.0 (compatible; MJ12bot/v1.4.8; http://mj12bot.com/)" "www.michelleapplebaum.com"
192.99.36.181 - - [21/Sep/2022:08:08:50 -0700] "GET /clipart/images/sidebars/?M=A HTTP/1.1" 200 389 "-" "Mozilla/5.0 (compatible; MJ12bot/v1.4.8; http://mj12bot.com/)" "www.michelleapplebaum.com"
192.99.36.181 - - [21/Sep/2022:08:08:52 -0700] "GET /clipart/images/sidebars/?M=D HTTP/1.1" 200 389 "-" "Mozilla/5.0 (compatible; MJ12bot/v1.4.8; http://mj12bot.com/)" "www.michelleapplebaum.com"
192.99.36.181 - - [21/Sep/2022:08:08:53 -0700] "GET /clipart/images/sidebars/?N=A HTTP/1.1" 200 389 "-" "Mozilla/5.0 (compatible; MJ12bot/v1.4.8; http://mj12bot.com/)" "www.michelleapplebaum.com"
192.99.36.181 - - [21/Sep/2022:08:08:55 -0700] "GET /clipart/images/sidebars/?N=D HTTP/1.1" 200 389 "-" "Mozilla/5.0 (compatible; MJ12bot/v1.4.8; http://mj12bot.com/)" "www.michelleapplebaum.com"
192.99.36.181 - - [21/Sep/2022:08:08:56 -0700] "GET /clipart/images/sidebars/?S=A HTTP/1.1" 200 389 "-" "Mozilla/5.0 (compatible; MJ12bot/v1.4.8; http://mj12bot.com/)" "www.michelleapplebaum.com"
192.99.36.181 - - [21/Sep/2022:08:08:58 -0700] "GET /clipart/images/sidebars/?S=D HTTP/1.1" 200 389 "-" "Mozilla/5.0 (compatible; MJ12bot/v1.4.8; http://mj12bot.com/)" "www.michelleapplebaum.com"
192.99.36.181 - - [21/Sep/2022:08:08:59 -0700] "GET /clipart/pageHeaders/?D=A HTTP/1.1" 200 426 "-" "Mozilla/5.0 (compatible; MJ12bot/v1.4.8; http://mj12bot.com/)" "www.michelleapplebaum.com"
192.99.36.181 - - [21/Sep/2022:08:09:01 -0700] "GET /clipart/pageHeaders/?D=D HTTP/1.1" 200 426 "-" "Mozilla/5.0 (compatible; MJ12bot/v1.4.8; http://mj12bot.com/)" "www.michelleapplebaum.com"
192.99.36.181 - - [21/Sep/2022:08:09:02 -0700] "GET /clipart/pageHeaders/?M=A HTTP/1.1" 200 426 "-" "Mozilla/5.0 (compatible; MJ12bot/v1.4.8; http://mj12bot.com/)" "www.michelleapplebaum.com"
192.99.36.181 - - [21/Sep/2022:08:09:04 -0700] "GET /clipart/pageHeaders/?M=D HTTP/1.1" 200 426 "-" "Mozilla/5.0 (compatible; MJ12bot/v1.4.8; http://mj12bot.com/)" "www.michelleapplebaum.com"
192.99.36.181 - - [21/Sep/2022:08:09:05 -0700] "GET /clipart/pageHeaders/?N=A HTTP/1.1" 200 426 "-" "Mozilla/5.0 (compatible; MJ12bot/v1.4.8; http://mj12bot.com/)" "www.michelleapplebaum.com"
192.99.36.181 - - [21/Sep/2022:08:09:07 -0700] "GET /clipart/pageHeaders/?N=D HTTP/1.1" 200 426 "-" "Mozilla/5.0 (compatible; MJ12bot/v1.4.8; http://mj12bot.com/)" "www.michelleapplebaum.com"
192.99.36.181 - - [21/Sep/2022:08:09:08 -0700] "GET /clipart/pageHeaders/?S=A HTTP/1.1" 200 426 "-" "Mozilla/5.0 (compatible; MJ12bot/v1.4.8; http://mj12bot.com/)" "www.michelleapplebaum.com"
192.99.36.181 - - [21/Sep/2022:08:09:10 -0700] "GET /clipart/pageHeaders/?S=D HTTP/1.1" 200 426 "-" "Mozilla/5.0 (compatible; MJ12bot/v1.4.8; http://mj12bot.com/)" "www.michelleapplebaum.com"
192.99.36.181 - - [21/Sep/2022:08:09:11 -0700] "GET /images/?D=D HTTP/1.1" 200 520 "-" "Mozilla/5.0 (compatible; MJ12bot/v1.4.8; http://mj12bot.com/)" "www.michelleapplebaum.com"
192.99.36.181 - - [21/Sep/2022:08:09:13 -0700] "GET /images/?M=D HTTP/1.1" 200 520 "-" "Mozilla/5.0 (compatible; MJ12bot/v1.4.8; http://mj12bot.com/)" "www.michelleapplebaum.com"
192.99.36.181 - - [21/Sep/2022:08:09:14 -0700] "GET /images/?N=A HTTP/1.1" 200 520 "-" "Mozilla/5.0 (compatible; MJ12bot/v1.4.8; http://mj12bot.com/)" "www.michelleapplebaum.com"
192.99.36.181 - - [21/Sep/2022:08:09:16 -0700] "GET /images/?S=D HTTP/1.1" 200 520 "-" "Mozilla/5.0 (compatible; MJ12bot/v1.4.8; http://mj12bot.com/)" "www.michelleapplebaum.com"
192.99.36.181 - - [21/Sep/2022:08:09:17 -0700] "GET /navigation_bars/?D=D HTTP/1.1" 200 497 "-" "Mozilla/5.0 (compatible; MJ12bot/v1.4.8; http://mj12bot.com/)" "www.michelleapplebaum.com"
192.99.36.181 - - [21/Sep/2022:08:09:19 -0700] "GET /navigation_bars/?N=A HTTP/1.1" 200 497 "-" "Mozilla/5.0 (compatible; MJ12bot/v1.4.8; http://mj12bot.com/)" "www.michelleapplebaum.com"
192.99.36.181 - - [21/Sep/2022:08:09:20 -0700] "GET /navigation_bars/?S=D HTTP/1.1" 200 497 "-" "Mozilla/5.0 (compatible; MJ12bot/v1.4.8; http://mj12bot.com/)" "www.michelleapplebaum.com"
188.153.0.191 - - [21/Sep/2022:08:11:52 -0700] "GET / HTTP/1.1" 200 782 "-" "Mozilla/5.0 (Windows NT 10.0; Win64; x64) AppleWebKit/537.36 (KHTML, like Gecko) Chrome/79.0.3945.130 Safari/537.36" "michelleapplebaum.com"
178.33.114.104 - - [21/Sep/2022:08:24:41 -0700] "GET /blog/wp-admin/maint/update.php?1502 HTTP/1.1" 404 73 "michelleapplebaum.com" "Mozilla/5.0 (Windows NT 6.1; WOW64) AppleWebKit/537.36 (KHTML, like Gecko) Chrome/50.0.2661.75 Safari/537.36" "michelleapplebaum.com"
178.33.114.104 - - [21/Sep/2022:08:25:12 -0700] "GET /blog/wp-content/plugins/wpsml-sys.php?1479 HTTP/1.1" 404 73 "michelleapplebaum.com" "Mozilla/5.0 (Windows NT 6.1; WOW64) AppleWebKit/537.36 (KHTML, like Gecko) Chrome/50.0.2661.75 Safari/537.36" "michelleapplebaum.com"
114.119.136.176 - - [21/Sep/2022:08:25:38 -0700] "GET /?C=N%3BO%3DD HTTP/1.1" 200 782 "http://www.michelleapplebaum.com?C=D%3BO%3DA" "Mozilla/5.0 (Linux; Android 7.0;) AppleWebKit/537.36 (KHTML, like Gecko) Mobile Safari/537.36 (compatible; PetalBot;+https://webmaster.petalsearch.com/site/petalbot)" "www.michelleapplebaum.com"
216.244.66.242 - - [21/Sep/2022:08:28:40 -0700] "GET /robots.txt HTTP/1.1" 200 48 "-" "Mozilla/5.0 (compatible; DotBot/1.2; +https://opensiteexplorer.org/dotbot; help@moz.com)" "michelleapplebaum.com"
114.119.153.118 - - [21/Sep/2022:08:42:11 -0700] "GET /navigation_bars/?C=M%3BO%3DA HTTP/1.1" 200 497 "-" "Mozilla/5.0 (compatible;PetalBot;+https://webmaster.petalsearch.com/site/petalbot)" "www.michelleapplebaum.com"
54.36.148.188 - - [21/Sep/2022:09:04:32 -0700] "GET /robots.txt HTTP/1.1" 200 64 "-" "Mozilla/5.0 (compatible; AhrefsBot/7.0; +http://ahrefs.com/robot/)" "www.michelleapplebaum.com"
51.222.253.9 - - [21/Sep/2022:09:04:33 -0700] "GET /clipart/ HTTP/1.1" 200 406 "-" "Mozilla/5.0 (compatible; AhrefsBot/7.0; +http://ahrefs.com/robot/)" "www.michelleapplebaum.com"
114.119.153.113 - - [21/Sep/2022:09:14:09 -0700] "GET /clipart/pageHeaders?C=D%3BO%3DA HTTP/1.1" 301 1433 "http://www.michelleapplebaum.com/clipart/pageHeaders?C=S%3BO%3DA" "Mozilla/5.0 (Linux; Android 7.0;) AppleWebKit/537.36 (KHTML, like Gecko) Mobile Safari/537.36 (compatible; PetalBot;+https://webmaster.petalsearch.com/site/petalbot)" "www.michelleapplebaum.com"
114.119.153.113 - - [21/Sep/2022:09:14:09 -0700] "GET /clipart/pageHeaders/?C=D%3BO%3DA HTTP/1.1" 200 426 "http://www.michelleapplebaum.com/clipart/pageHeaders?C=S%3BO%3DA" "Mozilla/5.0 (Linux; Android 7.0;) AppleWebKit/537.36 (KHTML, like Gecko) Mobile Safari/537.36 (compatible; PetalBot;+https://webmaster.petalsearch.com/site/petalbot)" "www.michelleapplebaum.com"
216.244.66.242 - - [21/Sep/2022:09:23:21 -0700] "GET /robots.txt HTTP/1.1" 200 48 "-" "Mozilla/5.0 (compatible; DotBot/1.2; +https://opensiteexplorer.org/dotbot; help@moz.com)" "www.michelleapplebaum.com"
216.244.66.242 - - [21/Sep/2022:09:23:21 -0700] "GET /robots.txt HTTP/1.1" 200 48 "-" "Mozilla/5.0 (compatible; DotBot/1.2; +https://opensiteexplorer.org/dotbot; help@moz.com)" "michelleapplebaum.com"
85.31.186.210 - - [21/Sep/2022:09:27:23 -0700] "GET / HTTP/1.1" 200 782 "-" "Mozilla/5.0 (compatible; InfoTigerBot/1.9; +https://infotiger.com/bot)" "michelleapplebaum.com"
114.119.153.11 - - [21/Sep/2022:09:35:00 -0700] "GET /clipart/backgrounds?D=D HTTP/1.1" 301 1417 "http://michelleapplebaum.com/clipart/backgrounds?D=A" "Mozilla/5.0 (Linux; Android 7.0;) AppleWebKit/537.36 (KHTML, like Gecko) Mobile Safari/537.36 (compatible; PetalBot;+https://webmaster.petalsearch.com/site/petalbot)" "michelleapplebaum.com"
114.119.153.11 - - [21/Sep/2022:09:35:00 -0700] "GET /clipart/backgrounds/?D=D HTTP/1.1" 200 402 "http://michelleapplebaum.com/clipart/backgrounds?D=A" "Mozilla/5.0 (Linux; Android 7.0;) AppleWebKit/537.36 (KHTML, like Gecko) Mobile Safari/537.36 (compatible; PetalBot;+https://webmaster.petalsearch.com/site/petalbot)" "michelleapplebaum.com"
114.119.153.113 - - [21/Sep/2022:09:42:45 -0700] "GET /clipart/backgrounds/tile?C=S%3BO%3DA HTTP/1.1" 301 1433 "http://www.michelleapplebaum.com/clipart/backgrounds/tile?C=D%3BO%3DA" "Mozilla/5.0 (Linux; Android 7.0;) AppleWebKit/537.36 (KHTML, like Gecko) Mobile Safari/537.36 (compatible; PetalBot;+https://webmaster.petalsearch.com/site/petalbot)" "www.michelleapplebaum.com"
114.119.153.113 - - [21/Sep/2022:09:42:45 -0700] "GET /clipart/backgrounds/tile/?C=S%3BO%3DA HTTP/1.1" 200 384 "http://www.michelleapplebaum.com/clipart/backgrounds/tile?C=D%3BO%3DA" "Mozilla/5.0 (Linux; Android 7.0;) AppleWebKit/537.36 (KHTML, like Gecko) Mobile Safari/537.36 (compatible; PetalBot;+https://webmaster.petalsearch.com/site/petalbot)" "www.michelleapplebaum.com"
194.38.20.161 - - [21/Sep/2022:09:43:50 -0700] "GET /wp-content/themes/konzept/style.css HTTP/1.1" 404 73 "-" "ALittle Client" "michelleapplebaum.com"
207.46.13.13 - - [21/Sep/2022:09:48:16 -0700] "GET /clipart/buttons/?M=D HTTP/1.1" 200 356 "-" "Mozilla/5.0 (compatible; bingbot/2.0; +http://www.bing.com/bingbot.htm)" "michelleapplebaum.com"
114.119.153.118 - - [21/Sep/2022:10:01:26 -0700] "GET /clipart/images/?C=M%3BO%3DA HTTP/1.1" 200 413 "http://www.michelleapplebaum.com/clipart/images?C=S%3BO%3DA" "Mozilla/5.0 (Linux; Android 7.0;) AppleWebKit/537.36 (KHTML, like Gecko) Mobile Safari/537.36 (compatible; PetalBot;+https://webmaster.petalsearch.com/site/petalbot)" "www.michelleapplebaum.com"
114.119.153.131 - - [21/Sep/2022:10:12:29 -0700] "GET /clipart/pageHeaders/?C=M%3BO%3DA HTTP/1.1" 200 426 "http://michelleapplebaum.com/clipart/pageHeaders?C=S%3BO%3DA" "Mozilla/5.0 (Linux; Android 7.0;) AppleWebKit/537.36 (KHTML, like Gecko) Mobile Safari/537.36 (compatible; PetalBot;+https://webmaster.petalsearch.com/site/petalbot)" "michelleapplebaum.com"
216.244.66.242 - - [21/Sep/2022:10:17:01 -0700] "GET /robots.txt HTTP/1.1" 200 48 "-" "Mozilla/5.0 (compatible; DotBot/1.2; +https://opensiteexplorer.org/dotbot; help@moz.com)" "michelleapplebaum.com"
216.244.66.242 - - [21/Sep/2022:10:17:01 -0700] "GET /robots.txt HTTP/1.1" 200 48 "-" "Mozilla/5.0 (compatible; DotBot/1.2; +https://opensiteexplorer.org/dotbot; help@moz.com)" "www.michelleapplebaum.com"
114.119.153.131 - - [21/Sep/2022:10:17:52 -0700] "GET /Survey/help/manage-survey.php HTTP/1.1" 200 3631 "https://www.michelleapplebaum.com/Survey/help/index.php" "Mozilla/5.0 (Linux; Android 7.0;) AppleWebKit/537.36 (KHTML, like Gecko) Mobile Safari/537.36 (compatible; PetalBot;+https://webmaster.petalsearch.com/site/petalbot)" "www.michelleapplebaum.com"
114.119.153.11 - - [21/Sep/2022:10:53:34 -0700] "GET /clipart/backgrounds/fullpage?N=A HTTP/1.1" 301 1427 "https://michelleapplebaum.com/clipart/backgrounds/fullpage?D=A" "Mozilla/5.0 (Linux; Android 7.0;) AppleWebKit/537.36 (KHTML, like Gecko) Mobile Safari/537.36 (compatible; PetalBot;+https://webmaster.petalsearch.com/site/petalbot)" "michelleapplebaum.com"
114.119.153.11 - - [21/Sep/2022:10:53:36 -0700] "GET /clipart/backgrounds/fullpage/?N=A HTTP/1.1" 200 386 "https://michelleapplebaum.com/clipart/backgrounds/fullpage?D=A" "Mozilla/5.0 (Linux; Android 7.0;) AppleWebKit/537.36 (KHTML, like Gecko) Mobile Safari/537.36 (compatible; PetalBot;+https://webmaster.petalsearch.com/site/petalbot)" "michelleapplebaum.com"
114.119.153.113 - - [21/Sep/2022:11:04:17 -0700] "GET /images?C=S%3BO%3DA HTTP/1.1" 301 1422 "http://michelleapplebaum.com/images?M=D" "Mozilla/5.0 (Linux; Android 7.0;) AppleWebKit/537.36 (KHTML, like Gecko) Mobile Safari/537.36 (compatible; PetalBot;+https://webmaster.petalsearch.com/site/petalbot)" "michelleapplebaum.com"
114.119.153.113 - - [21/Sep/2022:11:04:19 -0700] "GET /images/?C=S%3BO%3DA HTTP/1.1" 200 520 "http://michelleapplebaum.com/images?M=D" "Mozilla/5.0 (Linux; Android 7.0;) AppleWebKit/537.36 (KHTML, like Gecko) Mobile Safari/537.36 (compatible; PetalBot;+https://webmaster.petalsearch.com/site/petalbot)" "michelleapplebaum.com"
216.244.66.242 - - [21/Sep/2022:11:10:09 -0700] "GET /robots.txt HTTP/1.1" 200 48 "-" "Mozilla/5.0 (compatible; DotBot/1.2; +https://opensiteexplorer.org/dotbot; help@moz.com)" "www.michelleapplebaum.com"
216.244.66.242 - - [21/Sep/2022:11:10:09 -0700] "GET /robots.txt HTTP/1.1" 200 48 "-" "Mozilla/5.0 (compatible; DotBot/1.2; +https://opensiteexplorer.org/dotbot; help@moz.com)" "michelleapplebaum.com"
114.119.153.118 - - [21/Sep/2022:11:15:00 -0700] "GET /clipart/backgrounds/tile/?C=N%3BO%3DD HTTP/1.1" 200 384 "http://www.michelleapplebaum.com/clipart/backgrounds/tile" "Mozilla/5.0 (Linux; Android 7.0;) AppleWebKit/537.36 (KHTML, like Gecko) Mobile Safari/537.36 (compatible; PetalBot;+https://webmaster.petalsearch.com/site/petalbot)" "www.michelleapplebaum.com"
114.119.153.118 - - [21/Sep/2022:11:28:24 -0700] "GET /navigation_bars/StaffBios.nav HTTP/1.1" 200 2267 "-" "Mozilla/5.0 (compatible;PetalBot;+https://webmaster.petalsearch.com/site/petalbot)" "www.michelleapplebaum.com"
114.119.153.131 - - [21/Sep/2022:11:33:41 -0700] "GET /navigation_bars/ContactPage.nav HTTP/1.1" 200 1457 "-" "Mozilla/5.0 (Linux; Android 7.0;) AppleWebKit/537.36 (KHTML, like Gecko) Mobile Safari/537.36 (compatible; PetalBot;+https://webmaster.petalsearch.com/site/petalbot)" "michelleapplebaum.com"
114.119.144.209 - - [21/Sep/2022:11:35:34 -0700] "GET /robots.txt HTTP/1.1" 200 64 "-" "Mozilla/5.0 (compatible;PetalBot;+https://webmaster.petalsearch.com/site/petalbot)" "www.michelleapplebaum.com"
114.119.153.118 - - [21/Sep/2022:11:47:30 -0700] "GET /clipart/pageHeaders?S=D HTTP/1.1" 301 1426 "http://michelleapplebaum.com/clipart/pageHeaders?S=A" "Mozilla/5.0 (Linux; Android 7.0;) AppleWebKit/537.36 (KHTML, like Gecko) Mobile Safari/537.36 (compatible; PetalBot;+https://webmaster.petalsearch.com/site/petalbot)" "michelleapplebaum.com"
114.119.153.118 - - [21/Sep/2022:11:47:32 -0700] "GET /clipart/pageHeaders/?S=D HTTP/1.1" 200 426 "http://michelleapplebaum.com/clipart/pageHeaders?S=A" "Mozilla/5.0 (Linux; Android 7.0;) AppleWebKit/537.36 (KHTML, like Gecko) Mobile Safari/537.36 (compatible; PetalBot;+https://webmaster.petalsearch.com/site/petalbot)" "michelleapplebaum.com"
1.192.246.136 - - [21/Sep/2022:11:47:56 -0700] "GET /robots.txt HTTP/1.1" 200 64 "-" "Mozilla/5.0 (Windows NT 10.0; Win64; x64) AppleWebKit/537.36 (KHTML, like Gecko) Chrome/92.0.4515.159 Safari/537.36" "michelleapplebaum.com"
51.222.253.3 - - [21/Sep/2022:11:54:04 -0700] "GET /clipart/backgrounds/?C=S;O=D HTTP/1.1" 200 400 "-" "Mozilla/5.0 (compatible; AhrefsBot/7.0; +http://ahrefs.com/robot/)" "michelleapplebaum.com"
216.244.66.242 - - [21/Sep/2022:12:02:59 -0700] "GET /robots.txt HTTP/1.1" 200 48 "-" "Mozilla/5.0 (compatible; DotBot/1.2; +https://opensiteexplorer.org/dotbot; help@moz.com)" "www.michelleapplebaum.com"
65.21.206.45 - - [21/Sep/2022:12:24:51 -0700] "GET /O.html HTTP/1.1" 200 2885 "-" "Mozilla/5.0 (Windows NT 10.0; Win64; x64) AppleWebKit/537.36 (KHTML, like Gecko) Chrome/91.0.4472.114 Safari/537.36 Edg/91.0.864.54" "michelleapplebaum.com"
114.119.153.11 - - [21/Sep/2022:12:51:37 -0700] "GET /images/?C=N%3BO%3DD HTTP/1.1" 200 520 "https://michelleapplebaum.com/images/?C=M%3BO%3DA" "Mozilla/5.0 (Linux; Android 7.0;) AppleWebKit/537.36 (KHTML, like Gecko) Mobile Safari/537.36 (compatible; PetalBot;+https://webmaster.petalsearch.com/site/petalbot)" "michelleapplebaum.com"
216.244.66.242 - - [21/Sep/2022:12:56:37 -0700] "GET /robots.txt HTTP/1.1" 200 48 "-" "Mozilla/5.0 (compatible; DotBot/1.2; +https://opensiteexplorer.org/dotbot; help@moz.com)" "www.michelleapplebaum.com"
216.244.66.242 - - [21/Sep/2022:12:56:37 -0700] "GET /robots.txt HTTP/1.1" 200 48 "-" "Mozilla/5.0 (compatible; DotBot/1.2; +https://opensiteexplorer.org/dotbot; help@moz.com)" "michelleapplebaum.com"
114.119.153.11 - - [21/Sep/2022:13:14:12 -0700] "GET /sitemap.xml HTTP/1.1" 200 175 "https://www.michelleapplebaum.com?C=M%3BO%3DA" "Mozilla/5.0 (Linux; Android 7.0;) AppleWebKit/537.36 (KHTML, like Gecko) Mobile Safari/537.36 (compatible; PetalBot;+https://webmaster.petalsearch.com/site/petalbot)" "www.michelleapplebaum.com"
207.46.13.16 - - [21/Sep/2022:13:25:41 -0700] "GET /applets/ HTTP/1.1" 200 368 "-" "Mozilla/5.0 (compatible; bingbot/2.0; +http://www.bing.com/bingbot.htm)" "michelleapplebaum.com"
114.119.153.131 - - [21/Sep/2022:13:45:27 -0700] "GET /clipart/backgrounds/fullpage/?C=D%3BO%3DA HTTP/1.1" 200 386 "http://www.michelleapplebaum.com/clipart/backgrounds/fullpage?C=S%3BO%3DA" "Mozilla/5.0 (Linux; Android 7.0;) AppleWebKit/537.36 (KHTML, like Gecko) Mobile Safari/537.36 (compatible; PetalBot;+https://webmaster.petalsearch.com/site/petalbot)" "www.michelleapplebaum.com"
51.222.253.11 - - [21/Sep/2022:13:46:34 -0700] "GET /W.html HTTP/1.1" 200 2282 "-" "Mozilla/5.0 (compatible; AhrefsBot/7.0; +http://ahrefs.com/robot/)" "www.michelleapplebaum.com"
216.244.66.242 - - [21/Sep/2022:13:49:16 -0700] "GET /robots.txt HTTP/1.1" 200 48 "-" "Mozilla/5.0 (compatible; DotBot/1.2; +https://opensiteexplorer.org/dotbot; help@moz.com)" "michelleapplebaum.com"
216.244.66.242 - - [21/Sep/2022:13:49:16 -0700] "GET /robots.txt HTTP/1.1" 200 48 "-" "Mozilla/5.0 (compatible; DotBot/1.2; +https://opensiteexplorer.org/dotbot; help@moz.com)" "www.michelleapplebaum.com"
183.136.225.44 - - [21/Sep/2022:14:18:13 -0700] "GET / HTTP/1.1" 200 4956 "-" "Mozilla/5.0 (Macintosh; Intel Mac OS X 10.11; rv:47.0) Gecko/20100101 Firefox/47.0" "www.michelleapplebaum.com"
183.136.225.44 - - [21/Sep/2022:14:18:27 -0700] "GET / HTTP/1.1" 200 782 "-" "Mozilla/5.0 (Windows NT 6.1; WOW64) AppleWebKit/537.36 (KHTML, like Gecko) Chrome/63.0.3239.132 Safari/537.36 QIHU 360SE" "www.michelleapplebaum.com"
183.136.225.44 - - [21/Sep/2022:14:18:31 -0700] "GET /robots.txt HTTP/1.1" 200 64 "-" "Mozilla/5.0 (Windows NT 6.1; WOW64) AppleWebKit/537.36 (KHTML, like Gecko) Chrome/63.0.3239.132 Safari/537.36 QIHU 360SE" "www.michelleapplebaum.com"
114.119.153.118 - - [21/Sep/2022:14:38:51 -0700] "GET /images HTTP/1.1" 301 1413 "https://michelleapplebaum.com" "Mozilla/5.0 (Linux; Android 7.0;) AppleWebKit/537.36 (KHTML, like Gecko) Mobile Safari/537.36 (compatible; PetalBot;+https://webmaster.petalsearch.com/site/petalbot)" "michelleapplebaum.com"
114.119.153.118 - - [21/Sep/2022:14:38:52 -0700] "GET /images/ HTTP/1.1" 200 520 "https://michelleapplebaum.com" "Mozilla/5.0 (Linux; Android 7.0;) AppleWebKit/537.36 (KHTML, like Gecko) Mobile Safari/537.36 (compatible; PetalBot;+https://webmaster.petalsearch.com/site/petalbot)" "michelleapplebaum.com"
216.244.66.242 - - [21/Sep/2022:14:43:50 -0700] "GET /robots.txt HTTP/1.1" 200 48 "-" "Mozilla/5.0 (compatible; DotBot/1.2; +https://opensiteexplorer.org/dotbot; help@moz.com)" "michelleapplebaum.com"
216.244.66.242 - - [21/Sep/2022:14:43:50 -0700] "GET /robots.txt HTTP/1.1" 200 48 "-" "Mozilla/5.0 (compatible; DotBot/1.2; +https://opensiteexplorer.org/dotbot; help@moz.com)" "www.michelleapplebaum.com"
114.119.153.131 - - [21/Sep/2022:14:53:49 -0700] "GET /Y.html HTTP/1.1" 200 1986 "https://www.michelleapplebaum.com/M.html" "Mozilla/5.0 (Linux; Android 7.0;) AppleWebKit/537.36 (KHTML, like Gecko) Mobile Safari/537.36 (compatible; PetalBot;+https://webmaster.petalsearch.com/site/petalbot)" "www.michelleapplebaum.com"
114.119.153.11 - - [21/Sep/2022:14:59:13 -0700] "GET /clipart/pageHeaders?C=S%3BO%3DA HTTP/1.1" 301 1433 "http://www.michelleapplebaum.com/clipart/pageHeaders?C=D%3BO%3DA" "Mozilla/5.0 (Linux; Android 7.0;) AppleWebKit/537.36 (KHTML, like Gecko) Mobile Safari/537.36 (compatible; PetalBot;+https://webmaster.petalsearch.com/site/petalbot)" "www.michelleapplebaum.com"
114.119.153.11 - - [21/Sep/2022:14:59:13 -0700] "GET /clipart/pageHeaders/?C=S%3BO%3DA HTTP/1.1" 200 426 "http://www.michelleapplebaum.com/clipart/pageHeaders?C=D%3BO%3DA" "Mozilla/5.0 (Linux; Android 7.0;) AppleWebKit/537.36 (KHTML, like Gecko) Mobile Safari/537.36 (compatible; PetalBot;+https://webmaster.petalsearch.com/site/petalbot)" "www.michelleapplebaum.com"
193.235.141.177 - - [21/Sep/2022:15:07:16 -0700] "GET / HTTP/1.1" 200 782 "-" "Mozilla/5.0 (Windows NT 10.0; Win64; x64) AppleWebKit/537.36 (KHTML, like Gecko) Chrome/105.0.0.0 Safari/537.36" "michelleapplebaum.com"
170.178.154.93 - - [21/Sep/2022:15:18:59 -0700] "GET /robots.txt HTTP/1.1" 200 64 "-" "Mozilla/5.0 (Windows NT 10.0; WOW64) AppleWebKit/537.36 (KHTML like Gecko) Chrome/100.0.4896.127 Safari/537.36" "michelleapplebaum.com"
170.178.154.93 - - [21/Sep/2022:15:19:11 -0700] "GET / HTTP/1.1" 200 782 "-" "Mozilla/5.0 (Windows NT 10.0; WOW64) AppleWebKit/537.36 (KHTML like Gecko) Chrome/100.0.4896.127 Safari/537.36" "michelleapplebaum.com"
64.140.139.97 - - [21/Sep/2022:15:19:17 -0700] "GET /?C=N;O=D HTTP/1.1" 200 787 "-" "Mozilla/5.0 (Windows NT 6.1) AppleWebKit/537.36 (KHTML like Gecko) Chrome/100.0.4896.127 Safari/537.36" "michelleapplebaum.com"
209.99.146.219 - - [21/Sep/2022:15:19:17 -0700] "GET /?C=M;O=A HTTP/1.1" 200 777 "-" "Mozilla/5.0 (Macintosh; Intel Mac OS X 10_15_7) AppleWebKit/537.36 (KHTML like Gecko) Chrome/99.0.4844.83 Safari/537.36" "michelleapplebaum.com"
209.99.150.51 - - [21/Sep/2022:15:19:18 -0700] "GET /?C=S;O=A HTTP/1.1" 200 764 "-" "Mozilla/5.0 (Windows; U; Windows NT 10.0; en-US; Valve Steam Client/default/1647446817; ) AppleWebKit/537.36 (KHTML like Gecko) Chrome/84.0.4147.105 Safari/537.36" "michelleapplebaum.com"
207.90.21.81 - - [21/Sep/2022:15:19:19 -0700] "GET /?C=D;O=A HTTP/1.1" 200 782 "-" "Mozilla/5.0 (Macintosh; Intel Mac OS X 10_15_7) AppleWebKit/537.36 (KHTML like Gecko) Chrome/99.0.4844.84 Safari/537.36" "michelleapplebaum.com"
209.99.139.142 - - [21/Sep/2022:15:19:20 -0700] "GET /B.html HTTP/1.1" 200 4332 "-" "Mozilla/5.0 (Windows NT 10.0; Win64; x64) AppleWebKit/537.36 (KHTML like Gecko) Chrome/99.0.4844.84 Safari/537.36" "michelleapplebaum.com"
64.140.130.230 - - [21/Sep/2022:15:19:20 -0700] "GET /C.html HTTP/1.1" 200 6141 "-" "Mozilla/5.0 (Windows NT 6.3; Win64; x64) AppleWebKit/537.36 (KHTML like Gecko) Chrome/100.0.4896.127 Safari/537.36" "michelleapplebaum.com"
209.99.139.142 - - [21/Sep/2022:15:19:20 -0700] "GET /sitebuilder/images/Top_deskStockTicker-759x108.jpg HTTP/1.1" 200 9581 "http://michelleapplebaum.com/B.html" "Mozilla/5.0 (Windows NT 10.0; Win64; x64) AppleWebKit/537.36 (KHTML like Gecko) Chrome/99.0.4844.84 Safari/537.36" "michelleapplebaum.com"
209.99.139.142 - - [21/Sep/2022:15:19:20 -0700] "GET /sitebuilder/images/Home-3-inactive-94812.png HTTP/1.1" 200 556 "http://michelleapplebaum.com/B.html" "Mozilla/5.0 (Windows NT 10.0; Win64; x64) AppleWebKit/537.36 (KHTML like Gecko) Chrome/99.0.4844.84 Safari/537.36" "michelleapplebaum.com"
209.99.139.142 - - [21/Sep/2022:15:19:20 -0700] "GET /sitebuilder/images/Home-1-inactive-94484.png HTTP/1.1" 200 432 "http://michelleapplebaum.com/B.html" "Mozilla/5.0 (Windows NT 10.0; Win64; x64) AppleWebKit/537.36 (KHTML like Gecko) Chrome/99.0.4844.84 Safari/537.36" "michelleapplebaum.com"
209.99.139.142 - - [21/Sep/2022:15:19:20 -0700] "GET /sitebuilder/images/Home-2-inactive-94625.png HTTP/1.1" 200 555 "http://michelleapplebaum.com/B.html" "Mozilla/5.0 (Windows NT 10.0; Win64; x64) AppleWebKit/537.36 (KHTML like Gecko) Chrome/99.0.4844.84 Safari/537.36" "michelleapplebaum.com"
209.99.139.142 - - [21/Sep/2022:15:19:20 -0700] "GET /sitebuilder/images/Home-6-inactive-00843.png HTTP/1.1" 200 488 "http://michelleapplebaum.com/B.html" "Mozilla/5.0 (Windows NT 10.0; Win64; x64) AppleWebKit/537.36 (KHTML like Gecko) Chrome/99.0.4844.84 Safari/537.36" "michelleapplebaum.com"
64.140.130.230 - - [21/Sep/2022:15:19:20 -0700] "GET /sitebuilder/images/Top_deskStockTicker-759x108.jpg HTTP/1.1" 200 9581 "http://michelleapplebaum.com/C.html" "Mozilla/5.0 (Windows NT 6.3; Win64; x64) AppleWebKit/537.36 (KHTML like Gecko) Chrome/100.0.4896.127 Safari/537.36" "michelleapplebaum.com"
209.99.139.142 - - [21/Sep/2022:15:19:20 -0700] "GET /sitebuilder/images/Home-5-inactive-71541.png HTTP/1.1" 200 555 "http://michelleapplebaum.com/B.html" "Mozilla/5.0 (Windows NT 10.0; Win64; x64) AppleWebKit/537.36 (KHTML like Gecko) Chrome/99.0.4844.84 Safari/537.36" "michelleapplebaum.com"
64.140.130.230 - - [21/Sep/2022:15:19:20 -0700] "GET /sitebuilder/images/Home-2-inactive-94625.png HTTP/1.1" 200 555 "http://michelleapplebaum.com/C.html" "Mozilla/5.0 (Windows NT 6.3; Win64; x64) AppleWebKit/537.36 (KHTML like Gecko) Chrome/100.0.4896.127 Safari/537.36" "michelleapplebaum.com"
64.140.130.230 - - [21/Sep/2022:15:19:20 -0700] "GET /sitebuilder/images/Home-3-inactive-94812.png HTTP/1.1" 200 556 "http://michelleapplebaum.com/C.html" "Mozilla/5.0 (Windows NT 6.3; Win64; x64) AppleWebKit/537.36 (KHTML like Gecko) Chrome/100.0.4896.127 Safari/537.36" "michelleapplebaum.com"
64.140.130.230 - - [21/Sep/2022:15:19:20 -0700] "GET /sitebuilder/images/Home-5-inactive-71541.png HTTP/1.1" 200 555 "http://michelleapplebaum.com/C.html" "Mozilla/5.0 (Windows NT 6.3; Win64; x64) AppleWebKit/537.36 (KHTML like Gecko) Chrome/100.0.4896.127 Safari/537.36" "michelleapplebaum.com"
64.140.130.230 - - [21/Sep/2022:15:19:20 -0700] "GET /sitebuilder/images/Home-6-inactive-00843.png HTTP/1.1" 200 488 "http://michelleapplebaum.com/C.html" "Mozilla/5.0 (Windows NT 6.3; Win64; x64) AppleWebKit/537.36 (KHTML like Gecko) Chrome/100.0.4896.127 Safari/537.36" "michelleapplebaum.com"
64.140.130.230 - - [21/Sep/2022:15:19:20 -0700] "GET /sitebuilder/images/Home-1-inactive-94484.png HTTP/1.1" 200 432 "http://michelleapplebaum.com/C.html" "Mozilla/5.0 (Windows NT 6.3; Win64; x64) AppleWebKit/537.36 (KHTML like Gecko) Chrome/100.0.4896.127 Safari/537.36" "michelleapplebaum.com"
209.99.150.124 - - [21/Sep/2022:15:19:21 -0700] "GET /D.html HTTP/1.1" 200 4367 "-" "Mozilla/5.0 (X11; Linux x86_64) AppleWebKit/537.36 (KHTML like Gecko) Chrome/100.0.4896.127 Safari/537.36" "michelleapplebaum.com"
209.99.150.124 - - [21/Sep/2022:15:19:21 -0700] "GET /sitebuilder/images/Top_deskStockTicker-759x108.jpg HTTP/1.1" 200 9581 "http://michelleapplebaum.com/D.html" "Mozilla/5.0 (X11; Linux x86_64) AppleWebKit/537.36 (KHTML like Gecko) Chrome/100.0.4896.127 Safari/537.36" "michelleapplebaum.com"
209.99.150.124 - - [21/Sep/2022:15:19:21 -0700] "GET /sitebuilder/images/Home-1-inactive-94484.png HTTP/1.1" 200 432 "http://michelleapplebaum.com/D.html" "Mozilla/5.0 (X11; Linux x86_64) AppleWebKit/537.36 (KHTML like Gecko) Chrome/100.0.4896.127 Safari/537.36" "michelleapplebaum.com"
209.99.150.124 - - [21/Sep/2022:15:19:21 -0700] "GET /sitebuilder/images/Home-3-inactive-94812.png HTTP/1.1" 200 556 "http://michelleapplebaum.com/D.html" "Mozilla/5.0 (X11; Linux x86_64) AppleWebKit/537.36 (KHTML like Gecko) Chrome/100.0.4896.127 Safari/537.36" "michelleapplebaum.com"
209.99.150.124 - - [21/Sep/2022:15:19:21 -0700] "GET /sitebuilder/images/Home-2-inactive-94625.png HTTP/1.1" 200 555 "http://michelleapplebaum.com/D.html" "Mozilla/5.0 (X11; Linux x86_64) AppleWebKit/537.36 (KHTML like Gecko) Chrome/100.0.4896.127 Safari/537.36" "michelleapplebaum.com"
209.99.150.124 - - [21/Sep/2022:15:19:21 -0700] "GET /sitebuilder/images/Home-6-inactive-00843.png HTTP/1.1" 200 488 "http://michelleapplebaum.com/D.html" "Mozilla/5.0 (X11; Linux x86_64) AppleWebKit/537.36 (KHTML like Gecko) Chrome/100.0.4896.127 Safari/537.36" "michelleapplebaum.com"
209.99.150.124 - - [21/Sep/2022:15:19:21 -0700] "GET /sitebuilder/images/Home-5-inactive-71541.png HTTP/1.1" 200 555 "http://michelleapplebaum.com/D.html" "Mozilla/5.0 (X11; Linux x86_64) AppleWebKit/537.36 (KHTML like Gecko) Chrome/100.0.4896.127 Safari/537.36" "michelleapplebaum.com"
64.140.128.158 - - [21/Sep/2022:15:19:22 -0700] "GET /E.html HTTP/1.1" 200 3180 "-" "Mozilla/5.0 (Macintosh; Intel Mac OS X 10_15_7) AppleWebKit/537.36 (KHTML like Gecko) Chrome/99.0.4844.83 Safari/537.36" "michelleapplebaum.com"
64.140.128.158 - - [21/Sep/2022:15:19:22 -0700] "GET /sitebuilder/images/Top_deskStockTicker-759x108.jpg HTTP/1.1" 200 9581 "http://michelleapplebaum.com/E.html" "Mozilla/5.0 (Macintosh; Intel Mac OS X 10_15_7) AppleWebKit/537.36 (KHTML like Gecko) Chrome/99.0.4844.83 Safari/537.36" "michelleapplebaum.com"
64.140.128.158 - - [21/Sep/2022:15:19:22 -0700] "GET /sitebuilder/images/Home-1-inactive-94484.png HTTP/1.1" 200 432 "http://michelleapplebaum.com/E.html" "Mozilla/5.0 (Macintosh; Intel Mac OS X 10_15_7) AppleWebKit/537.36 (KHTML like Gecko) Chrome/99.0.4844.83 Safari/537.36" "michelleapplebaum.com"
64.140.128.158 - - [21/Sep/2022:15:19:22 -0700] "GET /sitebuilder/images/Home-2-inactive-94625.png HTTP/1.1" 200 555 "http://michelleapplebaum.com/E.html" "Mozilla/5.0 (Macintosh; Intel Mac OS X 10_15_7) AppleWebKit/537.36 (KHTML like Gecko) Chrome/99.0.4844.83 Safari/537.36" "michelleapplebaum.com"
64.140.128.158 - - [21/Sep/2022:15:19:22 -0700] "GET /sitebuilder/images/Home-3-inactive-94812.png HTTP/1.1" 200 556 "http://michelleapplebaum.com/E.html" "Mozilla/5.0 (Macintosh; Intel Mac OS X 10_15_7) AppleWebKit/537.36 (KHTML like Gecko) Chrome/99.0.4844.83 Safari/537.36" "michelleapplebaum.com"
64.140.128.158 - - [21/Sep/2022:15:19:22 -0700] "GET /sitebuilder/images/Home-6-inactive-00843.png HTTP/1.1" 200 488 "http://michelleapplebaum.com/E.html" "Mozilla/5.0 (Macintosh; Intel Mac OS X 10_15_7) AppleWebKit/537.36 (KHTML like Gecko) Chrome/99.0.4844.83 Safari/537.36" "michelleapplebaum.com"
64.140.128.158 - - [21/Sep/2022:15:19:22 -0700] "GET /sitebuilder/images/Home-5-inactive-71541.png HTTP/1.1" 200 555 "http://michelleapplebaum.com/E.html" "Mozilla/5.0 (Macintosh; Intel Mac OS X 10_15_7) AppleWebKit/537.36 (KHTML like Gecko) Chrome/99.0.4844.83 Safari/537.36" "michelleapplebaum.com"
209.99.146.35 - - [21/Sep/2022:15:19:22 -0700] "GET /F.html HTTP/1.1" 200 4620 "-" "Mozilla/5.0 (Windows NT 6.3; Win64; x64) AppleWebKit/537.36 (KHTML like Gecko) Chrome/100.0.4896.127 Safari/537.36" "michelleapplebaum.com"
209.99.146.35 - - [21/Sep/2022:15:19:22 -0700] "GET /sitebuilder/images/Top_deskStockTicker-759x108.jpg HTTP/1.1" 200 9581 "http://michelleapplebaum.com/F.html" "Mozilla/5.0 (Windows NT 6.3; Win64; x64) AppleWebKit/537.36 (KHTML like Gecko) Chrome/100.0.4896.127 Safari/537.36" "michelleapplebaum.com"
209.99.146.35 - - [21/Sep/2022:15:19:22 -0700] "GET /sitebuilder/images/Home-1-inactive-94484.png HTTP/1.1" 200 432 "http://michelleapplebaum.com/F.html" "Mozilla/5.0 (Windows NT 6.3; Win64; x64) AppleWebKit/537.36 (KHTML like Gecko) Chrome/100.0.4896.127 Safari/537.36" "michelleapplebaum.com"
209.99.146.35 - - [21/Sep/2022:15:19:22 -0700] "GET /sitebuilder/images/Home-3-inactive-94812.png HTTP/1.1" 200 556 "http://michelleapplebaum.com/F.html" "Mozilla/5.0 (Windows NT 6.3; Win64; x64) AppleWebKit/537.36 (KHTML like Gecko) Chrome/100.0.4896.127 Safari/537.36" "michelleapplebaum.com"
209.99.146.35 - - [21/Sep/2022:15:19:22 -0700] "GET /sitebuilder/images/Home-2-inactive-94625.png HTTP/1.1" 200 555 "http://michelleapplebaum.com/F.html" "Mozilla/5.0 (Windows NT 6.3; Win64; x64) AppleWebKit/537.36 (KHTML like Gecko) Chrome/100.0.4896.127 Safari/537.36" "michelleapplebaum.com"
209.99.146.35 - - [21/Sep/2022:15:19:22 -0700] "GET /sitebuilder/images/Home-6-inactive-00843.png HTTP/1.1" 200 488 "http://michelleapplebaum.com/F.html" "Mozilla/5.0 (Windows NT 6.3; Win64; x64) AppleWebKit/537.36 (KHTML like Gecko) Chrome/100.0.4896.127 Safari/537.36" "michelleapplebaum.com"
209.99.146.35 - - [21/Sep/2022:15:19:22 -0700] "GET /sitebuilder/images/Home-5-inactive-71541.png HTTP/1.1" 200 555 "http://michelleapplebaum.com/F.html" "Mozilla/5.0 (Windows NT 6.3; Win64; x64) AppleWebKit/537.36 (KHTML like Gecko) Chrome/100.0.4896.127 Safari/537.36" "michelleapplebaum.com"
114.119.153.118 - - [21/Sep/2022:15:27:17 -0700] "GET /images?C=M%3BO%3DA HTTP/1.1" 301 1426 "http://michelleapplebaum.com/images?M=D" "Mozilla/5.0 (Linux; Android 7.0;) AppleWebKit/537.36 (KHTML, like Gecko) Mobile Safari/537.36 (compatible; PetalBot;+https://webmaster.petalsearch.com/site/petalbot)" "michelleapplebaum.com"
114.119.153.118 - - [21/Sep/2022:15:27:19 -0700] "GET /images/?C=M%3BO%3DA HTTP/1.1" 200 520 "http://michelleapplebaum.com/images?M=D" "Mozilla/5.0 (Linux; Android 7.0;) AppleWebKit/537.36 (KHTML, like Gecko) Mobile Safari/537.36 (compatible; PetalBot;+https://webmaster.petalsearch.com/site/petalbot)" "michelleapplebaum.com"
157.90.177.215 - - [21/Sep/2022:15:29:28 -0700] "GET /robots.txt HTTP/1.1" 200 64 "-" "Mozilla/5.0 (compatible; BLEXBot/1.0; +http://webmeup-crawler.com/)" "michelleapplebaum.com"
157.90.177.215 - - [21/Sep/2022:15:29:29 -0700] "GET /?C=D;O=A HTTP/1.1" 200 782 "-" "Mozilla/5.0 (compatible; BLEXBot/1.0; +http://webmeup-crawler.com/)" "michelleapplebaum.com"
157.90.177.215 - - [21/Sep/2022:15:29:44 -0700] "GET /?C=M;O=A HTTP/1.1" 200 777 "-" "Mozilla/5.0 (compatible; BLEXBot/1.0; +http://webmeup-crawler.com/)" "michelleapplebaum.com"
157.90.177.215 - - [21/Sep/2022:15:29:59 -0700] "GET /?C=N;O=D HTTP/1.1" 200 787 "-" "Mozilla/5.0 (compatible; BLEXBot/1.0; +http://webmeup-crawler.com/)" "michelleapplebaum.com"
157.90.177.215 - - [21/Sep/2022:15:30:13 -0700] "GET /?C=S;O=A HTTP/1.1" 200 764 "-" "Mozilla/5.0 (compatible; BLEXBot/1.0; +http://webmeup-crawler.com/)" "michelleapplebaum.com"
157.90.177.215 - - [21/Sep/2022:15:30:28 -0700] "GET /B.html HTTP/1.1" 200 4332 "-" "Mozilla/5.0 (compatible; BLEXBot/1.0; +http://webmeup-crawler.com/)" "michelleapplebaum.com"
157.90.177.215 - - [21/Sep/2022:15:30:43 -0700] "GET /C.html HTTP/1.1" 200 6141 "-" "Mozilla/5.0 (compatible; BLEXBot/1.0; +http://webmeup-crawler.com/)" "michelleapplebaum.com"
157.90.177.215 - - [21/Sep/2022:15:30:57 -0700] "GET /D.html HTTP/1.1" 200 4367 "-" "Mozilla/5.0 (compatible; BLEXBot/1.0; +http://webmeup-crawler.com/)" "michelleapplebaum.com"
157.90.177.215 - - [21/Sep/2022:15:31:12 -0700] "GET /E.html HTTP/1.1" 200 3180 "-" "Mozilla/5.0 (compatible; BLEXBot/1.0; +http://webmeup-crawler.com/)" "michelleapplebaum.com"
157.90.177.215 - - [21/Sep/2022:15:31:29 -0700] "GET /F.html HTTP/1.1" 200 4620 "-" "Mozilla/5.0 (compatible; BLEXBot/1.0; +http://webmeup-crawler.com/)" "michelleapplebaum.com"
157.90.177.215 - - [21/Sep/2022:15:31:44 -0700] "GET /G.html HTTP/1.1" 200 3404 "-" "Mozilla/5.0 (compatible; BLEXBot/1.0; +http://webmeup-crawler.com/)" "michelleapplebaum.com"
157.90.177.215 - - [21/Sep/2022:15:31:59 -0700] "GET /H.html HTTP/1.1" 200 4416 "-" "Mozilla/5.0 (compatible; BLEXBot/1.0; +http://webmeup-crawler.com/)" "michelleapplebaum.com"
157.90.177.215 - - [21/Sep/2022:15:32:14 -0700] "GET /I.html HTTP/1.1" 200 3461 "-" "Mozilla/5.0 (compatible; BLEXBot/1.0; +http://webmeup-crawler.com/)" "michelleapplebaum.com"
157.90.177.215 - - [21/Sep/2022:15:32:29 -0700] "GET /L.html HTTP/1.1" 200 3403 "-" "Mozilla/5.0 (compatible; BLEXBot/1.0; +http://webmeup-crawler.com/)" "michelleapplebaum.com"
