114.119.153.132 - - [16/Sep/2022:06:23:21 -0700] "GET /Survey/ HTTP/1.1" 200 2019 "http://www.michelleapplebaum.com?C=D%3BO%3DA" "Mozilla/5.0 (Linux; Android 7.0;) AppleWebKit/537.36 (KHTML, like Gecko) Mobile Safari/537.36 (compatible; PetalBot;+https://webmaster.petalsearch.com/site/petalbot)" "www.michelleapplebaum.com"
216.244.66.242 - - [16/Sep/2022:06:33:12 -0700] "GET /robots.txt HTTP/1.1" 200 48 "-" "Mozilla/5.0 (compatible; DotBot/1.2; +https://opensiteexplorer.org/dotbot; help@moz.com)" "www.michelleapplebaum.com"
216.244.66.242 - - [16/Sep/2022:06:33:12 -0700] "GET /robots.txt HTTP/1.1" 200 48 "-" "Mozilla/5.0 (compatible; DotBot/1.2; +https://opensiteexplorer.org/dotbot; help@moz.com)" "michelleapplebaum.com"
51.222.253.2 - - [16/Sep/2022:06:39:19 -0700] "GET /M.html HTTP/1.1" 200 3539 "-" "Mozilla/5.0 (compatible; AhrefsBot/7.0; +http://ahrefs.com/robot/)" "michelleapplebaum.com"
114.119.153.11 - - [16/Sep/2022:06:43:23 -0700] "GET /navigation_bars HTTP/1.1" 301 1417 "-" "Mozilla/5.0 (compatible;PetalBot;+https://webmaster.petalsearch.com/site/petalbot)" "www.michelleapplebaum.com"
114.119.153.11 - - [16/Sep/2022:06:43:23 -0700] "GET /navigation_bars/ HTTP/1.1" 200 497 "-" "Mozilla/5.0 (compatible;PetalBot;+https://webmaster.petalsearch.com/site/petalbot)" "www.michelleapplebaum.com"
114.119.153.132 - - [16/Sep/2022:06:59:38 -0700] "GET /clipart/backgrounds/fullpage?N=A HTTP/1.1" 301 1427 "https://michelleapplebaum.com/clipart/backgrounds/fullpage?D=A" "Mozilla/5.0 (Linux; Android 7.0;) AppleWebKit/537.36 (KHTML, like Gecko) Mobile Safari/537.36 (compatible; PetalBot;+https://webmaster.petalsearch.com/site/petalbot)" "michelleapplebaum.com"
114.119.153.132 - - [16/Sep/2022:06:59:39 -0700] "GET /clipart/backgrounds/fullpage/?N=A HTTP/1.1" 200 386 "https://michelleapplebaum.com/clipart/backgrounds/fullpage?D=A" "Mozilla/5.0 (Linux; Android 7.0;) AppleWebKit/537.36 (KHTML, like Gecko) Mobile Safari/537.36 (compatible; PetalBot;+https://webmaster.petalsearch.com/site/petalbot)" "michelleapplebaum.com"
51.222.253.17 - - [16/Sep/2022:07:01:47 -0700] "GET /clipart/backgrounds/?C=S;O=A HTTP/1.1" 200 402 "-" "Mozilla/5.0 (compatible; AhrefsBot/7.0; +http://ahrefs.com/robot/)" "michelleapplebaum.com"
114.119.153.131 - - [16/Sep/2022:07:15:28 -0700] "GET /navigation_bars/FeePage.nav HTTP/1.1" 200 1441 "-" "Mozilla/5.0 (compatible;PetalBot;+https://webmaster.petalsearch.com/site/petalbot)" "www.michelleapplebaum.com"
114.119.153.118 - - [16/Sep/2022:07:24:40 -0700] "GET /clipart/backgrounds/tile?C=S%3BO%3DA HTTP/1.1" 301 1435 "https://michelleapplebaum.com/clipart/backgrounds/tile?S=A" "Mozilla/5.0 (Linux; Android 7.0;) AppleWebKit/537.36 (KHTML, like Gecko) Mobile Safari/537.36 (compatible; PetalBot;+https://webmaster.petalsearch.com/site/petalbot)" "michelleapplebaum.com"
114.119.153.118 - - [16/Sep/2022:07:24:46 -0700] "GET /clipart/backgrounds/tile/?C=S%3BO%3DA HTTP/1.1" 200 384 "https://michelleapplebaum.com/clipart/backgrounds/tile?S=A" "Mozilla/5.0 (Linux; Android 7.0;) AppleWebKit/537.36 (KHTML, like Gecko) Mobile Safari/537.36 (compatible; PetalBot;+https://webmaster.petalsearch.com/site/petalbot)" "michelleapplebaum.com"
51.222.253.16 - - [16/Sep/2022:07:25:37 -0700] "GET /clipart/pageHeaders/?C=N;O=D HTTP/1.1" 200 424 "-" "Mozilla/5.0 (compatible; AhrefsBot/7.0; +http://ahrefs.com/robot/)" "michelleapplebaum.com"
216.244.66.242 - - [16/Sep/2022:07:26:31 -0700] "GET /robots.txt HTTP/1.1" 200 48 "-" "Mozilla/5.0 (compatible; DotBot/1.2; +https://opensiteexplorer.org/dotbot; help@moz.com)" "michelleapplebaum.com"
216.244.66.242 - - [16/Sep/2022:07:26:32 -0700] "GET /robots.txt HTTP/1.1" 200 48 "-" "Mozilla/5.0 (compatible; DotBot/1.2; +https://opensiteexplorer.org/dotbot; help@moz.com)" "www.michelleapplebaum.com"
114.119.153.118 - - [16/Sep/2022:07:34:40 -0700] "GET /H.html HTTP/1.1" 200 4416 "http://michelleapplebaum.com/P.html" "Mozilla/5.0 (Linux; Android 7.0;) AppleWebKit/537.36 (KHTML, like Gecko) Mobile Safari/537.36 (compatible; PetalBot;+https://webmaster.petalsearch.com/site/petalbot)" "michelleapplebaum.com"
114.119.153.11 - - [16/Sep/2022:07:40:55 -0700] "GET /clipart/backgrounds/sidebar?C=S%3BO%3DA HTTP/1.1" 301 1434 "http://www.michelleapplebaum.com/clipart/backgrounds/sidebar?C=M%3BO%3DA" "Mozilla/5.0 (Linux; Android 7.0;) AppleWebKit/537.36 (KHTML, like Gecko) Mobile Safari/537.36 (compatible; PetalBot;+https://webmaster.petalsearch.com/site/petalbot)" "www.michelleapplebaum.com"
114.119.153.118 - - [16/Sep/2022:07:45:57 -0700] "GET /clipart/buttons?M=A HTTP/1.1" 301 1419 "https://michelleapplebaum.com/clipart/buttons?N=A" "Mozilla/5.0 (Linux; Android 7.0;) AppleWebKit/537.36 (KHTML, like Gecko) Mobile Safari/537.36 (compatible; PetalBot;+https://webmaster.petalsearch.com/site/petalbot)" "michelleapplebaum.com"
114.119.153.118 - - [16/Sep/2022:07:46:00 -0700] "GET /clipart/buttons/?M=A HTTP/1.1" 200 356 "https://michelleapplebaum.com/clipart/buttons?N=A" "Mozilla/5.0 (Linux; Android 7.0;) AppleWebKit/537.36 (KHTML, like Gecko) Mobile Safari/537.36 (compatible; PetalBot;+https://webmaster.petalsearch.com/site/petalbot)" "michelleapplebaum.com"
17.121.112.14 - - [16/Sep/2022:07:49:37 -0700] "GET /robots.txt HTTP/1.1" 200 64 "-" "Mozilla/5.0 (Macintosh; Intel Mac OS X 10_15_5) AppleWebKit/605.1.15 (KHTML, like Gecko) Version/13.1.1 Safari/605.1.15 (Applebot/0.1; +http://www.apple.com/go/applebot)" "michelleapplebaum.com"
17.121.112.14 - - [16/Sep/2022:07:49:37 -0700] "GET /R.html HTTP/1.1" 200 3732 "-" "Mozilla/5.0 (Macintosh; Intel Mac OS X 10_15_5) AppleWebKit/605.1.15 (KHTML, like Gecko) Version/13.1.1 Safari/605.1.15 (Applebot/0.1; +http://www.apple.com/go/applebot)" "michelleapplebaum.com"
51.222.253.1 - - [16/Sep/2022:07:51:04 -0700] "GET /clipart/backgrounds/fullpage/ HTTP/1.1" 200 386 "-" "Mozilla/5.0 (compatible; AhrefsBot/7.0; +http://ahrefs.com/robot/)" "michelleapplebaum.com"
114.119.153.118 - - [16/Sep/2022:07:51:53 -0700] "GET /clipart/backgrounds/tile/?C=N%3BO%3DD HTTP/1.1" 200 384 "http://www.michelleapplebaum.com/clipart/backgrounds/tile?C=S%3BO%3DA" "Mozilla/5.0 (Linux; Android 7.0;) AppleWebKit/537.36 (KHTML, like Gecko) Mobile Safari/537.36 (compatible; PetalBot;+https://webmaster.petalsearch.com/site/petalbot)" "www.michelleapplebaum.com"
114.119.153.114 - - [16/Sep/2022:08:00:46 -0700] "GET /clipart/images/?C=N%3BO%3DD HTTP/1.1" 200 413 "https://michelleapplebaum.com/clipart/images?M=D" "Mozilla/5.0 (Linux; Android 7.0;) AppleWebKit/537.36 (KHTML, like Gecko) Mobile Safari/537.36 (compatible; PetalBot;+https://webmaster.petalsearch.com/site/petalbot)" "michelleapplebaum.com"
114.119.135.202 - - [16/Sep/2022:08:01:06 -0700] "GET /robots.txt HTTP/1.1" 200 64 "-" "Mozilla/5.0 (compatible;PetalBot;+https://webmaster.petalsearch.com/site/petalbot)" "michelleapplebaum.com"
114.119.153.114 - - [16/Sep/2022:08:06:53 -0700] "GET /clipart/buttons?C=N%3BO%3DD HTTP/1.1" 301 1433 "https://michelleapplebaum.com/clipart/buttons?C=M%3BO%3DA" "Mozilla/5.0 (Linux; Android 7.0;) AppleWebKit/537.36 (KHTML, like Gecko) Mobile Safari/537.36 (compatible; PetalBot;+https://webmaster.petalsearch.com/site/petalbot)" "michelleapplebaum.com"
114.119.153.114 - - [16/Sep/2022:08:07:02 -0700] "GET /clipart/buttons/?C=N%3BO%3DD HTTP/1.1" 200 356 "https://michelleapplebaum.com/clipart/buttons?C=M%3BO%3DA" "Mozilla/5.0 (Linux; Android 7.0;) AppleWebKit/537.36 (KHTML, like Gecko) Mobile Safari/537.36 (compatible; PetalBot;+https://webmaster.petalsearch.com/site/petalbot)" "michelleapplebaum.com"
114.119.153.132 - - [16/Sep/2022:08:13:13 -0700] "GET /clipart?D=A HTTP/1.1" 301 1418 "http://michelleapplebaum.com/clipart/" "Mozilla/5.0 (Linux; Android 7.0;) AppleWebKit/537.36 (KHTML, like Gecko) Mobile Safari/537.36 (compatible; PetalBot;+https://webmaster.petalsearch.com/site/petalbot)" "michelleapplebaum.com"
114.119.153.132 - - [16/Sep/2022:08:13:28 -0700] "GET /clipart/?D=A HTTP/1.1" 200 406 "http://michelleapplebaum.com/clipart/" "Mozilla/5.0 (Linux; Android 7.0;) AppleWebKit/537.36 (KHTML, like Gecko) Mobile Safari/537.36 (compatible; PetalBot;+https://webmaster.petalsearch.com/site/petalbot)" "michelleapplebaum.com"
54.36.148.179 - - [16/Sep/2022:08:16:00 -0700] "GET /robots.txt HTTP/1.1" 200 64 "-" "Mozilla/5.0 (compatible; AhrefsBot/7.0; +http://ahrefs.com/robot/)" "www.michelleapplebaum.com"
51.222.253.9 - - [16/Sep/2022:08:16:01 -0700] "GET /clipart/images/sidebars/?C=D;O=A HTTP/1.1" 200 389 "-" "Mozilla/5.0 (compatible; AhrefsBot/7.0; +http://ahrefs.com/robot/)" "www.michelleapplebaum.com"
114.119.153.114 - - [16/Sep/2022:08:18:22 -0700] "GET /clipart/buttons/themes?S=A HTTP/1.1" 301 1429 "https://michelleapplebaum.com/clipart/buttons/themes?N=A" "Mozilla/5.0 (Linux; Android 7.0;) AppleWebKit/537.36 (KHTML, like Gecko) Mobile Safari/537.36 (compatible; PetalBot;+https://webmaster.petalsearch.com/site/petalbot)" "michelleapplebaum.com"
114.119.153.114 - - [16/Sep/2022:08:18:39 -0700] "GET /clipart/buttons/themes/?S=A HTTP/1.1" 200 361 "https://michelleapplebaum.com/clipart/buttons/themes?N=A" "Mozilla/5.0 (Linux; Android 7.0;) AppleWebKit/537.36 (KHTML, like Gecko) Mobile Safari/537.36 (compatible; PetalBot;+https://webmaster.petalsearch.com/site/petalbot)" "michelleapplebaum.com"
216.244.66.242 - - [16/Sep/2022:08:18:41 -0700] "GET /robots.txt HTTP/1.1" 200 48 "-" "Mozilla/5.0 (compatible; DotBot/1.2; +https://opensiteexplorer.org/dotbot; help@moz.com)" "www.michelleapplebaum.com"
216.244.66.242 - - [16/Sep/2022:08:18:41 -0700] "GET /robots.txt HTTP/1.1" 200 48 "-" "Mozilla/5.0 (compatible; DotBot/1.2; +https://opensiteexplorer.org/dotbot; help@moz.com)" "michelleapplebaum.com"
114.119.153.118 - - [16/Sep/2022:08:31:51 -0700] "GET /U.html HTTP/1.1" 200 2128 "https://www.michelleapplebaum.com/L.html" "Mozilla/5.0 (Linux; Android 7.0;) AppleWebKit/537.36 (KHTML, like Gecko) Mobile Safari/537.36 (compatible; PetalBot;+https://webmaster.petalsearch.com/site/petalbot)" "www.michelleapplebaum.com"
114.119.153.114 - - [16/Sep/2022:08:36:43 -0700] "GET /clipart/pageHeaders/?C=S%3BO%3DA HTTP/1.1" 200 426 "https://michelleapplebaum.com/clipart/pageHeaders?S=D" "Mozilla/5.0 (Linux; Android 7.0;) AppleWebKit/537.36 (KHTML, like Gecko) Mobile Safari/537.36 (compatible; PetalBot;+https://webmaster.petalsearch.com/site/petalbot)" "michelleapplebaum.com"
216.244.66.242 - - [16/Sep/2022:08:36:45 -0700] "GET /clipart/images/?S=D HTTP/1.1" 200 884 "-" "Mozilla/5.0 (compatible; DotBot/1.2; +https://opensiteexplorer.org/dotbot; help@moz.com)" "michelleapplebaum.com"
114.119.153.114 - - [16/Sep/2022:08:41:36 -0700] "GET /clipart/pageHeaders/ HTTP/1.1" 200 426 "http://www.michelleapplebaum.com/clipart?C=S%3BO%3DA" "Mozilla/5.0 (Linux; Android 7.0;) AppleWebKit/537.36 (KHTML, like Gecko) Mobile Safari/537.36 (compatible; PetalBot;+https://webmaster.petalsearch.com/site/petalbot)" "www.michelleapplebaum.com"
114.119.153.11 - - [16/Sep/2022:08:47:26 -0700] "GET /clipart/buttons?D=A HTTP/1.1" 301 1419 "https://michelleapplebaum.com/clipart/buttons?N=A" "Mozilla/5.0 (Linux; Android 7.0;) AppleWebKit/537.36 (KHTML, like Gecko) Mobile Safari/537.36 (compatible; PetalBot;+https://webmaster.petalsearch.com/site/petalbot)" "michelleapplebaum.com"
114.119.153.11 - - [16/Sep/2022:08:47:42 -0700] "GET /clipart/buttons/?D=A HTTP/1.1" 200 356 "https://michelleapplebaum.com/clipart/buttons?N=A" "Mozilla/5.0 (Linux; Android 7.0;) AppleWebKit/537.36 (KHTML, like Gecko) Mobile Safari/537.36 (compatible; PetalBot;+https://webmaster.petalsearch.com/site/petalbot)" "michelleapplebaum.com"
114.119.153.11 - - [16/Sep/2022:08:52:48 -0700] "GET /clipart/pageHeaders HTTP/1.1" 301 1419 "http://www.michelleapplebaum.com/clipart?C=N%3BO%3DD" "Mozilla/5.0 (Linux; Android 7.0;) AppleWebKit/537.36 (KHTML, like Gecko) Mobile Safari/537.36 (compatible; PetalBot;+https://webmaster.petalsearch.com/site/petalbot)" "www.michelleapplebaum.com"
51.222.253.12 - - [16/Sep/2022:08:55:22 -0700] "GET / HTTP/1.1" 200 782 "-" "Mozilla/5.0 (compatible; AhrefsBot/7.0; +http://ahrefs.com/robot/)" "www.michelleapplebaum.com"
216.244.66.242 - - [16/Sep/2022:08:56:56 -0700] "GET /clipart/?N=D HTTP/1.1" 200 1155 "-" "Mozilla/5.0 (compatible; DotBot/1.2; +https://opensiteexplorer.org/dotbot; help@moz.com)" "www.michelleapplebaum.com"
114.119.153.131 - - [16/Sep/2022:08:58:27 -0700] "GET /clipart HTTP/1.1" 301 1409 "https://michelleapplebaum.com/clipart/images?N=D" "Mozilla/5.0 (Linux; Android 7.0;) AppleWebKit/537.36 (KHTML, like Gecko) Mobile Safari/537.36 (compatible; PetalBot;+https://webmaster.petalsearch.com/site/petalbot)" "michelleapplebaum.com"
114.119.153.131 - - [16/Sep/2022:08:58:31 -0700] "GET /clipart/ HTTP/1.1" 200 406 "https://michelleapplebaum.com/clipart/images?N=D" "Mozilla/5.0 (Linux; Android 7.0;) AppleWebKit/537.36 (KHTML, like Gecko) Mobile Safari/537.36 (compatible; PetalBot;+https://webmaster.petalsearch.com/site/petalbot)" "michelleapplebaum.com"
114.119.153.118 - - [16/Sep/2022:09:03:56 -0700] "GET /clipart/images/sidebars/?C=S%3BO%3DA HTTP/1.1" 200 389 "https://michelleapplebaum.com/clipart/images/sidebars?S=D" "Mozilla/5.0 (Linux; Android 7.0;) AppleWebKit/537.36 (KHTML, like Gecko) Mobile Safari/537.36 (compatible; PetalBot;+https://webmaster.petalsearch.com/site/petalbot)" "michelleapplebaum.com"
114.119.153.118 - - [16/Sep/2022:09:09:32 -0700] "GET /F.html HTTP/1.1" 200 4620 "https://www.michelleapplebaum.com/L.html" "Mozilla/5.0 (Linux; Android 7.0;) AppleWebKit/537.36 (KHTML, like Gecko) Mobile Safari/537.36 (compatible; PetalBot;+https://webmaster.petalsearch.com/site/petalbot)" "www.michelleapplebaum.com"
216.244.66.242 - - [16/Sep/2022:09:11:20 -0700] "GET /robots.txt HTTP/1.1" 200 48 "-" "Mozilla/5.0 (compatible; DotBot/1.2; +https://opensiteexplorer.org/dotbot; help@moz.com)" "michelleapplebaum.com"
216.244.66.242 - - [16/Sep/2022:09:11:20 -0700] "GET /robots.txt HTTP/1.1" 200 48 "-" "Mozilla/5.0 (compatible; DotBot/1.2; +https://opensiteexplorer.org/dotbot; help@moz.com)" "www.michelleapplebaum.com"
54.36.148.44 - - [16/Sep/2022:09:12:04 -0700] "GET /robots.txt HTTP/1.1" 200 64 "-" "Mozilla/5.0 (compatible; AhrefsBot/7.0; +http://ahrefs.com/robot/)" "www.michelleapplebaum.com"
51.222.253.8 - - [16/Sep/2022:09:12:05 -0700] "GET /Survey/help/edit-template.php HTTP/1.1" 200 7363 "-" "Mozilla/5.0 (compatible; AhrefsBot/7.0; +http://ahrefs.com/robot/)" "www.michelleapplebaum.com"
114.119.153.118 - - [16/Sep/2022:09:15:14 -0700] "GET /clipart/buttons?M=D HTTP/1.1" 301 1424 "http://michelleapplebaum.com/clipart/buttons?M=A" "Mozilla/5.0 (Linux; Android 7.0;) AppleWebKit/537.36 (KHTML, like Gecko) Mobile Safari/537.36 (compatible; PetalBot;+https://webmaster.petalsearch.com/site/petalbot)" "michelleapplebaum.com"
114.119.153.118 - - [16/Sep/2022:09:15:19 -0700] "GET /clipart/buttons/?M=D HTTP/1.1" 200 356 "http://michelleapplebaum.com/clipart/buttons?M=A" "Mozilla/5.0 (Linux; Android 7.0;) AppleWebKit/537.36 (KHTML, like Gecko) Mobile Safari/537.36 (compatible; PetalBot;+https://webmaster.petalsearch.com/site/petalbot)" "michelleapplebaum.com"
5.161.97.203 - - [16/Sep/2022:09:20:27 -0700] "GET /S.html HTTP/1.1" 200 8213 "-" "Mozilla/5.0 (Windows NT 10.0; Win64; x64) AppleWebKit/537.36 (KHTML, like Gecko) Chrome/84.0.4147.105 Safari/537.36" "www.michelleapplebaum.com"
114.119.153.132 - - [16/Sep/2022:09:26:10 -0700] "GET /clipart/backgrounds?D=D HTTP/1.1" 301 1417 "http://michelleapplebaum.com/clipart/backgrounds?D=A" "Mozilla/5.0 (Linux; Android 7.0;) AppleWebKit/537.36 (KHTML, like Gecko) Mobile Safari/537.36 (compatible; PetalBot;+https://webmaster.petalsearch.com/site/petalbot)" "michelleapplebaum.com"
114.119.153.132 - - [16/Sep/2022:09:26:10 -0700] "GET /clipart/backgrounds/?D=D HTTP/1.1" 200 402 "http://michelleapplebaum.com/clipart/backgrounds?D=A" "Mozilla/5.0 (Linux; Android 7.0;) AppleWebKit/537.36 (KHTML, like Gecko) Mobile Safari/537.36 (compatible; PetalBot;+https://webmaster.petalsearch.com/site/petalbot)" "michelleapplebaum.com"
54.36.149.52 - - [16/Sep/2022:09:30:42 -0700] "GET /robots.txt HTTP/1.1" 200 64 "-" "Mozilla/5.0 (compatible; AhrefsBot/7.0; +http://ahrefs.com/robot/)" "michelleapplebaum.com"
51.222.253.6 - - [16/Sep/2022:09:30:43 -0700] "GET /images/?C=S;O=D HTTP/1.1" 200 518 "-" "Mozilla/5.0 (compatible; AhrefsBot/7.0; +http://ahrefs.com/robot/)" "michelleapplebaum.com"
114.119.153.132 - - [16/Sep/2022:09:31:44 -0700] "GET /clipart/backgrounds/tile?C=N%3BO%3DD HTTP/1.1" 301 1433 "http://www.michelleapplebaum.com/clipart/backgrounds/tile?C=D%3BO%3DA" "Mozilla/5.0 (Linux; Android 7.0;) AppleWebKit/537.36 (KHTML, like Gecko) Mobile Safari/537.36 (compatible; PetalBot;+https://webmaster.petalsearch.com/site/petalbot)" "www.michelleapplebaum.com"
114.119.153.114 - - [16/Sep/2022:09:40:31 -0700] "GET /clipart/buttons/themes?S=D HTTP/1.1" 301 1429 "https://michelleapplebaum.com/clipart/buttons/themes?S=A" "Mozilla/5.0 (Linux; Android 7.0;) AppleWebKit/537.36 (KHTML, like Gecko) Mobile Safari/537.36 (compatible; PetalBot;+https://webmaster.petalsearch.com/site/petalbot)" "michelleapplebaum.com"
114.119.153.114 - - [16/Sep/2022:09:40:42 -0700] "GET /clipart/buttons/themes/?S=D HTTP/1.1" 200 361 "https://michelleapplebaum.com/clipart/buttons/themes?S=A" "Mozilla/5.0 (Linux; Android 7.0;) AppleWebKit/537.36 (KHTML, like Gecko) Mobile Safari/537.36 (compatible; PetalBot;+https://webmaster.petalsearch.com/site/petalbot)" "michelleapplebaum.com"
114.119.149.118 - - [16/Sep/2022:09:42:02 -0700] "GET /robots.txt HTTP/1.1" 200 64 "-" "Mozilla/5.0 (compatible;PetalBot;+https://webmaster.petalsearch.com/site/petalbot)" "www.michelleapplebaum.com"
114.119.153.114 - - [16/Sep/2022:09:46:17 -0700] "GET /clipart/buttons/themes/sleek?C=M%3BO%3DA HTTP/1.1" 301 1440 "http://www.michelleapplebaum.com/clipart/buttons/themes/sleek?C=D%3BO%3DA" "Mozilla/5.0 (Linux; Android 7.0;) AppleWebKit/537.36 (KHTML, like Gecko) Mobile Safari/537.36 (compatible; PetalBot;+https://webmaster.petalsearch.com/site/petalbot)" "www.michelleapplebaum.com"
114.119.153.114 - - [16/Sep/2022:09:46:32 -0700] "GET /clipart/buttons/themes/sleek/?C=M%3BO%3DA HTTP/1.1" 200 413 "http://www.michelleapplebaum.com/clipart/buttons/themes/sleek?C=D%3BO%3DA" "Mozilla/5.0 (Linux; Android 7.0;) AppleWebKit/537.36 (KHTML, like Gecko) Mobile Safari/537.36 (compatible; PetalBot;+https://webmaster.petalsearch.com/site/petalbot)" "www.michelleapplebaum.com"
159.65.101.238 - - [16/Sep/2022:09:48:43 -0700] "GET /blog/wp-content/themes/nld-theme-index/inc/adminindex.php?auth=a HTTP/1.1" 404 73 "michelleapplebaum.com" "Mozilla/5.0 (Windows NT 6.1; WOW64) AppleWebKit/537.36 (KHTML, like Gecko) Chrome/50.0.2661.75 Safari/537.36" "michelleapplebaum.com"
51.222.253.9 - - [16/Sep/2022:09:48:49 -0700] "GET /applets/ HTTP/1.1" 200 368 "-" "Mozilla/5.0 (compatible; AhrefsBot/7.0; +http://ahrefs.com/robot/)" "www.michelleapplebaum.com"
159.65.101.238 - - [16/Sep/2022:09:48:53 -0700] "GET /blog/wp-admin/upload_index.php?auth=a HTTP/1.1" 404 73 "michelleapplebaum.com" "Mozilla/5.0 (Windows NT 6.1; WOW64) AppleWebKit/537.36 (KHTML, like Gecko) Chrome/50.0.2661.75 Safari/537.36" "michelleapplebaum.com"
159.65.101.238 - - [16/Sep/2022:09:48:57 -0700] "GET /blog/wp-content/plugins/apikey/apikey.php?test=test HTTP/1.1" 404 73 "michelleapplebaum.com" "Mozilla/5.0 (Windows NT 6.1; WOW64) AppleWebKit/537.36 (KHTML, like Gecko) Chrome/50.0.2661.75 Safari/537.36" "michelleapplebaum.com"
159.65.101.238 - - [16/Sep/2022:09:49:24 -0700] "GET /blog/wp-content/uploads/upload_index.php?auth=a HTTP/1.1" 404 73 "michelleapplebaum.com" "Mozilla/5.0 (Windows NT 6.1; WOW64) AppleWebKit/537.36 (KHTML, like Gecko) Chrome/50.0.2661.75 Safari/537.36" "michelleapplebaum.com"
159.65.101.238 - - [16/Sep/2022:09:51:19 -0700] "GET /blog/wp-includes/upload_index.php?auth=a HTTP/1.1" 404 73 "michelleapplebaum.com" "Mozilla/5.0 (Windows NT 6.1; WOW64) AppleWebKit/537.36 (KHTML, like Gecko) Chrome/50.0.2661.75 Safari/537.36" "michelleapplebaum.com"
114.119.153.132 - - [16/Sep/2022:09:52:57 -0700] "GET /clipart/images/sidebars?N=D HTTP/1.1" 301 1429 "https://michelleapplebaum.com/clipart/images/sidebars" "Mozilla/5.0 (Linux; Android 7.0;) AppleWebKit/537.36 (KHTML, like Gecko) Mobile Safari/537.36 (compatible; PetalBot;+https://webmaster.petalsearch.com/site/petalbot)" "michelleapplebaum.com"
114.119.153.132 - - [16/Sep/2022:09:53:15 -0700] "GET /clipart/images/sidebars/?N=D HTTP/1.1" 200 389 "https://michelleapplebaum.com/clipart/images/sidebars" "Mozilla/5.0 (Linux; Android 7.0;) AppleWebKit/537.36 (KHTML, like Gecko) Mobile Safari/537.36 (compatible; PetalBot;+https://webmaster.petalsearch.com/site/petalbot)" "michelleapplebaum.com"
216.244.66.242 - - [16/Sep/2022:10:04:41 -0700] "GET /robots.txt HTTP/1.1" 200 48 "-" "Mozilla/5.0 (compatible; DotBot/1.2; +https://opensiteexplorer.org/dotbot; help@moz.com)" "michelleapplebaum.com"
51.222.253.6 - - [16/Sep/2022:10:06:51 -0700] "GET /clipart/backgrounds/sidebar/ HTTP/1.1" 200 398 "-" "Mozilla/5.0 (compatible; AhrefsBot/7.0; +http://ahrefs.com/robot/)" "michelleapplebaum.com"
207.46.13.43 - - [16/Sep/2022:10:34:15 -0700] "GET /clipart/buttons/?C=D;O=A HTTP/1.1" 200 356 "-" "Mozilla/5.0 (compatible; bingbot/2.0; +http://www.bing.com/bingbot.htm)" "michelleapplebaum.com"
51.222.253.1 - - [16/Sep/2022:10:34:49 -0700] "GET /Survey/help/manage-template.php HTTP/1.1" 200 3325 "-" "Mozilla/5.0 (compatible; AhrefsBot/7.0; +http://ahrefs.com/robot/)" "www.michelleapplebaum.com"
51.222.253.6 - - [16/Sep/2022:10:51:16 -0700] "GET /Survey/help/manage-response.php HTTP/1.1" 200 5759 "-" "Mozilla/5.0 (compatible; AhrefsBot/7.0; +http://ahrefs.com/robot/)" "www.michelleapplebaum.com"
51.222.253.3 - - [16/Sep/2022:10:51:18 -0700] "GET /Survey/css/main.css HTTP/1.1" 200 388 "-" "Mozilla/5.0 (compatible; AhrefsBot/7.0; +http://ahrefs.com/robot/)" "www.michelleapplebaum.com"
20.150.145.44 - - [16/Sep/2022:10:55:48 -0700] "GET / HTTP/1.1" 200 4956 "-" "Mozilla/5.0 (Windows NT 10.0; Win64; x64) AppleWebKit/537.36 (KHTML, like Gecko) Chrome/89.0.4389.114 Safari/537.36" "michelleapplebaum.com"
20.150.145.44 - - [16/Sep/2022:10:55:49 -0700] "GET / HTTP/1.1" 200 4956 "-" "Mozilla/5.0 (Windows NT 10.0; Win64; x64) AppleWebKit/537.36 (KHTML, like Gecko) Chrome/89.0.4389.114 Safari/537.36" "michelleapplebaum.com"
20.150.145.44 - - [16/Sep/2022:10:55:49 -0700] "GET /wp-includes/wlwmanifest.xml HTTP/1.1" 404 73 "-" "Mozilla/5.0 (Windows NT 10.0; Win64; x64) AppleWebKit/537.36 (KHTML, like Gecko) Chrome/89.0.4389.114 Safari/537.36" "michelleapplebaum.com"
20.150.145.44 - - [16/Sep/2022:10:55:49 -0700] "GET / HTTP/1.1" 200 4956 "-" "Mozilla/5.0 (Windows NT 10.0; Win64; x64) AppleWebKit/537.36 (KHTML, like Gecko) Chrome/89.0.4389.114 Safari/537.36" "michelleapplebaum.com"
20.150.145.44 - - [16/Sep/2022:10:55:49 -0700] "GET /blog/wp-includes/wlwmanifest.xml HTTP/1.1" 200 1045 "-" "Mozilla/5.0 (Windows NT 10.0; Win64; x64) AppleWebKit/537.36 (KHTML, like Gecko) Chrome/89.0.4389.114 Safari/537.36" "michelleapplebaum.com"
20.150.145.44 - - [16/Sep/2022:10:55:50 -0700] "GET /blog//?author=1 HTTP/1.1" 500 251 "-" "Mozilla/5.0 (Windows NT 10.0; Win64; x64) AppleWebKit/537.36 (KHTML, like Gecko) Chrome/89.0.4389.114 Safari/537.36" "michelleapplebaum.com"
20.150.145.44 - - [16/Sep/2022:10:55:51 -0700] "GET /blog//?author=2 HTTP/1.1" 500 251 "-" "Mozilla/5.0 (Windows NT 10.0; Win64; x64) AppleWebKit/537.36 (KHTML, like Gecko) Chrome/89.0.4389.114 Safari/537.36" "michelleapplebaum.com"
20.150.145.44 - - [16/Sep/2022:10:55:52 -0700] "GET /blog//?author=3 HTTP/1.1" 500 251 "-" "Mozilla/5.0 (Windows NT 10.0; Win64; x64) AppleWebKit/537.36 (KHTML, like Gecko) Chrome/89.0.4389.114 Safari/537.36" "michelleapplebaum.com"
20.150.145.44 - - [16/Sep/2022:10:55:52 -0700] "GET /blog/index.php//wp-json/wp/v2/users/ HTTP/1.1" 500 251 "-" "Mozilla/5.0 (Windows NT 10.0; Win64; x64) AppleWebKit/537.36 (KHTML, like Gecko) Chrome/89.0.4389.114 Safari/537.36" "michelleapplebaum.com"
20.150.145.44 - - [16/Sep/2022:10:55:53 -0700] "GET /blog/index.php//wp-json/oembed/1.0/embed?url=http://michelleapplebaum.com/blog/ HTTP/1.1" 500 251 "-" "Mozilla/5.0 (Windows NT 10.0; Win64; x64) AppleWebKit/537.36 (KHTML, like Gecko) Chrome/89.0.4389.114 Safari/537.36" "michelleapplebaum.com"
51.222.253.6 - - [16/Sep/2022:11:06:23 -0700] "GET /Survey/help/edit-survey.php HTTP/1.1" 200 10933 "-" "Mozilla/5.0 (compatible; AhrefsBot/7.0; +http://ahrefs.com/robot/)" "michelleapplebaum.com"
51.222.253.17 - - [16/Sep/2022:11:21:50 -0700] "GET /clipart/buttons/?C=N;O=D HTTP/1.1" 200 355 "-" "Mozilla/5.0 (compatible; AhrefsBot/7.0; +http://ahrefs.com/robot/)" "www.michelleapplebaum.com"
216.244.66.242 - - [16/Sep/2022:11:48:54 -0700] "GET /robots.txt HTTP/1.1" 200 48 "-" "Mozilla/5.0 (compatible; DotBot/1.2; +https://opensiteexplorer.org/dotbot; help@moz.com)" "www.michelleapplebaum.com"
216.244.66.242 - - [16/Sep/2022:11:48:54 -0700] "GET /robots.txt HTTP/1.1" 200 48 "-" "Mozilla/5.0 (compatible; DotBot/1.2; +https://opensiteexplorer.org/dotbot; help@moz.com)" "michelleapplebaum.com"
51.222.253.16 - - [16/Sep/2022:11:51:05 -0700] "GET /clipart/images/?C=M;O=D HTTP/1.1" 200 410 "-" "Mozilla/5.0 (compatible; AhrefsBot/7.0; +http://ahrefs.com/robot/)" "www.michelleapplebaum.com"
207.46.13.229 - - [16/Sep/2022:11:53:05 -0700] "GET /robots.txt HTTP/1.1" 200 64 "-" "Mozilla/5.0 (compatible; bingbot/2.0; +http://www.bing.com/bingbot.htm)" "www.michelleapplebaum.com"
207.46.13.229 - - [16/Sep/2022:11:53:06 -0700] "GET /robots.txt HTTP/1.1" 200 64 "-" "Mozilla/5.0 (compatible; bingbot/2.0; +http://www.bing.com/bingbot.htm)" "www.michelleapplebaum.com"
207.46.13.16 - - [16/Sep/2022:11:53:14 -0700] "GET /Survey/help/manage-template.php HTTP/1.1" 200 3325 "-" "Mozilla/5.0 (compatible; bingbot/2.0; +http://www.bing.com/bingbot.htm)" "www.michelleapplebaum.com"
51.222.253.9 - - [16/Sep/2022:12:08:30 -0700] "GET /clipart/images/?C=M;O=D HTTP/1.1" 200 410 "-" "Mozilla/5.0 (compatible; AhrefsBot/7.0; +http://ahrefs.com/robot/)" "michelleapplebaum.com"
54.36.148.231 - - [16/Sep/2022:12:25:52 -0700] "GET /robots.txt HTTP/1.1" 200 64 "-" "Mozilla/5.0 (compatible; AhrefsBot/7.0; +http://ahrefs.com/robot/)" "michelleapplebaum.com"
51.222.253.10 - - [16/Sep/2022:12:25:53 -0700] "GET /clipart/pageHeaders/?C=N;O=A HTTP/1.1" 200 426 "-" "Mozilla/5.0 (compatible; AhrefsBot/7.0; +http://ahrefs.com/robot/)" "michelleapplebaum.com"
51.222.253.15 - - [16/Sep/2022:12:42:16 -0700] "GET /V.html HTTP/1.1" 200 2667 "-" "Mozilla/5.0 (compatible; AhrefsBot/7.0; +http://ahrefs.com/robot/)" "www.michelleapplebaum.com"
51.222.253.10 - - [16/Sep/2022:12:42:19 -0700] "GET /V.html HTTP/1.1" 200 2667 "-" "Mozilla/5.0 (compatible; AhrefsBot/7.0; +http://ahrefs.com/robot/)" "www.michelleapplebaum.com"
216.244.66.242 - - [16/Sep/2022:12:43:05 -0700] "GET /robots.txt HTTP/1.1" 200 48 "-" "Mozilla/5.0 (compatible; DotBot/1.2; +https://opensiteexplorer.org/dotbot; help@moz.com)" "www.michelleapplebaum.com"
216.244.66.242 - - [16/Sep/2022:12:43:05 -0700] "GET /robots.txt HTTP/1.1" 200 48 "-" "Mozilla/5.0 (compatible; DotBot/1.2; +https://opensiteexplorer.org/dotbot; help@moz.com)" "michelleapplebaum.com"
51.68.228.235 - - [16/Sep/2022:12:45:44 -0700] "GET /wp-login.php HTTP/1.1" 404 88 "-" "Mozilla/5.0 (Windows NT 10.0; Win64; x64; rv:96.0) Gecko/20100101 Firefox/96" "michelleapplebaum.com"
123.125.109.34 - - [16/Sep/2022:13:12:27 -0700] "GET / HTTP/1.1" 200 782 "-" "Sogou web spider/4.0(+http://www.sogou.com/docs/help/webmasters.htm#07)" "www.michelleapplebaum.com"
51.222.253.19 - - [16/Sep/2022:13:21:48 -0700] "GET /clipart/images/?C=S;O=D HTTP/1.1" 200 410 "-" "Mozilla/5.0 (compatible; AhrefsBot/7.0; +http://ahrefs.com/robot/)" "www.michelleapplebaum.com"
216.244.66.242 - - [16/Sep/2022:13:35:13 -0700] "GET /robots.txt HTTP/1.1" 200 48 "-" "Mozilla/5.0 (compatible; DotBot/1.2; +https://opensiteexplorer.org/dotbot; help@moz.com)" "michelleapplebaum.com"
216.244.66.242 - - [16/Sep/2022:13:35:13 -0700] "GET /robots.txt HTTP/1.1" 200 48 "-" "Mozilla/5.0 (compatible; DotBot/1.2; +https://opensiteexplorer.org/dotbot; help@moz.com)" "www.michelleapplebaum.com"
51.222.253.7 - - [16/Sep/2022:13:49:27 -0700] "GET /calendar/login.php HTTP/1.1" 200 17179 "-" "Mozilla/5.0 (compatible; AhrefsBot/7.0; +http://ahrefs.com/robot/)" "www.michelleapplebaum.com"
51.222.253.20 - - [16/Sep/2022:14:17:24 -0700] "GET /clipart/backgrounds/tile/ HTTP/1.1" 200 384 "-" "Mozilla/5.0 (compatible; AhrefsBot/7.0; +http://ahrefs.com/robot/)" "michelleapplebaum.com"
123.149.77.139 - - [16/Sep/2022:14:19:49 -0700] "GET /robots.txt HTTP/1.1" 200 64 "-" "Mozilla/5.0 (Windows NT 10.0; Win64; x64) AppleWebKit/537.36 (KHTML, like Gecko) Chrome/92.0.4515.159 Safari/537.36" "michelleapplebaum.com"
216.244.66.242 - - [16/Sep/2022:14:26:22 -0700] "GET /robots.txt HTTP/1.1" 200 48 "-" "Mozilla/5.0 (compatible; DotBot/1.2; +https://opensiteexplorer.org/dotbot; help@moz.com)" "www.michelleapplebaum.com"
216.244.66.242 - - [16/Sep/2022:14:26:22 -0700] "GET /robots.txt HTTP/1.1" 200 48 "-" "Mozilla/5.0 (compatible; DotBot/1.2; +https://opensiteexplorer.org/dotbot; help@moz.com)" "michelleapplebaum.com"
114.119.153.114 - - [16/Sep/2022:14:47:52 -0700] "GET /clipart/backgrounds HTTP/1.1" 301 1415 "http://www.michelleapplebaum.com/clipart/backgrounds/tile?C=S%3BO%3DA" "Mozilla/5.0 (Linux; Android 7.0;) AppleWebKit/537.36 (KHTML, like Gecko) Mobile Safari/537.36 (compatible; PetalBot;+https://webmaster.petalsearch.com/site/petalbot)" "www.michelleapplebaum.com"
114.119.153.114 - - [16/Sep/2022:14:47:58 -0700] "GET /clipart/backgrounds/ HTTP/1.1" 200 402 "http://www.michelleapplebaum.com/clipart/backgrounds/tile?C=S%3BO%3DA" "Mozilla/5.0 (Linux; Android 7.0;) AppleWebKit/537.36 (KHTML, like Gecko) Mobile Safari/537.36 (compatible; PetalBot;+https://webmaster.petalsearch.com/site/petalbot)" "www.michelleapplebaum.com"
114.119.153.131 - - [16/Sep/2022:14:56:57 -0700] "GET /navigation_bars?D=A HTTP/1.1" 301 1420 "http://michelleapplebaum.com/navigation_bars?S=D" "Mozilla/5.0 (Linux; Android 7.0;) AppleWebKit/537.36 (KHTML, like Gecko) Mobile Safari/537.36 (compatible; PetalBot;+https://webmaster.petalsearch.com/site/petalbot)" "michelleapplebaum.com"
114.119.153.131 - - [16/Sep/2022:14:57:21 -0700] "GET /navigation_bars/?D=A HTTP/1.1" 200 497 "http://michelleapplebaum.com/navigation_bars?S=D" "Mozilla/5.0 (Linux; Android 7.0;) AppleWebKit/537.36 (KHTML, like Gecko) Mobile Safari/537.36 (compatible; PetalBot;+https://webmaster.petalsearch.com/site/petalbot)" "michelleapplebaum.com"
114.119.153.113 - - [16/Sep/2022:15:01:23 -0700] "GET /N.html HTTP/1.1" 200 2764 "https://www.michelleapplebaum.com/L.html" "Mozilla/5.0 (Linux; Android 7.0;) AppleWebKit/537.36 (KHTML, like Gecko) Mobile Safari/537.36 (compatible; PetalBot;+https://webmaster.petalsearch.com/site/petalbot)" "www.michelleapplebaum.com"
114.119.153.118 - - [16/Sep/2022:15:08:12 -0700] "GET /clipart/images?N=D HTTP/1.1" 301 1423 "https://michelleapplebaum.com/clipart/images?N=A" "Mozilla/5.0 (Linux; Android 7.0;) AppleWebKit/537.36 (KHTML, like Gecko) Mobile Safari/537.36 (compatible; PetalBot;+https://webmaster.petalsearch.com/site/petalbot)" "michelleapplebaum.com"
114.119.153.118 - - [16/Sep/2022:15:08:21 -0700] "GET /clipart/images/?N=D HTTP/1.1" 200 413 "https://michelleapplebaum.com/clipart/images?N=A" "Mozilla/5.0 (Linux; Android 7.0;) AppleWebKit/537.36 (KHTML, like Gecko) Mobile Safari/537.36 (compatible; PetalBot;+https://webmaster.petalsearch.com/site/petalbot)" "michelleapplebaum.com"
216.244.66.242 - - [16/Sep/2022:15:17:05 -0700] "GET /robots.txt HTTP/1.1" 200 48 "-" "Mozilla/5.0 (compatible; DotBot/1.2; +https://opensiteexplorer.org/dotbot; help@moz.com)" "michelleapplebaum.com"
216.244.66.242 - - [16/Sep/2022:15:17:05 -0700] "GET /robots.txt HTTP/1.1" 200 48 "-" "Mozilla/5.0 (compatible; DotBot/1.2; +https://opensiteexplorer.org/dotbot; help@moz.com)" "www.michelleapplebaum.com"
51.222.253.6 - - [16/Sep/2022:15:20:41 -0700] "GET / HTTP/1.1" 200 782 "-" "Mozilla/5.0 (compatible; AhrefsBot/7.0; +http://ahrefs.com/robot/)" "michelleapplebaum.com"
114.119.153.11 - - [16/Sep/2022:15:24:53 -0700] "GET /clipart/backgrounds/sidebar/?C=N%3BO%3DD HTTP/1.1" 200 398 "http://www.michelleapplebaum.com/clipart/backgrounds/sidebar/?C=D%3BO%3DA" "Mozilla/5.0 (Linux; Android 7.0;) AppleWebKit/537.36 (KHTML, like Gecko) Mobile Safari/537.36 (compatible; PetalBot;+https://webmaster.petalsearch.com/site/petalbot)" "www.michelleapplebaum.com"
114.119.153.131 - - [16/Sep/2022:15:30:21 -0700] "GET /B.html HTTP/1.1" 200 4332 "https://www.michelleapplebaum.com/L.html" "Mozilla/5.0 (Linux; Android 7.0;) AppleWebKit/537.36 (KHTML, like Gecko) Mobile Safari/537.36 (compatible; PetalBot;+https://webmaster.petalsearch.com/site/petalbot)" "www.michelleapplebaum.com"
51.222.253.17 - - [16/Sep/2022:15:50:18 -0700] "GET /Survey/help/manage-survey.php HTTP/1.1" 200 3631 "-" "Mozilla/5.0 (compatible; AhrefsBot/7.0; +http://ahrefs.com/robot/)" "www.michelleapplebaum.com"
193.235.141.169 - - [16/Sep/2022:15:58:57 -0700] "GET / HTTP/1.1" 200 782 "-" "Mozilla/5.0 (Windows NT 10.0; Win64; x64) AppleWebKit/537.36 (KHTML, like Gecko) Chrome/105.0.0.0 Safari/537.36" "michelleapplebaum.com"
216.244.66.242 - - [16/Sep/2022:16:08:44 -0700] "GET /robots.txt HTTP/1.1" 200 48 "-" "Mozilla/5.0 (compatible; DotBot/1.2; +https://opensiteexplorer.org/dotbot; help@moz.com)" "www.michelleapplebaum.com"
114.119.153.113 - - [16/Sep/2022:16:10:53 -0700] "GET /clipart/backgrounds/fullpage?S=D HTTP/1.1" 301 1427 "https://michelleapplebaum.com/clipart/backgrounds/fullpage?S=A" "Mozilla/5.0 (Linux; Android 7.0;) AppleWebKit/537.36 (KHTML, like Gecko) Mobile Safari/537.36 (compatible; PetalBot;+https://webmaster.petalsearch.com/site/petalbot)" "michelleapplebaum.com"
114.119.153.113 - - [16/Sep/2022:16:11:05 -0700] "GET /clipart/backgrounds/fullpage/?S=D HTTP/1.1" 200 386 "https://michelleapplebaum.com/clipart/backgrounds/fullpage?S=A" "Mozilla/5.0 (Linux; Android 7.0;) AppleWebKit/537.36 (KHTML, like Gecko) Mobile Safari/537.36 (compatible; PetalBot;+https://webmaster.petalsearch.com/site/petalbot)" "michelleapplebaum.com"
114.119.153.113 - - [16/Sep/2022:16:16:38 -0700] "GET /clipart/backgrounds/sidebar?C=D%3BO%3DA HTTP/1.1" 301 1434 "http://www.michelleapplebaum.com/clipart/backgrounds/sidebar?C=M%3BO%3DA" "Mozilla/5.0 (Linux; Android 7.0;) AppleWebKit/537.36 (KHTML, like Gecko) Mobile Safari/537.36 (compatible; PetalBot;+https://webmaster.petalsearch.com/site/petalbot)" "www.michelleapplebaum.com"
114.119.153.113 - - [16/Sep/2022:16:16:43 -0700] "GET /clipart/backgrounds/sidebar/?C=D%3BO%3DA HTTP/1.1" 200 398 "http://www.michelleapplebaum.com/clipart/backgrounds/sidebar?C=M%3BO%3DA" "Mozilla/5.0 (Linux; Android 7.0;) AppleWebKit/537.36 (KHTML, like Gecko) Mobile Safari/537.36 (compatible; PetalBot;+https://webmaster.petalsearch.com/site/petalbot)" "www.michelleapplebaum.com"
114.119.153.132 - - [16/Sep/2022:16:22:28 -0700] "GET /images?C=S%3BO%3DA HTTP/1.1" 301 1424 "http://www.michelleapplebaum.com/images?C=N%3BO%3DD" "Mozilla/5.0 (Linux; Android 7.0;) AppleWebKit/537.36 (KHTML, like Gecko) Mobile Safari/537.36 (compatible; PetalBot;+https://webmaster.petalsearch.com/site/petalbot)" "www.michelleapplebaum.com"
114.119.153.132 - - [16/Sep/2022:16:22:47 -0700] "GET /images/?C=S%3BO%3DA HTTP/1.1" 200 520 "http://www.michelleapplebaum.com/images?C=N%3BO%3DD" "Mozilla/5.0 (Linux; Android 7.0;) AppleWebKit/537.36 (KHTML, like Gecko) Mobile Safari/537.36 (compatible; PetalBot;+https://webmaster.petalsearch.com/site/petalbot)" "www.michelleapplebaum.com"
114.119.153.118 - - [16/Sep/2022:16:29:44 -0700] "GET /clipart/backgrounds/tile?N=A HTTP/1.1" 301 1426 "https://michelleapplebaum.com/clipart/backgrounds/tile?S=A" "Mozilla/5.0 (Linux; Android 7.0;) AppleWebKit/537.36 (KHTML, like Gecko) Mobile Safari/537.36 (compatible; PetalBot;+https://webmaster.petalsearch.com/site/petalbot)" "michelleapplebaum.com"
114.119.153.118 - - [16/Sep/2022:16:30:00 -0700] "GET /clipart/backgrounds/tile/?N=A HTTP/1.1" 200 384 "https://michelleapplebaum.com/clipart/backgrounds/tile?S=A" "Mozilla/5.0 (Linux; Android 7.0;) AppleWebKit/537.36 (KHTML, like Gecko) Mobile Safari/537.36 (compatible; PetalBot;+https://webmaster.petalsearch.com/site/petalbot)" "michelleapplebaum.com"
114.119.153.11 - - [16/Sep/2022:16:39:31 -0700] "GET /clipart/buttons HTTP/1.1" 301 1419 "https://michelleapplebaum.com/clipart/buttons/themes?D=A" "Mozilla/5.0 (Linux; Android 7.0;) AppleWebKit/537.36 (KHTML, like Gecko) Mobile Safari/537.36 (compatible; PetalBot;+https://webmaster.petalsearch.com/site/petalbot)" "michelleapplebaum.com"
51.222.253.16 - - [16/Sep/2022:16:39:33 -0700] "GET /D.html HTTP/1.1" 200 4367 "-" "Mozilla/5.0 (compatible; AhrefsBot/7.0; +http://ahrefs.com/robot/)" "michelleapplebaum.com"
114.119.153.11 - - [16/Sep/2022:16:39:42 -0700] "GET /clipart/buttons/ HTTP/1.1" 200 356 "https://michelleapplebaum.com/clipart/buttons/themes?D=A" "Mozilla/5.0 (Linux; Android 7.0;) AppleWebKit/537.36 (KHTML, like Gecko) Mobile Safari/537.36 (compatible; PetalBot;+https://webmaster.petalsearch.com/site/petalbot)" "michelleapplebaum.com"
114.119.153.131 - - [16/Sep/2022:16:47:51 -0700] "GET /navigation_bars/?C=S%3BO%3DA HTTP/1.1" 200 497 "-" "Mozilla/5.0 (compatible;PetalBot;+https://webmaster.petalsearch.com/site/petalbot)" "www.michelleapplebaum.com"
114.119.153.113 - - [16/Sep/2022:16:51:50 -0700] "GET /T.html HTTP/1.1" 200 4525 "https://www.michelleapplebaum.com/L.html" "Mozilla/5.0 (Linux; Android 7.0;) AppleWebKit/537.36 (KHTML, like Gecko) Mobile Safari/537.36 (compatible; PetalBot;+https://webmaster.petalsearch.com/site/petalbot)" "www.michelleapplebaum.com"
51.222.253.11 - - [16/Sep/2022:16:59:46 -0700] "GET /calendar/login.php HTTP/1.1" 200 17179 "-" "Mozilla/5.0 (compatible; AhrefsBot/7.0; +http://ahrefs.com/robot/)" "www.michelleapplebaum.com"
114.119.153.131 - - [16/Sep/2022:17:02:32 -0700] "GET /clipart/backgrounds/fullpage/ HTTP/1.1" 200 386 "http://michelleapplebaum.com/clipart/backgrounds?C=D%3BO%3DA" "Mozilla/5.0 (Linux; Android 7.0;) AppleWebKit/537.36 (KHTML, like Gecko) Mobile Safari/537.36 (compatible; PetalBot;+https://webmaster.petalsearch.com/site/petalbot)" "michelleapplebaum.com"
157.55.39.86 - - [16/Sep/2022:17:05:02 -0700] "GET /sitemap.xml HTTP/1.1" 200 175 "-" "Mozilla/5.0 (compatible; bingbot/2.0; +http://www.bing.com/bingbot.htm)" "michelleapplebaum.com"
216.244.66.242 - - [16/Sep/2022:17:05:26 -0700] "GET /robots.txt HTTP/1.1" 200 48 "-" "Mozilla/5.0 (compatible; DotBot/1.2; +https://opensiteexplorer.org/dotbot; help@moz.com)" "michelleapplebaum.com"
216.244.66.242 - - [16/Sep/2022:17:05:26 -0700] "GET /robots.txt HTTP/1.1" 200 48 "-" "Mozilla/5.0 (compatible; DotBot/1.2; +https://opensiteexplorer.org/dotbot; help@moz.com)" "www.michelleapplebaum.com"
114.119.153.131 - - [16/Sep/2022:17:08:25 -0700] "GET /clipart/backgrounds/fullpage?C=N%3BO%3DD HTTP/1.1" 301 1434 "http://www.michelleapplebaum.com/clipart/backgrounds/fullpage?C=M%3BO%3DA" "Mozilla/5.0 (Linux; Android 7.0;) AppleWebKit/537.36 (KHTML, like Gecko) Mobile Safari/537.36 (compatible; PetalBot;+https://webmaster.petalsearch.com/site/petalbot)" "www.michelleapplebaum.com"
114.119.153.131 - - [16/Sep/2022:17:08:30 -0700] "GET /clipart/backgrounds/fullpage/?C=N%3BO%3DD HTTP/1.1" 200 386 "http://www.michelleapplebaum.com/clipart/backgrounds/fullpage?C=M%3BO%3DA" "Mozilla/5.0 (Linux; Android 7.0;) AppleWebKit/537.36 (KHTML, like Gecko) Mobile Safari/537.36 (compatible; PetalBot;+https://webmaster.petalsearch.com/site/petalbot)" "www.michelleapplebaum.com"
40.122.209.133 - - [16/Sep/2022:17:17:34 -0700] "GET / HTTP/1.1" 200 4956 "-" "Mozilla/5.0 (Windows NT 10.0; Win64; x64) AppleWebKit/537.36 (KHTML, like Gecko) Chrome/95.0.4638.69 Safari/537.36" "michelleapplebaum.com"
40.122.209.133 - - [16/Sep/2022:17:17:34 -0700] "GET /wp-includes/ID3/license.txt HTTP/1.1" 404 73 "-" "Mozilla/5.0 (Windows NT 10.0; Win64; x64) AppleWebKit/537.36 (KHTML, like Gecko) Chrome/95.0.4638.69 Safari/537.36" "michelleapplebaum.com"
40.122.209.133 - - [16/Sep/2022:17:17:34 -0700] "GET /feed/ HTTP/1.1" 404 73 "-" "Mozilla/5.0 (Windows NT 10.0; Win64; x64) AppleWebKit/537.36 (KHTML, like Gecko) Chrome/95.0.4638.69 Safari/537.36" "michelleapplebaum.com"
40.122.209.133 - - [16/Sep/2022:17:17:34 -0700] "GET /blog/wp-includes/wlwmanifest.xml HTTP/1.1" 200 1045 "-" "Mozilla/5.0 (Windows NT 10.0; Win64; x64) AppleWebKit/537.36 (KHTML, like Gecko) Chrome/95.0.4638.69 Safari/537.36" "michelleapplebaum.com"
40.122.209.133 - - [16/Sep/2022:17:17:34 -0700] "GET /blog//?author=1 HTTP/1.1" 500 251 "-" "Mozilla/5.0 (Windows NT 10.0; Win64; x64) AppleWebKit/537.36 (KHTML, like Gecko) Chrome/95.0.4638.69 Safari/537.36" "michelleapplebaum.com"
40.122.209.133 - - [16/Sep/2022:17:17:36 -0700] "GET /blog/index.php//wp-json/wp/v2/users/ HTTP/1.1" 500 251 "-" "Mozilla/5.0 (Windows NT 10.0; Win64; x64) AppleWebKit/537.36 (KHTML, like Gecko) Chrome/95.0.4638.69 Safari/537.36" "michelleapplebaum.com"
40.122.209.133 - - [16/Sep/2022:17:17:37 -0700] "GET /blog/index.php//wp-json/oembed/1.0/embed?url=http://michelleapplebaum.com/blog/ HTTP/1.1" 500 251 "-" "Mozilla/5.0 (Windows NT 10.0; Win64; x64) AppleWebKit/537.36 (KHTML, like Gecko) Chrome/95.0.4638.69 Safari/537.36" "michelleapplebaum.com"
40.122.209.133 - - [16/Sep/2022:17:17:37 -0700] "POST /blog//xmlrpc.php HTTP/1.1" 500 251 "-" "Mozilla/5.0 (Windows NT 10.0; Win64; x64) AppleWebKit/537.36 (KHTML, like Gecko) Chrome/95.0.4638.69 Safari/537.36" "michelleapplebaum.com"
51.222.253.8 - - [16/Sep/2022:17:22:30 -0700] "GET /?C=M;O=A HTTP/1.1" 200 777 "-" "Mozilla/5.0 (compatible; AhrefsBot/7.0; +http://ahrefs.com/robot/)" "michelleapplebaum.com"
114.119.153.131 - - [16/Sep/2022:17:39:04 -0700] "GET /?C=M%3BO%3DA HTTP/1.1" 200 782 "http://michelleapplebaum.com?C=N%3BO%3DD" "Mozilla/5.0 (Linux; Android 7.0;) AppleWebKit/537.36 (KHTML, like Gecko) Mobile Safari/537.36 (compatible; PetalBot;+https://webmaster.petalsearch.com/site/petalbot)" "michelleapplebaum.com"
51.222.253.19 - - [16/Sep/2022:17:48:15 -0700] "GET /applets/ HTTP/1.1" 200 368 "-" "Mozilla/5.0 (compatible; AhrefsBot/7.0; +http://ahrefs.com/robot/)" "michelleapplebaum.com"
114.119.153.118 - - [16/Sep/2022:17:52:01 -0700] "GET /navigation_bars?C=N%3BO%3DD HTTP/1.1" 301 1431 "http://www.michelleapplebaum.com/navigation_bars?C=D%3BO%3DA" "Mozilla/5.0 (Linux; Android 7.0;) AppleWebKit/537.36 (KHTML, like Gecko) Mobile Safari/537.36 (compatible; PetalBot;+https://webmaster.petalsearch.com/site/petalbot)" "www.michelleapplebaum.com"
114.119.153.118 - - [16/Sep/2022:17:52:13 -0700] "GET /navigation_bars/?C=N%3BO%3DD HTTP/1.1" 200 497 "http://www.michelleapplebaum.com/navigation_bars?C=D%3BO%3DA" "Mozilla/5.0 (Linux; Android 7.0;) AppleWebKit/537.36 (KHTML, like Gecko) Mobile Safari/537.36 (compatible; PetalBot;+https://webmaster.petalsearch.com/site/petalbot)" "www.michelleapplebaum.com"
216.244.66.242 - - [16/Sep/2022:17:59:35 -0700] "GET /robots.txt HTTP/1.1" 200 48 "-" "Mozilla/5.0 (compatible; DotBot/1.2; +https://opensiteexplorer.org/dotbot; help@moz.com)" "www.michelleapplebaum.com"
216.244.66.242 - - [16/Sep/2022:17:59:35 -0700] "GET /robots.txt HTTP/1.1" 200 48 "-" "Mozilla/5.0 (compatible; DotBot/1.2; +https://opensiteexplorer.org/dotbot; help@moz.com)" "michelleapplebaum.com"
114.119.153.11 - - [16/Sep/2022:18:02:53 -0700] "GET /logs HTTP/1.1" 403 170 "https://michelleapplebaum.com/" "Mozilla/5.0 (Linux; Android 7.0;) AppleWebKit/537.36 (KHTML, like Gecko) Mobile Safari/537.36 (compatible; PetalBot;+https://webmaster.petalsearch.com/site/petalbot)" "michelleapplebaum.com"
114.119.153.113 - - [16/Sep/2022:18:10:09 -0700] "GET /navigation_bars/Client.nav HTTP/1.1" 200 3566 "-" "Mozilla/5.0 (Linux; Android 7.0;) AppleWebKit/537.36 (KHTML, like Gecko) Mobile Safari/537.36 (compatible; PetalBot;+https://webmaster.petalsearch.com/site/petalbot)" "michelleapplebaum.com"
114.119.153.131 - - [16/Sep/2022:18:23:02 -0700] "GET /clipart/images?C=N%3BO%3DD HTTP/1.1" 301 1430 "http://www.michelleapplebaum.com/clipart/images?C=S%3BO%3DA" "Mozilla/5.0 (Linux; Android 7.0;) AppleWebKit/537.36 (KHTML, like Gecko) Mobile Safari/537.36 (compatible; PetalBot;+https://webmaster.petalsearch.com/site/petalbot)" "www.michelleapplebaum.com"
114.119.153.131 - - [16/Sep/2022:18:23:06 -0700] "GET /clipart/images/?C=N%3BO%3DD HTTP/1.1" 200 413 "http://www.michelleapplebaum.com/clipart/images?C=S%3BO%3DA" "Mozilla/5.0 (Linux; Android 7.0;) AppleWebKit/537.36 (KHTML, like Gecko) Mobile Safari/537.36 (compatible; PetalBot;+https://webmaster.petalsearch.com/site/petalbot)" "www.michelleapplebaum.com"
51.222.253.18 - - [16/Sep/2022:18:35:05 -0700] "GET /?C=N;O=D HTTP/1.1" 200 787 "-" "Mozilla/5.0 (compatible; AhrefsBot/7.0; +http://ahrefs.com/robot/)" "michelleapplebaum.com"
114.119.153.113 - - [16/Sep/2022:18:36:39 -0700] "GET /clipart/backgrounds/?C=M%3BO%3DA HTTP/1.1" 200 402 "http://michelleapplebaum.com/clipart/backgrounds?C=D%3BO%3DA" "Mozilla/5.0 (Linux; Android 7.0;) AppleWebKit/537.36 (KHTML, like Gecko) Mobile Safari/537.36 (compatible; PetalBot;+https://webmaster.petalsearch.com/site/petalbot)" "michelleapplebaum.com"
46.161.27.156 - - [16/Sep/2022:18:39:45 -0700] "GET /wp-login.php HTTP/1.1" 404 88 "-" "Mozilla/5.0 (Windows NT 10.0; Win64; x64) AppleWebKit/537.36 (KHTML, like Gecko) Chrome/64.0.3282.140 Safari/537.36 Edge/18.17763" "michelleapplebaum.com"
95.91.74.136 - - [16/Sep/2022:18:49:16 -0700] "GET /robots.txt HTTP/1.1" 200 48 "-" "Mozilla/5.0 (compatible; MJ12bot/v1.4.8; http://mj12bot.com/)" "www.michelleapplebaum.com"
95.91.74.136 - - [16/Sep/2022:18:49:19 -0700] "GET /clipart/ HTTP/1.1" 200 406 "-" "Mozilla/5.0 (compatible; MJ12bot/v1.4.8; http://mj12bot.com/)" "www.michelleapplebaum.com"
95.91.74.136 - - [16/Sep/2022:18:49:22 -0700] "GET /clipart/buttons/themes/?C=D;O=A HTTP/1.1" 200 361 "-" "Mozilla/5.0 (compatible; MJ12bot/v1.4.8; http://mj12bot.com/)" "www.michelleapplebaum.com"
95.91.74.136 - - [16/Sep/2022:18:49:25 -0700] "GET /clipart/buttons/themes/?C=M;O=A HTTP/1.1" 200 361 "-" "Mozilla/5.0 (compatible; MJ12bot/v1.4.8; http://mj12bot.com/)" "www.michelleapplebaum.com"
95.91.74.136 - - [16/Sep/2022:18:49:28 -0700] "GET /clipart/buttons/themes/?C=N;O=D HTTP/1.1" 200 359 "-" "Mozilla/5.0 (compatible; MJ12bot/v1.4.8; http://mj12bot.com/)" "www.michelleapplebaum.com"
95.91.74.136 - - [16/Sep/2022:18:49:33 -0700] "GET /clipart/buttons/themes/?C=S;O=A HTTP/1.1" 200 361 "-" "Mozilla/5.0 (compatible; MJ12bot/v1.4.8; http://mj12bot.com/)" "www.michelleapplebaum.com"
95.91.74.136 - - [16/Sep/2022:18:49:37 -0700] "GET /clipart/buttons/themes/sleek/ HTTP/1.1" 200 413 "-" "Mozilla/5.0 (compatible; MJ12bot/v1.4.8; http://mj12bot.com/)" "www.michelleapplebaum.com"
216.244.66.242 - - [16/Sep/2022:18:52:58 -0700] "GET /robots.txt HTTP/1.1" 200 48 "-" "Mozilla/5.0 (compatible; DotBot/1.2; +https://opensiteexplorer.org/dotbot; help@moz.com)" "www.michelleapplebaum.com"
216.244.66.242 - - [16/Sep/2022:18:52:58 -0700] "GET /robots.txt HTTP/1.1" 200 48 "-" "Mozilla/5.0 (compatible; DotBot/1.2; +https://opensiteexplorer.org/dotbot; help@moz.com)" "michelleapplebaum.com"
51.222.253.8 - - [16/Sep/2022:19:07:09 -0700] "GET /Q.html HTTP/1.1" 200 2470 "-" "Mozilla/5.0 (compatible; AhrefsBot/7.0; +http://ahrefs.com/robot/)" "michelleapplebaum.com"
17.121.113.47 - - [16/Sep/2022:19:07:29 -0700] "GET /Survey/help/index.php HTTP/1.1" 200 5800 "-" "Mozilla/5.0 (Macintosh; Intel Mac OS X 10_15_5) AppleWebKit/605.1.15 (KHTML, like Gecko) Version/13.1.1 Safari/605.1.15 (Applebot/0.1; +http://www.apple.com/go/applebot)" "michelleapplebaum.com"
52.206.84.190 - - [16/Sep/2022:19:16:44 -0700] "GET / HTTP/1.1" 200 782 "-" "Mozilla/5.0 (compatible; SurdotlyBot/1.0; +http://sur.ly/bot.html)" "michelleapplebaum.com"
52.206.84.190 - - [16/Sep/2022:19:16:45 -0700] "GET / HTTP/1.1" 200 782 "-" "Mozilla/5.0 (compatible; SurdotlyBot/1.0; +http://sur.ly/bot.html)" "www.michelleapplebaum.com"
52.206.84.190 - - [16/Sep/2022:19:16:45 -0700] "GET /robots.txt HTTP/1.1" 200 64 "-" "Mozilla/5.0 (compatible; SurdotlyBot/1.0; +http://sur.ly/bot.html)" "michelleapplebaum.com"
144.168.225.121 - - [16/Sep/2022:19:24:40 -0700] "GET / HTTP/1.1" 200 782 "-" "Mozilla/5.0 (Windows NT 10.0) AppleWebKit/537.36 (KHTML, like Gecko) Chrome/103.0.0.0 Safari/537.36" "michelleapplebaum.com"
144.168.225.121 - - [16/Sep/2022:19:24:42 -0700] "GET /?C=N;O=D HTTP/1.1" 200 787 "http://michelleapplebaum.com" "Mozilla/5.0 (Windows NT 10.0) AppleWebKit/537.36 (KHTML, like Gecko) Chrome/103.0.0.0 Safari/537.36" "michelleapplebaum.com"
144.168.225.121 - - [16/Sep/2022:19:24:42 -0700] "GET /steelglossary.html HTTP/1.1" 200 5438 "http://michelleapplebaum.com" "Mozilla/5.0 (Windows NT 10.0) AppleWebKit/537.36 (KHTML, like Gecko) Chrome/103.0.0.0 Safari/537.36" "michelleapplebaum.com"
144.168.225.121 - - [16/Sep/2022:19:24:43 -0700] "GET /?C=M;O=A HTTP/1.1" 200 777 "http://michelleapplebaum.com" "Mozilla/5.0 (Windows NT 10.0) AppleWebKit/537.36 (KHTML, like Gecko) Chrome/103.0.0.0 Safari/537.36" "michelleapplebaum.com"
144.168.225.121 - - [16/Sep/2022:19:24:43 -0700] "GET /sitemap.xml HTTP/1.1" 200 175 "http://michelleapplebaum.com" "Mozilla/5.0 (Windows NT 10.0) AppleWebKit/537.36 (KHTML, like Gecko) Chrome/103.0.0.0 Safari/537.36" "michelleapplebaum.com"
144.168.225.121 - - [16/Sep/2022:19:24:43 -0700] "GET /?C=S;O=A HTTP/1.1" 200 764 "http://michelleapplebaum.com" "Mozilla/5.0 (Windows NT 10.0) AppleWebKit/537.36 (KHTML, like Gecko) Chrome/103.0.0.0 Safari/537.36" "michelleapplebaum.com"
144.168.225.121 - - [16/Sep/2022:19:24:44 -0700] "GET /sitebuilder/ HTTP/1.1" 500 - "http://michelleapplebaum.com" "Mozilla/5.0 (Windows NT 10.0) AppleWebKit/537.36 (KHTML, like Gecko) Chrome/103.0.0.0 Safari/537.36" "michelleapplebaum.com"
