13.68.190.201 - - [18/Sep/2022:04:03:58 -0700] "GET /clipart/images/ HTTP/1.1" 200 413 "-" "Mozilla/5.0 (Windows NT 10.0; Win64; x64) AppleWebKit/537.36 (KHTML, like Gecko) Chrome/86.0.4240.75 Safari/537.36" "www.michelleapplebaum.com"
114.119.153.118 - - [18/Sep/2022:04:04:08 -0700] "GET /clipart/pageHeaders?D=D HTTP/1.1" 301 1426 "https://michelleapplebaum.com/clipart/pageHeaders?D=A" "Mozilla/5.0 (Linux; Android 7.0;) AppleWebKit/537.36 (KHTML, like Gecko) Mobile Safari/537.36 (compatible; PetalBot;+https://webmaster.petalsearch.com/site/petalbot)" "michelleapplebaum.com"
114.119.153.118 - - [18/Sep/2022:04:04:10 -0700] "GET /clipart/pageHeaders/?D=D HTTP/1.1" 200 426 "https://michelleapplebaum.com/clipart/pageHeaders?D=A" "Mozilla/5.0 (Linux; Android 7.0;) AppleWebKit/537.36 (KHTML, like Gecko) Mobile Safari/537.36 (compatible; PetalBot;+https://webmaster.petalsearch.com/site/petalbot)" "michelleapplebaum.com"
114.119.153.131 - - [18/Sep/2022:04:10:49 -0700] "GET /clipart/buttons/themes?C=S%3BO%3DA HTTP/1.1" 301 1436 "http://www.michelleapplebaum.com/clipart/buttons/themes?C=M%3BO%3DA" "Mozilla/5.0 (Linux; Android 7.0;) AppleWebKit/537.36 (KHTML, like Gecko) Mobile Safari/537.36 (compatible; PetalBot;+https://webmaster.petalsearch.com/site/petalbot)" "www.michelleapplebaum.com"
114.119.153.131 - - [18/Sep/2022:04:11:08 -0700] "GET /clipart/buttons/themes/?C=S%3BO%3DA HTTP/1.1" 200 361 "http://www.michelleapplebaum.com/clipart/buttons/themes?C=M%3BO%3DA" "Mozilla/5.0 (Linux; Android 7.0;) AppleWebKit/537.36 (KHTML, like Gecko) Mobile Safari/537.36 (compatible; PetalBot;+https://webmaster.petalsearch.com/site/petalbot)" "www.michelleapplebaum.com"
114.119.153.113 - - [18/Sep/2022:04:16:18 -0700] "GET /?C=N%3BO%3DD HTTP/1.1" 200 782 "http://michelleapplebaum.com/?C=M%3BO%3DA" "Mozilla/5.0 (Linux; Android 7.0;) AppleWebKit/537.36 (KHTML, like Gecko) Mobile Safari/537.36 (compatible; PetalBot;+https://webmaster.petalsearch.com/site/petalbot)" "michelleapplebaum.com"
114.119.153.11 - - [18/Sep/2022:04:22:39 -0700] "GET /clipart/pageHeaders?C=N%3BO%3DD HTTP/1.1" 301 1435 "https://michelleapplebaum.com/clipart/pageHeaders?M=A" "Mozilla/5.0 (Linux; Android 7.0;) AppleWebKit/537.36 (KHTML, like Gecko) Mobile Safari/537.36 (compatible; PetalBot;+https://webmaster.petalsearch.com/site/petalbot)" "michelleapplebaum.com"
114.119.153.118 - - [18/Sep/2022:04:28:15 -0700] "GET /clipart/pageHeaders?D=A HTTP/1.1" 301 1426 "https://michelleapplebaum.com/clipart/pageHeaders?D=D" "Mozilla/5.0 (Linux; Android 7.0;) AppleWebKit/537.36 (KHTML, like Gecko) Mobile Safari/537.36 (compatible; PetalBot;+https://webmaster.petalsearch.com/site/petalbot)" "michelleapplebaum.com"
114.119.153.118 - - [18/Sep/2022:04:28:52 -0700] "GET /clipart/pageHeaders/?D=A HTTP/1.1" 200 426 "https://michelleapplebaum.com/clipart/pageHeaders?D=D" "Mozilla/5.0 (Linux; Android 7.0;) AppleWebKit/537.36 (KHTML, like Gecko) Mobile Safari/537.36 (compatible; PetalBot;+https://webmaster.petalsearch.com/site/petalbot)" "michelleapplebaum.com"
114.119.153.113 - - [18/Sep/2022:04:31:58 -0700] "GET /clipart/backgrounds/fullpage?M=A HTTP/1.1" 301 1427 "https://michelleapplebaum.com/clipart/backgrounds/fullpage?D=A" "Mozilla/5.0 (Linux; Android 7.0;) AppleWebKit/537.36 (KHTML, like Gecko) Mobile Safari/537.36 (compatible; PetalBot;+https://webmaster.petalsearch.com/site/petalbot)" "michelleapplebaum.com"
114.119.153.113 - - [18/Sep/2022:04:31:59 -0700] "GET /clipart/backgrounds/fullpage/?M=A HTTP/1.1" 200 386 "https://michelleapplebaum.com/clipart/backgrounds/fullpage?D=A" "Mozilla/5.0 (Linux; Android 7.0;) AppleWebKit/537.36 (KHTML, like Gecko) Mobile Safari/537.36 (compatible; PetalBot;+https://webmaster.petalsearch.com/site/petalbot)" "michelleapplebaum.com"
13.68.190.201 - - [18/Sep/2022:04:34:29 -0700] "GET /navigation_bars/?C=N;O=D HTTP/1.1" 200 493 "-" "Mozilla/5.0 (Windows NT 10.0; Win64; x64) AppleWebKit/537.36 (KHTML, like Gecko) Chrome/86.0.4240.75 Safari/537.36" "www.michelleapplebaum.com"
114.119.153.113 - - [18/Sep/2022:04:37:03 -0700] "GET /Survey/ HTTP/1.1" 200 2019 "https://www.michelleapplebaum.com/?C=D%3BO%3DA" "Mozilla/5.0 (Linux; Android 7.0;) AppleWebKit/537.36 (KHTML, like Gecko) Mobile Safari/537.36 (compatible; PetalBot;+https://webmaster.petalsearch.com/site/petalbot)" "www.michelleapplebaum.com"
216.244.66.242 - - [18/Sep/2022:04:37:04 -0700] "GET /robots.txt HTTP/1.1" 200 48 "-" "Mozilla/5.0 (compatible; DotBot/1.2; +https://opensiteexplorer.org/dotbot; help@moz.com)" "www.michelleapplebaum.com"
207.46.13.16 - - [18/Sep/2022:04:39:10 -0700] "GET /clipart/buttons/?C=S;O=A HTTP/1.1" 200 357 "-" "Mozilla/5.0 AppleWebKit/537.36 (KHTML, like Gecko; compatible; bingbot/2.0; +http://www.bing.com/bingbot.htm) Chrome/103.0.5060.134 Safari/537.36" "michelleapplebaum.com"
118.184.177.38 - - [18/Sep/2022:05:04:42 -0700] "GET / HTTP/1.1" 200 782 "-" "Sogou web spider/4.0(+http://www.sogou.com/docs/help/webmasters.htm#07)" "michelleapplebaum.com"
208.100.26.246 - - [18/Sep/2022:05:39:30 -0700] "GET / HTTP/1.1" 200 782 "-" "Mozilla/5.0 (Linux; Android 7.1.2; LG-SP200) AppleWebKit/537.36 (KHTML, like Gecko) Chrome/79.0.3945.93 Mobile Safari/537.36" "michelleapplebaum.com"
13.68.190.201 - - [18/Sep/2022:05:47:32 -0700] "GET /navigation_bars/FeePage.nav HTTP/1.1" 200 1441 "-" "Mozilla/5.0 (Windows NT 10.0; Win64; x64) AppleWebKit/537.36 (KHTML, like Gecko) Chrome/86.0.4240.75 Safari/537.36" "www.michelleapplebaum.com"
216.244.66.242 - - [18/Sep/2022:06:18:40 -0700] "GET /robots.txt HTTP/1.1" 200 48 "-" "Mozilla/5.0 (compatible; DotBot/1.2; +https://opensiteexplorer.org/dotbot; help@moz.com)" "michelleapplebaum.com"
216.244.66.242 - - [18/Sep/2022:06:18:40 -0700] "GET /robots.txt HTTP/1.1" 200 48 "-" "Mozilla/5.0 (compatible; DotBot/1.2; +https://opensiteexplorer.org/dotbot; help@moz.com)" "www.michelleapplebaum.com"
54.159.199.79 - - [18/Sep/2022:06:45:28 -0700] "HEAD / HTTP/1.1" 200 - "-" "Mozilla/5.0 (Windows NT 10.0; WOW64) AppleWebKit/537.36 (KHTML, like Gecko) Chrome/83.0.4103.106 Safari/537.36" "michelleapplebaum.com"
210.205.139.84 - - [18/Sep/2022:06:45:29 -0700] "GET / HTTP/1.1" 200 782 "-" "Mozilla/5.0 (Windows NT 10.0; WOW64) AppleWebKit/537.36 (KHTML, like Gecko) Chrome/83.0.4103.106 Safari/ADF10F" "michelleapplebaum.com"
219.254.58.117 - - [18/Sep/2022:06:45:48 -0700] "GET /favicon.ico HTTP/1.1" 404 88 "-" "Mozilla/5.0 (Windows NT 10.0; WOW64) AppleWebKit/537.36 (KHTML, like Gecko) Chrome/83.0.4103.106 Safari/37063E" "michelleapplebaum.com"
216.244.66.242 - - [18/Sep/2022:07:09:17 -0700] "GET /robots.txt HTTP/1.1" 200 48 "-" "Mozilla/5.0 (compatible; DotBot/1.2; +https://opensiteexplorer.org/dotbot; help@moz.com)" "www.michelleapplebaum.com"
94.247.169.114 - - [18/Sep/2022:07:15:25 -0700] "GET /blog/?feed=rss2 HTTP/1.1" 500 251 "-" "Mozilla/5.0 (Macintosh; U; PPC Mac OS X Mach-O; en-US; rv:1.8) Gecko/20051130 Firefox/1.5" "www.michelleapplebaum.com"
114.119.153.11 - - [18/Sep/2022:07:27:10 -0700] "GET /clipart/backgrounds/tile HTTP/1.1" 301 1419 "http://www.michelleapplebaum.com/clipart/backgrounds" "Mozilla/5.0 (Linux; Android 7.0;) AppleWebKit/537.36 (KHTML, like Gecko) Mobile Safari/537.36 (compatible; PetalBot;+https://webmaster.petalsearch.com/site/petalbot)" "www.michelleapplebaum.com"
114.119.153.11 - - [18/Sep/2022:07:27:11 -0700] "GET /clipart/backgrounds/tile/ HTTP/1.1" 200 384 "http://www.michelleapplebaum.com/clipart/backgrounds" "Mozilla/5.0 (Linux; Android 7.0;) AppleWebKit/537.36 (KHTML, like Gecko) Mobile Safari/537.36 (compatible; PetalBot;+https://webmaster.petalsearch.com/site/petalbot)" "www.michelleapplebaum.com"
114.119.153.113 - - [18/Sep/2022:07:32:20 -0700] "GET /clipart/pageHeaders?D=A HTTP/1.1" 301 1426 "https://michelleapplebaum.com/clipart/pageHeaders?D=D" "Mozilla/5.0 (Linux; Android 7.0;) AppleWebKit/537.36 (KHTML, like Gecko) Mobile Safari/537.36 (compatible; PetalBot;+https://webmaster.petalsearch.com/site/petalbot)" "michelleapplebaum.com"
114.119.153.113 - - [18/Sep/2022:07:32:23 -0700] "GET /clipart/pageHeaders/?D=A HTTP/1.1" 200 426 "https://michelleapplebaum.com/clipart/pageHeaders?D=D" "Mozilla/5.0 (Linux; Android 7.0;) AppleWebKit/537.36 (KHTML, like Gecko) Mobile Safari/537.36 (compatible; PetalBot;+https://webmaster.petalsearch.com/site/petalbot)" "michelleapplebaum.com"
114.119.153.113 - - [18/Sep/2022:07:37:36 -0700] "GET /clipart/backgrounds/tile/?C=S%3BO%3DA HTTP/1.1" 200 384 "http://michelleapplebaum.com/clipart/backgrounds/tile/" "Mozilla/5.0 (Linux; Android 7.0;) AppleWebKit/537.36 (KHTML, like Gecko) Mobile Safari/537.36 (compatible; PetalBot;+https://webmaster.petalsearch.com/site/petalbot)" "michelleapplebaum.com"
216.244.66.242 - - [18/Sep/2022:07:37:46 -0700] "GET /clipart/buttons/themes/?N=A HTTP/1.1" 200 745 "-" "Mozilla/5.0 (compatible; DotBot/1.2; +https://opensiteexplorer.org/dotbot; help@moz.com)" "www.michelleapplebaum.com"
216.244.66.242 - - [18/Sep/2022:07:38:13 -0700] "GET /clipart/buttons/themes/sleek/mouseOver.gif HTTP/1.1" 200 686 "-" "Mozilla/5.0 (compatible; DotBot/1.2; +https://opensiteexplorer.org/dotbot; help@moz.com)" "www.michelleapplebaum.com"
114.119.153.11 - - [18/Sep/2022:07:43:07 -0700] "GET /clipart/pageHeaders HTTP/1.1" 301 1421 "http://michelleapplebaum.com/clipart?C=S%3BO%3DA" "Mozilla/5.0 (Linux; Android 7.0;) AppleWebKit/537.36 (KHTML, like Gecko) Mobile Safari/537.36 (compatible; PetalBot;+https://webmaster.petalsearch.com/site/petalbot)" "michelleapplebaum.com"
114.119.153.11 - - [18/Sep/2022:07:43:08 -0700] "GET /clipart/pageHeaders/ HTTP/1.1" 200 426 "http://michelleapplebaum.com/clipart?C=S%3BO%3DA" "Mozilla/5.0 (Linux; Android 7.0;) AppleWebKit/537.36 (KHTML, like Gecko) Mobile Safari/537.36 (compatible; PetalBot;+https://webmaster.petalsearch.com/site/petalbot)" "michelleapplebaum.com"
157.55.39.86 - - [18/Sep/2022:07:44:32 -0700] "GET /sitemap.xml HTTP/1.1" 200 175 "-" "Mozilla/5.0 (compatible; bingbot/2.0; +http://www.bing.com/bingbot.htm)" "michelleapplebaum.com"
77.75.79.31 - - [18/Sep/2022:07:46:42 -0700] "GET /D.html HTTP/1.1" 304 - "-" "Mozilla/5.0 (compatible; SeznamBot/4.0-RC1; +http://napoveda.seznam.cz/seznambot-intro/)" "michelleapplebaum.com"
114.119.153.11 - - [18/Sep/2022:07:48:03 -0700] "GET /clipart/buttons?C=D%3BO%3DA HTTP/1.1" 301 1431 "http://www.michelleapplebaum.com/clipart/buttons?C=N%3BO%3DD" "Mozilla/5.0 (Linux; Android 7.0;) AppleWebKit/537.36 (KHTML, like Gecko) Mobile Safari/537.36 (compatible; PetalBot;+https://webmaster.petalsearch.com/site/petalbot)" "www.michelleapplebaum.com"
114.119.153.11 - - [18/Sep/2022:07:48:06 -0700] "GET /clipart/buttons/?C=D%3BO%3DA HTTP/1.1" 200 356 "http://www.michelleapplebaum.com/clipart/buttons?C=N%3BO%3DD" "Mozilla/5.0 (Linux; Android 7.0;) AppleWebKit/537.36 (KHTML, like Gecko) Mobile Safari/537.36 (compatible; PetalBot;+https://webmaster.petalsearch.com/site/petalbot)" "www.michelleapplebaum.com"
114.119.153.118 - - [18/Sep/2022:07:53:13 -0700] "GET /E.html HTTP/1.1" 200 3180 "https://www.michelleapplebaum.com/steelglossary.html" "Mozilla/5.0 (Linux; Android 7.0;) AppleWebKit/537.36 (KHTML, like Gecko) Mobile Safari/537.36 (compatible; PetalBot;+https://webmaster.petalsearch.com/site/petalbot)" "www.michelleapplebaum.com"
114.119.153.132 - - [18/Sep/2022:07:58:25 -0700] "GET /applets?S=D HTTP/1.1" 301 1412 "http://michelleapplebaum.com/applets?S=A" "Mozilla/5.0 (Linux; Android 7.0;) AppleWebKit/537.36 (KHTML, like Gecko) Mobile Safari/537.36 (compatible; PetalBot;+https://webmaster.petalsearch.com/site/petalbot)" "michelleapplebaum.com"
114.119.153.132 - - [18/Sep/2022:07:58:26 -0700] "GET /applets/?S=D HTTP/1.1" 200 368 "http://michelleapplebaum.com/applets?S=A" "Mozilla/5.0 (Linux; Android 7.0;) AppleWebKit/537.36 (KHTML, like Gecko) Mobile Safari/537.36 (compatible; PetalBot;+https://webmaster.petalsearch.com/site/petalbot)" "michelleapplebaum.com"
114.119.153.131 - - [18/Sep/2022:08:03:41 -0700] "GET /clipart?C=D%3BO%3DA HTTP/1.1" 301 1423 "https://michelleapplebaum.com/clipart?N=A" "Mozilla/5.0 (Linux; Android 7.0;) AppleWebKit/537.36 (KHTML, like Gecko) Mobile Safari/537.36 (compatible; PetalBot;+https://webmaster.petalsearch.com/site/petalbot)" "michelleapplebaum.com"
114.119.153.131 - - [18/Sep/2022:08:03:42 -0700] "GET /clipart/?C=D%3BO%3DA HTTP/1.1" 200 406 "https://michelleapplebaum.com/clipart?N=A" "Mozilla/5.0 (Linux; Android 7.0;) AppleWebKit/537.36 (KHTML, like Gecko) Mobile Safari/537.36 (compatible; PetalBot;+https://webmaster.petalsearch.com/site/petalbot)" "michelleapplebaum.com"
114.119.153.131 - - [18/Sep/2022:08:08:52 -0700] "GET /clipart/backgrounds/sidebar?N=A HTTP/1.1" 301 1427 "https://michelleapplebaum.com/clipart/backgrounds/sidebar?S=D" "Mozilla/5.0 (Linux; Android 7.0;) AppleWebKit/537.36 (KHTML, like Gecko) Mobile Safari/537.36 (compatible; PetalBot;+https://webmaster.petalsearch.com/site/petalbot)" "michelleapplebaum.com"
114.119.153.131 - - [18/Sep/2022:08:08:53 -0700] "GET /clipart/backgrounds/sidebar/?N=A HTTP/1.1" 200 398 "https://michelleapplebaum.com/clipart/backgrounds/sidebar?S=D" "Mozilla/5.0 (Linux; Android 7.0;) AppleWebKit/537.36 (KHTML, like Gecko) Mobile Safari/537.36 (compatible; PetalBot;+https://webmaster.petalsearch.com/site/petalbot)" "michelleapplebaum.com"
114.119.153.132 - - [18/Sep/2022:08:14:01 -0700] "GET /navigation_bars/?C=N%3BO%3DD HTTP/1.1" 200 497 "https://michelleapplebaum.com/navigation_bars?S=A" "Mozilla/5.0 (Linux; Android 7.0;) AppleWebKit/537.36 (KHTML, like Gecko) Mobile Safari/537.36 (compatible; PetalBot;+https://webmaster.petalsearch.com/site/petalbot)" "michelleapplebaum.com"
114.119.153.113 - - [18/Sep/2022:08:19:17 -0700] "GET /clipart/images/sidebars/?C=M%3BO%3DA HTTP/1.1" 200 389 "http://www.michelleapplebaum.com/clipart/images/sidebars?C=D%3BO%3DA" "Mozilla/5.0 (Linux; Android 7.0;) AppleWebKit/537.36 (KHTML, like Gecko) Mobile Safari/537.36 (compatible; PetalBot;+https://webmaster.petalsearch.com/site/petalbot)" "www.michelleapplebaum.com"
114.119.153.131 - - [18/Sep/2022:08:24:29 -0700] "GET /clipart/backgrounds/sidebar?S=D HTTP/1.1" 301 1427 "https://michelleapplebaum.com/clipart/backgrounds/sidebar?S=A" "Mozilla/5.0 (Linux; Android 7.0;) AppleWebKit/537.36 (KHTML, like Gecko) Mobile Safari/537.36 (compatible; PetalBot;+https://webmaster.petalsearch.com/site/petalbot)" "michelleapplebaum.com"
114.119.153.131 - - [18/Sep/2022:08:24:30 -0700] "GET /clipart/backgrounds/sidebar/?S=D HTTP/1.1" 200 398 "https://michelleapplebaum.com/clipart/backgrounds/sidebar?S=A" "Mozilla/5.0 (Linux; Android 7.0;) AppleWebKit/537.36 (KHTML, like Gecko) Mobile Safari/537.36 (compatible; PetalBot;+https://webmaster.petalsearch.com/site/petalbot)" "michelleapplebaum.com"
114.119.153.131 - - [18/Sep/2022:08:29:45 -0700] "GET /clipart/images?C=M%3BO%3DA HTTP/1.1" 301 1432 "https://michelleapplebaum.com/clipart/images" "Mozilla/5.0 (Linux; Android 7.0;) AppleWebKit/537.36 (KHTML, like Gecko) Mobile Safari/537.36 (compatible; PetalBot;+https://webmaster.petalsearch.com/site/petalbot)" "michelleapplebaum.com"
114.119.153.131 - - [18/Sep/2022:08:29:47 -0700] "GET /clipart/images/?C=M%3BO%3DA HTTP/1.1" 200 413 "https://michelleapplebaum.com/clipart/images" "Mozilla/5.0 (Linux; Android 7.0;) AppleWebKit/537.36 (KHTML, like Gecko) Mobile Safari/537.36 (compatible; PetalBot;+https://webmaster.petalsearch.com/site/petalbot)" "michelleapplebaum.com"
114.119.153.132 - - [18/Sep/2022:08:34:56 -0700] "GET /images?C=D%3BO%3DA HTTP/1.1" 301 1422 "http://michelleapplebaum.com/images?M=D" "Mozilla/5.0 (Linux; Android 7.0;) AppleWebKit/537.36 (KHTML, like Gecko) Mobile Safari/537.36 (compatible; PetalBot;+https://webmaster.petalsearch.com/site/petalbot)" "michelleapplebaum.com"
114.119.153.113 - - [18/Sep/2022:08:40:12 -0700] "GET /clipart/buttons/?C=N%3BO%3DD HTTP/1.1" 200 356 "https://michelleapplebaum.com/clipart/buttons" "Mozilla/5.0 (Linux; Android 7.0;) AppleWebKit/537.36 (KHTML, like Gecko) Mobile Safari/537.36 (compatible; PetalBot;+https://webmaster.petalsearch.com/site/petalbot)" "michelleapplebaum.com"
114.119.153.11 - - [18/Sep/2022:08:45:26 -0700] "GET /clipart/backgrounds/tile?C=M%3BO%3DA HTTP/1.1" 301 1431 "https://michelleapplebaum.com/clipart/backgrounds/tile?S=A" "Mozilla/5.0 (Linux; Android 7.0;) AppleWebKit/537.36 (KHTML, like Gecko) Mobile Safari/537.36 (compatible; PetalBot;+https://webmaster.petalsearch.com/site/petalbot)" "michelleapplebaum.com"
114.119.153.11 - - [18/Sep/2022:08:45:28 -0700] "GET /clipart/backgrounds/tile/?C=M%3BO%3DA HTTP/1.1" 200 384 "https://michelleapplebaum.com/clipart/backgrounds/tile?S=A" "Mozilla/5.0 (Linux; Android 7.0;) AppleWebKit/537.36 (KHTML, like Gecko) Mobile Safari/537.36 (compatible; PetalBot;+https://webmaster.petalsearch.com/site/petalbot)" "michelleapplebaum.com"
114.119.153.118 - - [18/Sep/2022:08:50:42 -0700] "GET /clipart/images/sidebars HTTP/1.1" 301 1424 "https://michelleapplebaum.com/clipart/images?N=D" "Mozilla/5.0 (Linux; Android 7.0;) AppleWebKit/537.36 (KHTML, like Gecko) Mobile Safari/537.36 (compatible; PetalBot;+https://webmaster.petalsearch.com/site/petalbot)" "michelleapplebaum.com"
216.244.66.242 - - [18/Sep/2022:08:51:12 -0700] "GET /robots.txt HTTP/1.1" 200 48 "-" "Mozilla/5.0 (compatible; DotBot/1.2; +https://opensiteexplorer.org/dotbot; help@moz.com)" "michelleapplebaum.com"
93.159.230.88 - - [18/Sep/2022:08:54:31 -0700] "GET / HTTP/1.1" 200 782 "-" "Mozilla/5.0 (Windows NT 10.0; Win64; x64) AppleWebKit/537.36 (KHTML, like Gecko) Chrome/71.0.3578.98 Safari/537.36" "michelleapplebaum.com"
114.119.153.132 - - [18/Sep/2022:08:55:58 -0700] "GET /clipart/backgrounds/fullpage?C=M%3BO%3DA HTTP/1.1" 301 1432 "https://michelleapplebaum.com/clipart/backgrounds/fullpage?M=D" "Mozilla/5.0 (Linux; Android 7.0;) AppleWebKit/537.36 (KHTML, like Gecko) Mobile Safari/537.36 (compatible; PetalBot;+https://webmaster.petalsearch.com/site/petalbot)" "michelleapplebaum.com"
114.119.153.132 - - [18/Sep/2022:08:56:00 -0700] "GET /clipart/backgrounds/fullpage/?C=M%3BO%3DA HTTP/1.1" 200 386 "https://michelleapplebaum.com/clipart/backgrounds/fullpage?M=D" "Mozilla/5.0 (Linux; Android 7.0;) AppleWebKit/537.36 (KHTML, like Gecko) Mobile Safari/537.36 (compatible; PetalBot;+https://webmaster.petalsearch.com/site/petalbot)" "michelleapplebaum.com"
114.119.153.113 - - [18/Sep/2022:09:01:09 -0700] "GET /clipart/pageHeaders/?C=D%3BO%3DA HTTP/1.1" 200 426 "http://www.michelleapplebaum.com/clipart/pageHeaders/" "Mozilla/5.0 (Linux; Android 7.0;) AppleWebKit/537.36 (KHTML, like Gecko) Mobile Safari/537.36 (compatible; PetalBot;+https://webmaster.petalsearch.com/site/petalbot)" "www.michelleapplebaum.com"
114.119.153.118 - - [18/Sep/2022:09:06:24 -0700] "GET /clipart/pageHeaders?M=D HTTP/1.1" 301 1426 "https://michelleapplebaum.com/clipart/pageHeaders?M=A" "Mozilla/5.0 (Linux; Android 7.0;) AppleWebKit/537.36 (KHTML, like Gecko) Mobile Safari/537.36 (compatible; PetalBot;+https://webmaster.petalsearch.com/site/petalbot)" "michelleapplebaum.com"
114.119.153.118 - - [18/Sep/2022:09:06:26 -0700] "GET /clipart/pageHeaders/?M=D HTTP/1.1" 200 426 "https://michelleapplebaum.com/clipart/pageHeaders?M=A" "Mozilla/5.0 (Linux; Android 7.0;) AppleWebKit/537.36 (KHTML, like Gecko) Mobile Safari/537.36 (compatible; PetalBot;+https://webmaster.petalsearch.com/site/petalbot)" "michelleapplebaum.com"
114.119.153.118 - - [18/Sep/2022:09:11:41 -0700] "GET /clipart/buttons/?C=D%3BO%3DA HTTP/1.1" 200 356 "https://michelleapplebaum.com/clipart/buttons" "Mozilla/5.0 (Linux; Android 7.0;) AppleWebKit/537.36 (KHTML, like Gecko) Mobile Safari/537.36 (compatible; PetalBot;+https://webmaster.petalsearch.com/site/petalbot)" "michelleapplebaum.com"
114.119.153.132 - - [18/Sep/2022:09:16:58 -0700] "GET /clipart/pageHeaders/?C=D%3BO%3DA HTTP/1.1" 200 426 "https://michelleapplebaum.com/clipart/pageHeaders?N=D" "Mozilla/5.0 (Linux; Android 7.0;) AppleWebKit/537.36 (KHTML, like Gecko) Mobile Safari/537.36 (compatible; PetalBot;+https://webmaster.petalsearch.com/site/petalbot)" "michelleapplebaum.com"
114.119.153.118 - - [18/Sep/2022:09:22:12 -0700] "GET /Survey/help/edit-questions.php HTTP/1.1" 200 9534 "https://michelleapplebaum.com/Survey/help/edit-survey.php" "Mozilla/5.0 (Linux; Android 7.0;) AppleWebKit/537.36 (KHTML, like Gecko) Mobile Safari/537.36 (compatible; PetalBot;+https://webmaster.petalsearch.com/site/petalbot)" "michelleapplebaum.com"
195.178.120.89 - - [18/Sep/2022:09:31:14 -0700] "GET /wp-admin/admin-post.php?local-download=../../../etc/passwd&local-destination-id=../../../etc/passwd HTTP/1.1" 404 88 "www.google.com" "Mozlila/5.0 (Linux; Android 7.0; SM-G892A Bulid/NRD90M; wv) AppleWebKit/537.36 (KHTML, like Gecko) Version/4.0 Chrome/60.0.3112.107 Moblie Safari/537.36" "michelleapplebaum.com"
114.119.153.131 - - [18/Sep/2022:09:38:16 -0700] "GET /clipart/backgrounds?C=N%3BO%3DD HTTP/1.1" 301 1427 "http://michelleapplebaum.com/clipart/backgrounds?C=S%3BO%3DA" "Mozilla/5.0 (Linux; Android 7.0;) AppleWebKit/537.36 (KHTML, like Gecko) Mobile Safari/537.36 (compatible; PetalBot;+https://webmaster.petalsearch.com/site/petalbot)" "michelleapplebaum.com"
114.119.153.131 - - [18/Sep/2022:09:38:18 -0700] "GET /clipart/backgrounds/?C=N%3BO%3DD HTTP/1.1" 200 402 "http://michelleapplebaum.com/clipart/backgrounds?C=S%3BO%3DA" "Mozilla/5.0 (Linux; Android 7.0;) AppleWebKit/537.36 (KHTML, like Gecko) Mobile Safari/537.36 (compatible; PetalBot;+https://webmaster.petalsearch.com/site/petalbot)" "michelleapplebaum.com"
207.46.13.43 - - [18/Sep/2022:09:40:35 -0700] "GET /navigation_bars/ HTTP/1.1" 200 497 "-" "Mozilla/5.0 (compatible; bingbot/2.0; +http://www.bing.com/bingbot.htm)" "michelleapplebaum.com"
216.244.66.242 - - [18/Sep/2022:09:43:19 -0700] "GET /robots.txt HTTP/1.1" 200 48 "-" "Mozilla/5.0 (compatible; DotBot/1.2; +https://opensiteexplorer.org/dotbot; help@moz.com)" "www.michelleapplebaum.com"
216.244.66.242 - - [18/Sep/2022:09:43:19 -0700] "GET /robots.txt HTTP/1.1" 200 48 "-" "Mozilla/5.0 (compatible; DotBot/1.2; +https://opensiteexplorer.org/dotbot; help@moz.com)" "michelleapplebaum.com"
93.159.230.88 - - [18/Sep/2022:09:54:27 -0700] "GET / HTTP/1.1" 200 782 "-" "Mozilla/5.0 (Windows NT 10.0; Win64; x64) AppleWebKit/537.36 (KHTML, like Gecko) Chrome/71.0.3578.98 Safari/537.36" "michelleapplebaum.com"
114.119.152.147 - - [18/Sep/2022:10:02:19 -0700] "GET /robots.txt HTTP/1.1" 200 64 "-" "Mozilla/5.0 (compatible;PetalBot;+https://webmaster.petalsearch.com/site/petalbot)" "www.michelleapplebaum.com"
216.244.66.242 - - [18/Sep/2022:10:37:04 -0700] "GET /robots.txt HTTP/1.1" 200 48 "-" "Mozilla/5.0 (compatible; DotBot/1.2; +https://opensiteexplorer.org/dotbot; help@moz.com)" "michelleapplebaum.com"
216.244.66.242 - - [18/Sep/2022:10:37:04 -0700] "GET /robots.txt HTTP/1.1" 200 48 "-" "Mozilla/5.0 (compatible; DotBot/1.2; +https://opensiteexplorer.org/dotbot; help@moz.com)" "www.michelleapplebaum.com"
157.90.177.215 - - [18/Sep/2022:10:39:21 -0700] "GET /robots.txt HTTP/1.1" 200 64 "-" "Mozilla/5.0 (compatible; BLEXBot/1.0; +http://webmeup-crawler.com/)" "www.michelleapplebaum.com"
157.90.177.215 - - [18/Sep/2022:10:39:22 -0700] "GET /clipart/backgrounds/?C=D;O=D HTTP/1.1" 200 400 "-" "Mozilla/5.0 (compatible; BLEXBot/1.0; +http://webmeup-crawler.com/)" "www.michelleapplebaum.com"
157.90.177.215 - - [18/Sep/2022:10:39:23 -0700] "GET /clipart/backgrounds/?C=M;O=D HTTP/1.1" 200 399 "-" "Mozilla/5.0 (compatible; BLEXBot/1.0; +http://webmeup-crawler.com/)" "www.michelleapplebaum.com"
157.90.177.215 - - [18/Sep/2022:10:39:30 -0700] "GET /clipart/backgrounds/?C=N;O=A HTTP/1.1" 200 402 "-" "Mozilla/5.0 (compatible; BLEXBot/1.0; +http://webmeup-crawler.com/)" "www.michelleapplebaum.com"
157.90.177.215 - - [18/Sep/2022:10:39:34 -0700] "GET /clipart/backgrounds/?C=S;O=D HTTP/1.1" 200 400 "-" "Mozilla/5.0 (compatible; BLEXBot/1.0; +http://webmeup-crawler.com/)" "www.michelleapplebaum.com"
157.90.177.215 - - [18/Sep/2022:10:39:37 -0700] "GET /clipart/backgrounds/fullpage/?C=D;O=A HTTP/1.1" 200 386 "-" "Mozilla/5.0 (compatible; BLEXBot/1.0; +http://webmeup-crawler.com/)" "www.michelleapplebaum.com"
157.90.177.215 - - [18/Sep/2022:10:39:46 -0700] "GET /clipart/backgrounds/fullpage/?C=M;O=A HTTP/1.1" 200 386 "-" "Mozilla/5.0 (compatible; BLEXBot/1.0; +http://webmeup-crawler.com/)" "www.michelleapplebaum.com"
157.90.177.215 - - [18/Sep/2022:10:39:58 -0700] "GET /clipart/backgrounds/fullpage/?C=N;O=D HTTP/1.1" 200 384 "-" "Mozilla/5.0 (compatible; BLEXBot/1.0; +http://webmeup-crawler.com/)" "www.michelleapplebaum.com"
157.90.177.215 - - [18/Sep/2022:10:40:01 -0700] "GET /clipart/backgrounds/fullpage/?C=S;O=A HTTP/1.1" 200 386 "-" "Mozilla/5.0 (compatible; BLEXBot/1.0; +http://webmeup-crawler.com/)" "www.michelleapplebaum.com"
157.90.177.215 - - [18/Sep/2022:10:40:03 -0700] "GET /clipart/backgrounds/sidebar/?C=D;O=A HTTP/1.1" 200 398 "-" "Mozilla/5.0 (compatible; BLEXBot/1.0; +http://webmeup-crawler.com/)" "www.michelleapplebaum.com"
157.90.177.215 - - [18/Sep/2022:10:40:08 -0700] "GET /clipart/backgrounds/sidebar/?C=M;O=A HTTP/1.1" 200 398 "-" "Mozilla/5.0 (compatible; BLEXBot/1.0; +http://webmeup-crawler.com/)" "www.michelleapplebaum.com"
157.90.177.215 - - [18/Sep/2022:10:40:11 -0700] "GET /clipart/backgrounds/sidebar/?C=N;O=D HTTP/1.1" 200 397 "-" "Mozilla/5.0 (compatible; BLEXBot/1.0; +http://webmeup-crawler.com/)" "www.michelleapplebaum.com"
157.90.177.215 - - [18/Sep/2022:10:40:14 -0700] "GET /clipart/backgrounds/sidebar/?C=S;O=A HTTP/1.1" 200 399 "-" "Mozilla/5.0 (compatible; BLEXBot/1.0; +http://webmeup-crawler.com/)" "www.michelleapplebaum.com"
157.90.177.215 - - [18/Sep/2022:10:40:18 -0700] "GET /clipart/backgrounds/tile/?C=D;O=A HTTP/1.1" 200 384 "-" "Mozilla/5.0 (compatible; BLEXBot/1.0; +http://webmeup-crawler.com/)" "www.michelleapplebaum.com"
157.90.177.215 - - [18/Sep/2022:10:40:22 -0700] "GET /clipart/backgrounds/tile/?C=M;O=A HTTP/1.1" 200 384 "-" "Mozilla/5.0 (compatible; BLEXBot/1.0; +http://webmeup-crawler.com/)" "www.michelleapplebaum.com"
157.90.177.215 - - [18/Sep/2022:10:40:28 -0700] "GET /clipart/backgrounds/tile/?C=N;O=D HTTP/1.1" 200 385 "-" "Mozilla/5.0 (compatible; BLEXBot/1.0; +http://webmeup-crawler.com/)" "www.michelleapplebaum.com"
157.90.177.215 - - [18/Sep/2022:10:40:32 -0700] "GET /clipart/backgrounds/tile/?C=S;O=A HTTP/1.1" 200 384 "-" "Mozilla/5.0 (compatible; BLEXBot/1.0; +http://webmeup-crawler.com/)" "www.michelleapplebaum.com"
157.90.177.215 - - [18/Sep/2022:10:40:34 -0700] "GET /clipart/buttons/?C=D;O=D HTTP/1.1" 200 355 "-" "Mozilla/5.0 (compatible; BLEXBot/1.0; +http://webmeup-crawler.com/)" "www.michelleapplebaum.com"
157.90.177.215 - - [18/Sep/2022:10:40:39 -0700] "GET /clipart/buttons/?C=M;O=D HTTP/1.1" 200 355 "-" "Mozilla/5.0 (compatible; BLEXBot/1.0; +http://webmeup-crawler.com/)" "www.michelleapplebaum.com"
157.90.177.215 - - [18/Sep/2022:10:40:43 -0700] "GET /clipart/buttons/?C=N;O=A HTTP/1.1" 200 356 "-" "Mozilla/5.0 (compatible; BLEXBot/1.0; +http://webmeup-crawler.com/)" "www.michelleapplebaum.com"
157.90.177.215 - - [18/Sep/2022:10:40:46 -0700] "GET /clipart/buttons/?C=S;O=D HTTP/1.1" 200 355 "-" "Mozilla/5.0 (compatible; BLEXBot/1.0; +http://webmeup-crawler.com/)" "www.michelleapplebaum.com"
157.90.177.215 - - [18/Sep/2022:10:40:50 -0700] "GET /clipart/buttons/themes/?C=D;O=A HTTP/1.1" 200 361 "-" "Mozilla/5.0 (compatible; BLEXBot/1.0; +http://webmeup-crawler.com/)" "www.michelleapplebaum.com"
157.90.177.215 - - [18/Sep/2022:10:40:52 -0700] "GET /clipart/buttons/themes/?C=M;O=A HTTP/1.1" 200 361 "-" "Mozilla/5.0 (compatible; BLEXBot/1.0; +http://webmeup-crawler.com/)" "www.michelleapplebaum.com"
157.90.177.215 - - [18/Sep/2022:10:40:55 -0700] "GET /clipart/buttons/themes/?C=N;O=D HTTP/1.1" 200 359 "-" "Mozilla/5.0 (compatible; BLEXBot/1.0; +http://webmeup-crawler.com/)" "www.michelleapplebaum.com"
157.90.177.215 - - [18/Sep/2022:10:40:59 -0700] "GET /clipart/buttons/themes/?C=S;O=A HTTP/1.1" 200 361 "-" "Mozilla/5.0 (compatible; BLEXBot/1.0; +http://webmeup-crawler.com/)" "www.michelleapplebaum.com"
157.90.177.215 - - [18/Sep/2022:10:41:03 -0700] "GET /clipart/buttons/themes/sleek/ HTTP/1.1" 200 413 "-" "Mozilla/5.0 (compatible; BLEXBot/1.0; +http://webmeup-crawler.com/)" "www.michelleapplebaum.com"
157.90.177.215 - - [18/Sep/2022:10:41:07 -0700] "GET /clipart/images/?C=D;O=D HTTP/1.1" 200 409 "-" "Mozilla/5.0 (compatible; BLEXBot/1.0; +http://webmeup-crawler.com/)" "www.michelleapplebaum.com"
157.90.177.215 - - [18/Sep/2022:10:41:08 -0700] "GET /clipart/images/?C=M;O=D HTTP/1.1" 200 410 "-" "Mozilla/5.0 (compatible; BLEXBot/1.0; +http://webmeup-crawler.com/)" "www.michelleapplebaum.com"
157.90.177.215 - - [18/Sep/2022:10:41:12 -0700] "GET /clipart/images/?C=N;O=A HTTP/1.1" 200 413 "-" "Mozilla/5.0 (compatible; BLEXBot/1.0; +http://webmeup-crawler.com/)" "www.michelleapplebaum.com"
157.90.177.215 - - [18/Sep/2022:10:41:15 -0700] "GET /clipart/images/?C=S;O=D HTTP/1.1" 200 410 "-" "Mozilla/5.0 (compatible; BLEXBot/1.0; +http://webmeup-crawler.com/)" "www.michelleapplebaum.com"
157.90.177.215 - - [18/Sep/2022:10:41:18 -0700] "GET /clipart/images/sidebars/?C=D;O=A HTTP/1.1" 200 389 "-" "Mozilla/5.0 (compatible; BLEXBot/1.0; +http://webmeup-crawler.com/)" "www.michelleapplebaum.com"
157.90.177.215 - - [18/Sep/2022:10:41:21 -0700] "GET /clipart/images/sidebars/?C=M;O=A HTTP/1.1" 200 389 "-" "Mozilla/5.0 (compatible; BLEXBot/1.0; +http://webmeup-crawler.com/)" "www.michelleapplebaum.com"
157.90.177.215 - - [18/Sep/2022:10:41:25 -0700] "GET /clipart/images/sidebars/?C=N;O=D HTTP/1.1" 200 387 "-" "Mozilla/5.0 (compatible; BLEXBot/1.0; +http://webmeup-crawler.com/)" "www.michelleapplebaum.com"
157.90.177.215 - - [18/Sep/2022:10:41:30 -0700] "GET /clipart/images/sidebars/?C=S;O=A HTTP/1.1" 200 389 "-" "Mozilla/5.0 (compatible; BLEXBot/1.0; +http://webmeup-crawler.com/)" "www.michelleapplebaum.com"
157.90.177.215 - - [18/Sep/2022:10:41:36 -0700] "GET /clipart/pageHeaders/?C=D;O=D HTTP/1.1" 200 424 "-" "Mozilla/5.0 (compatible; BLEXBot/1.0; +http://webmeup-crawler.com/)" "www.michelleapplebaum.com"
157.90.177.215 - - [18/Sep/2022:10:41:38 -0700] "GET /clipart/pageHeaders/?C=M;O=D HTTP/1.1" 200 424 "-" "Mozilla/5.0 (compatible; BLEXBot/1.0; +http://webmeup-crawler.com/)" "www.michelleapplebaum.com"
157.90.177.215 - - [18/Sep/2022:10:41:42 -0700] "GET /clipart/pageHeaders/?C=N;O=A HTTP/1.1" 200 426 "-" "Mozilla/5.0 (compatible; BLEXBot/1.0; +http://webmeup-crawler.com/)" "www.michelleapplebaum.com"
157.90.177.215 - - [18/Sep/2022:10:41:46 -0700] "GET /clipart/pageHeaders/?C=S;O=D HTTP/1.1" 200 424 "-" "Mozilla/5.0 (compatible; BLEXBot/1.0; +http://webmeup-crawler.com/)" "www.michelleapplebaum.com"
93.159.230.89 - - [18/Sep/2022:10:54:18 -0700] "GET / HTTP/1.1" 200 782 "-" "Mozilla/5.0 (Windows NT 10.0; Win64; x64) AppleWebKit/537.36 (KHTML, like Gecko) Chrome/71.0.3578.98 Safari/537.36" "michelleapplebaum.com"
70.36.251.188 - - [18/Sep/2022:11:13:59 -0700] "GET / HTTP/1.1" 200 782 "-" "Mozilla/5.0 (Windows NT 10.0; Win64; x64) AppleWebKit/537.36 (KHTML, like Gecko) Chrome/105.0.0.0 Safari/537.36" "michelleapplebaum.com"
70.36.251.188 - - [18/Sep/2022:11:14:07 -0700] "GET /B.html HTTP/1.1" 200 4332 "http://michelleapplebaum.com/" "Mozilla/5.0 (Windows NT 10.0; Win64; x64) AppleWebKit/537.36 (KHTML, like Gecko) Chrome/105.0.0.0 Safari/537.36" "michelleapplebaum.com"
70.36.251.188 - - [18/Sep/2022:11:14:07 -0700] "GET /clipart/images/metalMesh_biege.gif HTTP/1.1" 200 4431 "http://michelleapplebaum.com/B.html" "Mozilla/5.0 (Windows NT 10.0; Win64; x64) AppleWebKit/537.36 (KHTML, like Gecko) Chrome/105.0.0.0 Safari/537.36" "michelleapplebaum.com"
70.36.251.188 - - [18/Sep/2022:11:14:07 -0700] "GET /sitebuilder/images/Top_deskStockTicker-759x108.jpg HTTP/1.1" 200 9581 "http://michelleapplebaum.com/B.html" "Mozilla/5.0 (Windows NT 10.0; Win64; x64) AppleWebKit/537.36 (KHTML, like Gecko) Chrome/105.0.0.0 Safari/537.36" "michelleapplebaum.com"
70.36.251.188 - - [18/Sep/2022:11:14:07 -0700] "GET /sitebuilder/images/Home-5-inactive-71541.png HTTP/1.1" 200 555 "http://michelleapplebaum.com/B.html" "Mozilla/5.0 (Windows NT 10.0; Win64; x64) AppleWebKit/537.36 (KHTML, like Gecko) Chrome/105.0.0.0 Safari/537.36" "michelleapplebaum.com"
70.36.251.188 - - [18/Sep/2022:11:14:07 -0700] "GET /clipart/backgrounds/sidebar/lines_biegeWhiteBiege.gif HTTP/1.1" 200 227 "http://michelleapplebaum.com/B.html" "Mozilla/5.0 (Windows NT 10.0; Win64; x64) AppleWebKit/537.36 (KHTML, like Gecko) Chrome/105.0.0.0 Safari/537.36" "michelleapplebaum.com"
70.36.251.188 - - [18/Sep/2022:11:14:07 -0700] "GET /sitebuilder/images/Home-3-inactive-94812.png HTTP/1.1" 200 556 "http://michelleapplebaum.com/B.html" "Mozilla/5.0 (Windows NT 10.0; Win64; x64) AppleWebKit/537.36 (KHTML, like Gecko) Chrome/105.0.0.0 Safari/537.36" "michelleapplebaum.com"
70.36.251.188 - - [18/Sep/2022:11:14:07 -0700] "GET /sitebuilder/images/Home-1-inactive-94484.png HTTP/1.1" 200 432 "http://michelleapplebaum.com/B.html" "Mozilla/5.0 (Windows NT 10.0; Win64; x64) AppleWebKit/537.36 (KHTML, like Gecko) Chrome/105.0.0.0 Safari/537.36" "michelleapplebaum.com"
70.36.251.188 - - [18/Sep/2022:11:14:07 -0700] "GET /sitebuilder/images/Home-2-inactive-94625.png HTTP/1.1" 200 555 "http://michelleapplebaum.com/B.html" "Mozilla/5.0 (Windows NT 10.0; Win64; x64) AppleWebKit/537.36 (KHTML, like Gecko) Chrome/105.0.0.0 Safari/537.36" "michelleapplebaum.com"
70.36.251.188 - - [18/Sep/2022:11:14:07 -0700] "GET /sitebuilder/images/Home-6-inactive-00843.png HTTP/1.1" 200 488 "http://michelleapplebaum.com/B.html" "Mozilla/5.0 (Windows NT 10.0; Win64; x64) AppleWebKit/537.36 (KHTML, like Gecko) Chrome/105.0.0.0 Safari/537.36" "michelleapplebaum.com"
70.36.251.188 - - [18/Sep/2022:11:14:51 -0700] "GET /AdvisoryBoard.html HTTP/1.1" 404 88 "http://michelleapplebaum.com/B.html" "Mozilla/5.0 (Windows NT 10.0; Win64; x64) AppleWebKit/537.36 (KHTML, like Gecko) Chrome/105.0.0.0 Safari/537.36" "michelleapplebaum.com"
216.244.66.242 - - [18/Sep/2022:11:30:24 -0700] "GET /robots.txt HTTP/1.1" 200 48 "-" "Mozilla/5.0 (compatible; DotBot/1.2; +https://opensiteexplorer.org/dotbot; help@moz.com)" "michelleapplebaum.com"
216.244.66.242 - - [18/Sep/2022:11:30:24 -0700] "GET /robots.txt HTTP/1.1" 200 48 "-" "Mozilla/5.0 (compatible; DotBot/1.2; +https://opensiteexplorer.org/dotbot; help@moz.com)" "www.michelleapplebaum.com"
77.74.177.119 - - [18/Sep/2022:11:54:18 -0700] "GET / HTTP/1.1" 200 782 "-" "Mozilla/5.0 (Windows NT 10.0; Win64; x64) AppleWebKit/537.36 (KHTML, like Gecko) Chrome/71.0.3578.98 Safari/537.36" "michelleapplebaum.com"
194.38.20.161 - - [18/Sep/2022:12:25:41 -0700] "GET /wp-content/themes/optimizepress/lib/admin/media-upload.php HTTP/1.1" 404 73 "-" "ALittle Client" "michelleapplebaum.com"
93.159.230.83 - - [18/Sep/2022:12:54:35 -0700] "GET / HTTP/1.1" 200 782 "-" "Mozilla/5.0 (Windows NT 10.0; Win64; x64) AppleWebKit/537.36 (KHTML, like Gecko) Chrome/71.0.3578.98 Safari/537.36" "michelleapplebaum.com"
216.244.66.242 - - [18/Sep/2022:13:17:45 -0700] "GET /robots.txt HTTP/1.1" 200 48 "-" "Mozilla/5.0 (compatible; DotBot/1.2; +https://opensiteexplorer.org/dotbot; help@moz.com)" "www.michelleapplebaum.com"
216.244.66.242 - - [18/Sep/2022:13:17:45 -0700] "GET /robots.txt HTTP/1.1" 200 48 "-" "Mozilla/5.0 (compatible; DotBot/1.2; +https://opensiteexplorer.org/dotbot; help@moz.com)" "michelleapplebaum.com"
87.250.224.48 - - [18/Sep/2022:13:27:14 -0700] "GET /robots.txt HTTP/1.1" 200 48 "-" "Mozilla/5.0 (compatible; YandexBot/3.0; +http://yandex.com/bots)" "www.michelleapplebaum.com"
87.250.224.50 - - [18/Sep/2022:13:27:18 -0700] "GET /clipart/backgrounds/fullpage/ HTTP/1.1" 200 386 "-" "Mozilla/5.0 (compatible; YandexBot/3.0; +http://yandex.com/bots)" "www.michelleapplebaum.com"
216.244.66.242 - - [18/Sep/2022:14:07:50 -0700] "GET /robots.txt HTTP/1.1" 200 48 "-" "Mozilla/5.0 (compatible; DotBot/1.2; +https://opensiteexplorer.org/dotbot; help@moz.com)" "www.michelleapplebaum.com"
216.244.66.242 - - [18/Sep/2022:14:07:50 -0700] "GET /robots.txt HTTP/1.1" 200 48 "-" "Mozilla/5.0 (compatible; DotBot/1.2; +https://opensiteexplorer.org/dotbot; help@moz.com)" "michelleapplebaum.com"
114.119.153.11 - - [18/Sep/2022:14:44:09 -0700] "GET /Survey/help/manage-template.php HTTP/1.1" 200 3325 "https://www.michelleapplebaum.com/Survey/help/index.php" "Mozilla/5.0 (Linux; Android 7.0;) AppleWebKit/537.36 (KHTML, like Gecko) Mobile Safari/537.36 (compatible; PetalBot;+https://webmaster.petalsearch.com/site/petalbot)" "www.michelleapplebaum.com"
114.119.153.11 - - [18/Sep/2022:14:49:55 -0700] "GET /D.html HTTP/1.1" 200 4367 "http://michelleapplebaum.com/C.html" "Mozilla/5.0 (Linux; Android 7.0;) AppleWebKit/537.36 (KHTML, like Gecko) Mobile Safari/537.36 (compatible; PetalBot;+https://webmaster.petalsearch.com/site/petalbot)" "michelleapplebaum.com"
216.244.66.242 - - [18/Sep/2022:15:00:35 -0700] "GET /robots.txt HTTP/1.1" 200 48 "-" "Mozilla/5.0 (compatible; DotBot/1.2; +https://opensiteexplorer.org/dotbot; help@moz.com)" "michelleapplebaum.com"
216.244.66.242 - - [18/Sep/2022:15:00:35 -0700] "GET /robots.txt HTTP/1.1" 200 48 "-" "Mozilla/5.0 (compatible; DotBot/1.2; +https://opensiteexplorer.org/dotbot; help@moz.com)" "www.michelleapplebaum.com"
114.119.153.132 - - [18/Sep/2022:15:02:33 -0700] "GET /clipart/backgrounds/fullpage?D=A HTTP/1.1" 301 1427 "https://michelleapplebaum.com/clipart/backgrounds/fullpage?D=D" "Mozilla/5.0 (Linux; Android 7.0;) AppleWebKit/537.36 (KHTML, like Gecko) Mobile Safari/537.36 (compatible; PetalBot;+https://webmaster.petalsearch.com/site/petalbot)" "michelleapplebaum.com"
114.119.153.132 - - [18/Sep/2022:15:02:40 -0700] "GET /clipart/backgrounds/fullpage/?D=A HTTP/1.1" 200 386 "https://michelleapplebaum.com/clipart/backgrounds/fullpage?D=D" "Mozilla/5.0 (Linux; Android 7.0;) AppleWebKit/537.36 (KHTML, like Gecko) Mobile Safari/537.36 (compatible; PetalBot;+https://webmaster.petalsearch.com/site/petalbot)" "michelleapplebaum.com"
114.119.153.113 - - [18/Sep/2022:15:15:31 -0700] "GET /navigation_bars?C=M%3BO%3DA HTTP/1.1" 301 1429 "http://michelleapplebaum.com/navigation_bars?C=D%3BO%3DA" "Mozilla/5.0 (Linux; Android 7.0;) AppleWebKit/537.36 (KHTML, like Gecko) Mobile Safari/537.36 (compatible; PetalBot;+https://webmaster.petalsearch.com/site/petalbot)" "michelleapplebaum.com"
114.119.153.113 - - [18/Sep/2022:15:15:38 -0700] "GET /navigation_bars/?C=M%3BO%3DA HTTP/1.1" 200 497 "http://michelleapplebaum.com/navigation_bars?C=D%3BO%3DA" "Mozilla/5.0 (Linux; Android 7.0;) AppleWebKit/537.36 (KHTML, like Gecko) Mobile Safari/537.36 (compatible; PetalBot;+https://webmaster.petalsearch.com/site/petalbot)" "michelleapplebaum.com"
114.119.153.113 - - [18/Sep/2022:15:20:16 -0700] "GET /navigation_bars?C=D%3BO%3DA HTTP/1.1" 301 1433 "http://michelleapplebaum.com/navigation_bars?S=A" "Mozilla/5.0 (Linux; Android 7.0;) AppleWebKit/537.36 (KHTML, like Gecko) Mobile Safari/537.36 (compatible; PetalBot;+https://webmaster.petalsearch.com/site/petalbot)" "michelleapplebaum.com"
114.119.153.113 - - [18/Sep/2022:15:20:26 -0700] "GET /navigation_bars/?C=D%3BO%3DA HTTP/1.1" 200 497 "http://michelleapplebaum.com/navigation_bars?S=A" "Mozilla/5.0 (Linux; Android 7.0;) AppleWebKit/537.36 (KHTML, like Gecko) Mobile Safari/537.36 (compatible; PetalBot;+https://webmaster.petalsearch.com/site/petalbot)" "michelleapplebaum.com"
114.119.153.132 - - [18/Sep/2022:15:25:32 -0700] "GET /clipart/backgrounds/tile/?C=M%3BO%3DA HTTP/1.1" 200 384 "http://michelleapplebaum.com/clipart/backgrounds/tile/" "Mozilla/5.0 (Linux; Android 7.0;) AppleWebKit/537.36 (KHTML, like Gecko) Mobile Safari/537.36 (compatible; PetalBot;+https://webmaster.petalsearch.com/site/petalbot)" "michelleapplebaum.com"
114.119.153.131 - - [18/Sep/2022:15:43:47 -0700] "GET /Survey HTTP/1.1" 301 1410 "https://michelleapplebaum.com" "Mozilla/5.0 (Linux; Android 7.0;) AppleWebKit/537.36 (KHTML, like Gecko) Mobile Safari/537.36 (compatible; PetalBot;+https://webmaster.petalsearch.com/site/petalbot)" "michelleapplebaum.com"
114.119.153.131 - - [18/Sep/2022:15:43:52 -0700] "GET /Survey/ HTTP/1.1" 200 2015 "https://michelleapplebaum.com" "Mozilla/5.0 (Linux; Android 7.0;) AppleWebKit/537.36 (KHTML, like Gecko) Mobile Safari/537.36 (compatible; PetalBot;+https://webmaster.petalsearch.com/site/petalbot)" "michelleapplebaum.com"
216.244.66.242 - - [18/Sep/2022:15:51:46 -0700] "GET /robots.txt HTTP/1.1" 200 48 "-" "Mozilla/5.0 (compatible; DotBot/1.2; +https://opensiteexplorer.org/dotbot; help@moz.com)" "www.michelleapplebaum.com"
216.244.66.242 - - [18/Sep/2022:15:51:46 -0700] "GET /robots.txt HTTP/1.1" 200 48 "-" "Mozilla/5.0 (compatible; DotBot/1.2; +https://opensiteexplorer.org/dotbot; help@moz.com)" "michelleapplebaum.com"
120.245.61.109 - - [18/Sep/2022:15:53:01 -0700] "GET /robots.txt HTTP/1.1" 200 64 "-" "Mozilla/5.0 (Windows NT 10.0; Win64; x64) AppleWebKit/537.36 (KHTML, like Gecko) Chrome/92.0.4515.159 Safari/537.36" "michelleapplebaum.com"
51.15.183.168 - - [18/Sep/2022:15:57:01 -0700] "GET /FCKeditor/editor/filemanager/browser/default/connectors/php/connector.php?Command=GetFoldersAndFiles&Type=File&CurrentFolder=%2F HTTP/1.1" 404 73 "-" "Mozilla/5.0 (Windows NT 6.3; Win64; x64) AppleWebKit/537.36 (KHTML, like Gecko) Chrome/75.0.3770.100 Safari/537.36" "michelleapplebaum.com"
13.68.190.201 - - [18/Sep/2022:16:09:14 -0700] "GET /images/Thumbs.db HTTP/1.1" 200 22528 "-" "Mozilla/5.0 (Windows NT 10.0; Win64; x64) AppleWebKit/537.36 (KHTML, like Gecko) Chrome/86.0.4240.75 Safari/537.36" "www.michelleapplebaum.com"
114.119.153.11 - - [18/Sep/2022:16:12:11 -0700] "GET /applets?N=D HTTP/1.1" 301 1412 "http://michelleapplebaum.com/applets/" "Mozilla/5.0 (Linux; Android 7.0;) AppleWebKit/537.36 (KHTML, like Gecko) Mobile Safari/537.36 (compatible; PetalBot;+https://webmaster.petalsearch.com/site/petalbot)" "michelleapplebaum.com"
114.119.153.11 - - [18/Sep/2022:16:12:17 -0700] "GET /applets/?N=D HTTP/1.1" 200 368 "http://michelleapplebaum.com/applets/" "Mozilla/5.0 (Linux; Android 7.0;) AppleWebKit/537.36 (KHTML, like Gecko) Mobile Safari/537.36 (compatible; PetalBot;+https://webmaster.petalsearch.com/site/petalbot)" "michelleapplebaum.com"
114.119.153.118 - - [18/Sep/2022:16:17:54 -0700] "GET /applets/ HTTP/1.1" 200 368 "http://michelleapplebaum.com/?C=M%3BO%3DA" "Mozilla/5.0 (Linux; Android 7.0;) AppleWebKit/537.36 (KHTML, like Gecko) Mobile Safari/537.36 (compatible; PetalBot;+https://webmaster.petalsearch.com/site/petalbot)" "michelleapplebaum.com"
114.119.153.131 - - [18/Sep/2022:16:23:22 -0700] "GET /clipart/buttons/?C=S%3BO%3DA HTTP/1.1" 200 356 "http://www.michelleapplebaum.com/clipart/buttons?C=M%3BO%3DA" "Mozilla/5.0 (Linux; Android 7.0;) AppleWebKit/537.36 (KHTML, like Gecko) Mobile Safari/537.36 (compatible; PetalBot;+https://webmaster.petalsearch.com/site/petalbot)" "www.michelleapplebaum.com"
114.119.153.11 - - [18/Sep/2022:16:28:02 -0700] "GET /navigation_bars/ HTTP/1.1" 200 497 "http://michelleapplebaum.com/?C=M%3BO%3DA" "Mozilla/5.0 (Linux; Android 7.0;) AppleWebKit/537.36 (KHTML, like Gecko) Mobile Safari/537.36 (compatible; PetalBot;+https://webmaster.petalsearch.com/site/petalbot)" "michelleapplebaum.com"
216.244.66.242 - - [18/Sep/2022:16:40:24 -0700] "GET /robots.txt HTTP/1.1" 200 48 "-" "Mozilla/5.0 (compatible; DotBot/1.2; +https://opensiteexplorer.org/dotbot; help@moz.com)" "www.michelleapplebaum.com"
114.119.153.11 - - [18/Sep/2022:17:08:26 -0700] "GET /?C=D%3BO%3DA HTTP/1.1" 200 782 "http://www.michelleapplebaum.com?C=N%3BO%3DD" "Mozilla/5.0 (Linux; Android 7.0;) AppleWebKit/537.36 (KHTML, like Gecko) Mobile Safari/537.36 (compatible; PetalBot;+https://webmaster.petalsearch.com/site/petalbot)" "www.michelleapplebaum.com"
114.119.153.118 - - [18/Sep/2022:17:14:20 -0700] "GET /clipart/buttons/themes?C=N%3BO%3DD HTTP/1.1" 301 1434 "https://michelleapplebaum.com/clipart/buttons/themes" "Mozilla/5.0 (Linux; Android 7.0;) AppleWebKit/537.36 (KHTML, like Gecko) Mobile Safari/537.36 (compatible; PetalBot;+https://webmaster.petalsearch.com/site/petalbot)" "michelleapplebaum.com"
114.119.153.118 - - [18/Sep/2022:17:14:32 -0700] "GET /clipart/buttons/themes/?C=N%3BO%3DD HTTP/1.1" 200 361 "https://michelleapplebaum.com/clipart/buttons/themes" "Mozilla/5.0 (Linux; Android 7.0;) AppleWebKit/537.36 (KHTML, like Gecko) Mobile Safari/537.36 (compatible; PetalBot;+https://webmaster.petalsearch.com/site/petalbot)" "michelleapplebaum.com"
114.119.153.113 - - [18/Sep/2022:17:20:58 -0700] "GET /L.html HTTP/1.1" 200 3403 "http://michelleapplebaum.com/C.html" "Mozilla/5.0 (Linux; Android 7.0;) AppleWebKit/537.36 (KHTML, like Gecko) Mobile Safari/537.36 (compatible; PetalBot;+https://webmaster.petalsearch.com/site/petalbot)" "michelleapplebaum.com"
216.244.66.242 - - [18/Sep/2022:17:31:42 -0700] "GET /robots.txt HTTP/1.1" 200 48 "-" "Mozilla/5.0 (compatible; DotBot/1.2; +https://opensiteexplorer.org/dotbot; help@moz.com)" "www.michelleapplebaum.com"
216.244.66.242 - - [18/Sep/2022:17:31:42 -0700] "GET /robots.txt HTTP/1.1" 200 48 "-" "Mozilla/5.0 (compatible; DotBot/1.2; +https://opensiteexplorer.org/dotbot; help@moz.com)" "michelleapplebaum.com"
114.119.153.113 - - [18/Sep/2022:17:49:54 -0700] "GET /clipart/images/sidebars/?C=D%3BO%3DA HTTP/1.1" 200 389 "https://michelleapplebaum.com/clipart/images/sidebars?N=A" "Mozilla/5.0 (Linux; Android 7.0;) AppleWebKit/537.36 (KHTML, like Gecko) Mobile Safari/537.36 (compatible; PetalBot;+https://webmaster.petalsearch.com/site/petalbot)" "michelleapplebaum.com"
114.119.153.118 - - [18/Sep/2022:18:19:23 -0700] "GET /robots.txt HTTP/1.1" 200 64 "https://www.michelleapplebaum.com/?C=D%3BO%3DA" "Mozilla/5.0 (Linux; Android 7.0;) AppleWebKit/537.36 (KHTML, like Gecko) Mobile Safari/537.36 (compatible; PetalBot;+https://webmaster.petalsearch.com/site/petalbot)" "www.michelleapplebaum.com"
216.244.66.242 - - [18/Sep/2022:18:24:01 -0700] "GET /robots.txt HTTP/1.1" 200 48 "-" "Mozilla/5.0 (compatible; DotBot/1.2; +https://opensiteexplorer.org/dotbot; help@moz.com)" "michelleapplebaum.com"
216.244.66.242 - - [18/Sep/2022:18:24:01 -0700] "GET /robots.txt HTTP/1.1" 200 48 "-" "Mozilla/5.0 (compatible; DotBot/1.2; +https://opensiteexplorer.org/dotbot; help@moz.com)" "www.michelleapplebaum.com"
77.75.79.31 - - [18/Sep/2022:19:05:42 -0700] "GET /robots.txt HTTP/1.1" 200 64 "-" "Mozilla/5.0 (compatible; SeznamBot/4.0-RC1; +http://napoveda.seznam.cz/seznambot-intro/)" "michelleapplebaum.com"
77.75.72.26 - - [18/Sep/2022:19:05:42 -0700] "GET /E.html HTTP/1.1" 304 - "-" "Mozilla/5.0 (compatible; SeznamBot/4.0-RC1; +http://napoveda.seznam.cz/seznambot-intro/)" "michelleapplebaum.com"
123.125.109.141 - - [18/Sep/2022:19:06:42 -0700] "GET /robots.txt HTTP/1.1" 200 64 "-" "Sogou web spider/4.0(+http://www.sogou.com/docs/help/webmasters.htm#07)" "www.michelleapplebaum.com"
216.244.66.242 - - [18/Sep/2022:19:17:26 -0700] "GET /robots.txt HTTP/1.1" 200 48 "-" "Mozilla/5.0 (compatible; DotBot/1.2; +https://opensiteexplorer.org/dotbot; help@moz.com)" "michelleapplebaum.com"
216.244.66.242 - - [18/Sep/2022:19:17:26 -0700] "GET /robots.txt HTTP/1.1" 200 48 "-" "Mozilla/5.0 (compatible; DotBot/1.2; +https://opensiteexplorer.org/dotbot; help@moz.com)" "www.michelleapplebaum.com"
123.125.109.88 - - [18/Sep/2022:20:09:54 -0700] "GET / HTTP/1.1" 200 782 "-" "Sogou web spider/4.0(+http://www.sogou.com/docs/help/webmasters.htm#07)" "michelleapplebaum.com"
216.244.66.242 - - [18/Sep/2022:20:10:36 -0700] "GET /robots.txt HTTP/1.1" 200 48 "-" "Mozilla/5.0 (compatible; DotBot/1.2; +https://opensiteexplorer.org/dotbot; help@moz.com)" "www.michelleapplebaum.com"
216.244.66.242 - - [18/Sep/2022:20:10:36 -0700] "GET /robots.txt HTTP/1.1" 200 48 "-" "Mozilla/5.0 (compatible; DotBot/1.2; +https://opensiteexplorer.org/dotbot; help@moz.com)" "michelleapplebaum.com"
123.183.224.71 - - [18/Sep/2022:20:45:28 -0700] "GET / HTTP/1.1" 200 782 "-" "Sogou web spider/4.0(+http://www.sogou.com/docs/help/webmasters.htm#07)" "www.michelleapplebaum.com"
216.244.66.242 - - [18/Sep/2022:21:03:28 -0700] "GET /robots.txt HTTP/1.1" 200 48 "-" "Mozilla/5.0 (compatible; DotBot/1.2; +https://opensiteexplorer.org/dotbot; help@moz.com)" "www.michelleapplebaum.com"
216.244.66.242 - - [18/Sep/2022:21:03:28 -0700] "GET /robots.txt HTTP/1.1" 200 48 "-" "Mozilla/5.0 (compatible; DotBot/1.2; +https://opensiteexplorer.org/dotbot; help@moz.com)" "michelleapplebaum.com"
114.119.153.131 - - [18/Sep/2022:21:26:34 -0700] "GET /clipart/backgrounds/sidebar/?C=S%3BO%3DA HTTP/1.1" 200 398 "https://michelleapplebaum.com/clipart/backgrounds/sidebar?M=A" "Mozilla/5.0 (Linux; Android 7.0;) AppleWebKit/537.36 (KHTML, like Gecko) Mobile Safari/537.36 (compatible; PetalBot;+https://webmaster.petalsearch.com/site/petalbot)" "michelleapplebaum.com"
42.200.228.33 - - [18/Sep/2022:21:37:23 -0700] "GET /robots.txt HTTP/1.1" 200 48 "-" "Mozilla/5.0 (compatible; MJ12bot/v1.4.8; http://mj12bot.com/)" "michelleapplebaum.com"
42.200.228.33 - - [18/Sep/2022:21:37:25 -0700] "GET /B.html HTTP/1.1" 200 4332 "-" "Mozilla/5.0 (compatible; MJ12bot/v1.4.8; http://mj12bot.com/)" "michelleapplebaum.com"
42.200.228.33 - - [18/Sep/2022:21:37:27 -0700] "GET /C.html HTTP/1.1" 200 6141 "-" "Mozilla/5.0 (compatible; MJ12bot/v1.4.8; http://mj12bot.com/)" "michelleapplebaum.com"
42.200.228.33 - - [18/Sep/2022:21:37:28 -0700] "GET /D.html HTTP/1.1" 200 4367 "-" "Mozilla/5.0 (compatible; MJ12bot/v1.4.8; http://mj12bot.com/)" "michelleapplebaum.com"
42.200.228.33 - - [18/Sep/2022:21:37:30 -0700] "GET /E.html HTTP/1.1" 200 3180 "-" "Mozilla/5.0 (compatible; MJ12bot/v1.4.8; http://mj12bot.com/)" "michelleapplebaum.com"
42.200.228.33 - - [18/Sep/2022:21:37:32 -0700] "GET /F.html HTTP/1.1" 200 4620 "-" "Mozilla/5.0 (compatible; MJ12bot/v1.4.8; http://mj12bot.com/)" "michelleapplebaum.com"
42.200.228.33 - - [18/Sep/2022:21:37:34 -0700] "GET /G.html HTTP/1.1" 200 3404 "-" "Mozilla/5.0 (compatible; MJ12bot/v1.4.8; http://mj12bot.com/)" "michelleapplebaum.com"
